--
-- Host: 10.0.20.5    Database: espresso_crm
-- ------------------------------------------------------


--
-- Table structure for table `config_host_headers`
--

CREATE TABLE `config_host_headers` (
  `pid` bigint(20) unsigned NOT NULL DEFAULT '0',
  `host_header` varchar(100) NOT NULL DEFAULT '',
  PRIMARY KEY (`host_header`)
) ENGINE=MyISAM DEFAULT CHARSET=utf8;

--
-- Dumping data for table `config_host_headers`
--

INSERT INTO `config_host_headers` (`pid`, `host_header`) VALUES (1015,'crm.espresso-reklam.eu'),(1015,'crm-espresso-reklam-eu.localhost');

--
-- Table structure for table `config_name`
--

CREATE TABLE `config_name` (
  `id` bigint(20) unsigned NOT NULL,
  `name` varchar(100) NOT NULL DEFAULT '',
  `is_default` tinyint(1) unsigned NOT NULL DEFAULT '0',
  PRIMARY KEY (`id`)
) ENGINE=MyISAM DEFAULT CHARSET=utf8;

--
-- Dumping data for table `config_name`
--

INSERT INTO `config_name` (`id`, `name`, `is_default`) VALUES (1015,'main',0);

--
-- Table structure for table `content`
--

CREATE TABLE `content` (
  `ID` bigint(20) unsigned NOT NULL DEFAULT '0',
  `ID_CATEGORY` bigint(20) unsigned NOT NULL DEFAULT '0',
  `OWNER_ID` bigint(20) unsigned NOT NULL DEFAULT '0',
  `CREATE_DATE` timestamp NOT NULL DEFAULT CURRENT_TIMESTAMP ON UPDATE CURRENT_TIMESTAMP,
  `CODE` varchar(32) NOT NULL DEFAULT '',
  `CHILD_CODE` varchar(32) DEFAULT NULL,
  `ON_TOP` int(11) DEFAULT NULL,
  `STAT` tinyint(4) NOT NULL DEFAULT '0',
  `TITLE` varchar(500) NOT NULL DEFAULT '',
  `CONTENT_DATE` datetime NOT NULL DEFAULT '0000-00-00 00:00:00',
  `SHOW_IN_MENU` tinyint(3) unsigned NOT NULL DEFAULT '1',
  `SHOW_IN_MENU_FOR_AUTH` tinyint(1) unsigned NOT NULL DEFAULT '1',
  `DISPLAY_IF_IN_FUTURE` tinyint(1) unsigned NOT NULL DEFAULT '0',
  `CHANGER_ID` bigint(20) unsigned NOT NULL DEFAULT '1',
  `ORDER_BY` varchar(64) NOT NULL DEFAULT 'is_folder desc, id',
  `GROUP_ID` bigint(20) unsigned NOT NULL DEFAULT '6',
  `PERMISSION` int(11) unsigned NOT NULL DEFAULT '0',
  `IS_FOLDER` tinyint(4) NOT NULL DEFAULT '1',
  `ANNOUNCE` varchar(1024) NOT NULL DEFAULT '',
  `TEXT` mediumtext,
  `EXTRA_FIELDS` text,
  `EXTRA_FILES` text,
  `META_TITLE` varchar(200) NOT NULL DEFAULT '',
  `META_DESCRIPTION` varchar(200) NOT NULL DEFAULT '',
  `META_KEYWORDS` varchar(200) NOT NULL DEFAULT '',
  `TO_DO` varchar(40) DEFAULT NULL,
  PRIMARY KEY (`ID`),
  KEY `i_id_category` (`ID_CATEGORY`),
  KEY `i_order_by` (`ORDER_BY`),
  KEY `k_folder` (`STAT`,`IS_FOLDER`),
  KEY `i_stat` (`STAT`),
  KEY `i_pid_stat` (`ID_CATEGORY`,`STAT`),
  FULLTEXT KEY `i_full` (`TITLE`,`TEXT`,`ANNOUNCE`)
) ENGINE=MyISAM DEFAULT CHARSET=utf8;

--
-- Dumping data for table `content`
--

INSERT INTO `content` (`ID`, `ID_CATEGORY`, `OWNER_ID`, `CREATE_DATE`, `CODE`, `CHILD_CODE`, `ON_TOP`, `STAT`, `TITLE`, `CONTENT_DATE`, `SHOW_IN_MENU`, `SHOW_IN_MENU_FOR_AUTH`, `DISPLAY_IF_IN_FUTURE`, `CHANGER_ID`, `ORDER_BY`, `GROUP_ID`, `PERMISSION`, `IS_FOLDER`, `ANNOUNCE`, `TEXT`, `EXTRA_FIELDS`, `EXTRA_FILES`, `META_TITLE`, `META_DESCRIPTION`, `META_KEYWORDS`, `TO_DO`) VALUES (1,0,1,'2017-12-25 22:50:15','','#id#',0,1,'Espresso CRM','2017-12-25 21:35:10',0,1,0,1,'is_folder desc, my_order desc, id',6,0,1,'','','[]','[]','','','',''),(2,1,1,'2017-12-25 18:47:11','admin','#id#',0,1,'Admin','2017-12-25 21:47:45',0,1,0,1,'id',4,1,0,'','','[{\"TOPF\":[\"top\",\"1\"]}]','[]','','','',''),(4,2,1,'2017-02-18 21:31:04','users','#id#',0,1,'Users','0000-00-00 00:00:00',0,1,0,1,'id',6,1,1,'','','[]','[]','','','','UsersAdmin'),(3,2,1,'2008-01-27 19:12:09','cms','#id#',0,1,'CMS','0000-00-00 00:00:00',0,1,0,39,'id',6,1,1,'','text ','a:0:{}','a:0:{}','','','','CMS'),(5,1,1,'2017-12-25 18:47:19','error404','#id#',0,1,'Page Not Found','2017-12-25 21:47:54',0,1,0,1,'id',6,0,0,'','<p>The page not found. There is no Internet, it is honey, only very bad.</p>\r\n','[]','[]','','','',''),(6,1,1,'2017-01-12 13:16:54','auth','#id#',0,1,'Auth','2007-07-10 16:38:55',0,1,0,1,'is_folder desc, my_order desc, id',4,0,0,'','','[]','[]','','','','Config'),(7,2,1,'2017-02-18 21:31:15','groups','#id#',0,1,'User groups','2007-07-11 11:46:13',0,1,0,1,'id',6,1,1,'','','[]','[]','','','','GroupsAdmin'),(8,3,1,'2008-08-01 15:18:27','constrain','#id#',0,1,'Привязка одного документа к другому','2008-08-01 19:14:31',0,1,0,1,'id',6,1,0,'','','a:0:{}','a:0:{}','','','','ConstrainedContentAdmin'),(9,2,1,'2017-02-18 21:31:31','config','#id#',0,1,'Sites configuration','2008-12-14 17:22:36',0,1,0,1,'id',4,1,1,'','','[{\"TOPF\":[\"top\",\"\"]}]','[]','','','','Config'),(10,2,1,'2008-12-17 12:01:30','files','#id#',0,1,'Файловый менеджер','2008-12-16 18:14:23',0,1,0,1,'id',6,1,0,'','','a:1:{i:0;a:1:{s:4:\"TOPF\";a:2:{i:0;s:3:\"top\";i:1;s:0:\"\";}}}','a:0:{}','','','','FileManager'),(11,2,1,'2014-06-15 11:12:40','media','#id#',0,1,'Медиа','2014-06-15 15:12:12',1,1,0,1,'id',6,1,0,'','','a:1:{i:0;a:1:{s:4:\"TOPF\";a:2:{i:0;s:3:\"top\";i:1;s:0:\"\";}}}','a:0:{}','','','','Media(admin)'),(1003,1,1,'2017-12-31 15:42:57','customers','#id#',0,1,'Customers','2017-12-25 22:54:36',1,1,0,1,'is_folder desc, my_order desc, id',6,1,1,'','',NULL,NULL,'','','','CustomerController'),(1005,1,1,'2017-12-31 15:43:06','projects','#id#',0,1,'Projects','2017-12-25 22:55:10',1,1,0,1,'is_folder desc, my_order desc, id',6,1,1,'','',NULL,NULL,'','','','ProjectController'),(1007,1,1,'2017-12-31 15:43:12','banks','#id#',0,1,'Banks','2017-12-25 22:55:40',1,1,0,1,'is_folder desc, my_order desc, id',6,1,1,'','',NULL,NULL,'','','','BankController'),(1009,1,1,'2017-12-31 15:51:28','subcontractors','#id#',0,1,'Subcontractors','2017-12-25 22:55:49',1,1,1,1,'is_folder desc, my_order desc, id',6,1,1,'','',NULL,NULL,'','','','SubcontractorController'),(1051,1,1,'2017-12-31 15:43:27','documents','#id#',0,1,'Documents','2017-12-28 12:14:57',0,0,0,1,'is_folder desc, my_order desc, id',6,1,1,'','',NULL,NULL,'','','',''),(1053,1051,1,'2018-01-02 13:30:59','in','#id#',0,1,'Incomes','2017-12-28 12:15:48',0,1,0,1,'is_folder desc, my_order desc, id',6,1,1,'','',NULL,NULL,'','','','DocumentController(type=1)'),(1055,1051,1,'2018-01-02 13:31:05','out','#id#',0,1,'Expenses','2017-12-28 12:16:06',0,1,0,1,'is_folder desc, my_order desc, id',6,1,1,'','',NULL,NULL,'','','','DocumentController(type=0)'),(1057,1,1,'2017-12-28 09:42:56','api','#id#',0,1,'API','2017-12-28 12:41:13',1,1,0,1,'is_folder desc, my_order desc, id',6,1,0,'','',NULL,NULL,'','','','ServiceController');

--
-- Table structure for table `content_constraint`
--

CREATE TABLE `content_constraint` (
  `master_id` bigint(20) unsigned NOT NULL DEFAULT '0',
  `slave_id` bigint(20) unsigned NOT NULL DEFAULT '0',
  `INT_PATH` varchar(255) DEFAULT '',
  `TEXT_PATH` varchar(255) DEFAULT '',
  `TEXT_PATH_HASH` int(11) unsigned DEFAULT '0',
  `MY_ORDER` int(11) DEFAULT '0',
  `IS_REF` tinyint(1) unsigned DEFAULT '0',
  PRIMARY KEY (`master_id`,`slave_id`),
  KEY `i_slave_id` (`slave_id`),
  KEY `i_path_hash` (`TEXT_PATH_HASH`)
) ENGINE=MyISAM DEFAULT CHARSET=utf8;

--
-- Dumping data for table `content_constraint`
--

INSERT INTO `content_constraint` (`master_id`, `slave_id`, `INT_PATH`, `TEXT_PATH`, `TEXT_PATH_HASH`, `MY_ORDER`, `IS_REF`) VALUES (0,1,'1','/',2043925204,0,0),(1,2,'2,1','/admin',152366123,0,0),(2,4,'4,2,1','/admin/users',3313262808,0,0),(2,3,'3,2,1','/admin/cms',174214763,0,0),(1,5,'5,1','/error404',429104458,0,0),(1,6,'6,1','/auth',1546199181,0,0),(2,7,'7,2,1','/admin/groups',2707605135,0,0),(3,8,'8,3,2,1','/admin/cms/constrain',4100701102,0,0),(2,9,'9,2,1','/admin/config',2240139395,0,0),(2,10,'10,2,1','/admin/files',3620373864,0,0),(2,11,'11,2,1','/admin/media',3151193149,0,0),(1,1003,'1003,1','/customers',3649464996,0,0),(1,1005,'1005,1','/projects',2196780305,0,0),(1,1007,'1007,1','/banks',706533067,0,0),(1,1009,'1009,1','/subcontractors',3193810854,0,0),(1,1051,'1051,1','/documents',426071565,0,0),(1051,1053,'1053,1051,1','/documents/in',193247281,0,0),(1051,1055,'1055,1051,1','/documents/out',2030332162,0,0),(1,1057,'1057,1','/api',2337366377,0,0);

--
-- Table structure for table `content_lang`
--

CREATE TABLE `content_lang` (
  `ID` bigint(20) unsigned NOT NULL DEFAULT '0',
  `LANG_ID` varchar(3) NOT NULL DEFAULT '',
  `TITLE` varchar(255) NOT NULL DEFAULT '',
  `ANNOUNCE` text NOT NULL,
  `TEXT` mediumtext NOT NULL,
  PRIMARY KEY (`ID`,`LANG_ID`)
) ENGINE=MyISAM DEFAULT CHARSET=utf8;

--
-- Dumping data for table `content_lang`
--


--
-- Table structure for table `content_tag`
--

CREATE TABLE `content_tag` (
  `content_id` bigint(20) unsigned NOT NULL DEFAULT '0',
  `tag_id` bigint(20) unsigned NOT NULL DEFAULT '0',
  KEY `i_cid` (`content_id`),
  KEY `i_tid` (`tag_id`)
) ENGINE=MyISAM DEFAULT CHARSET=utf8;

--
-- Dumping data for table `content_tag`
--


--
-- Table structure for table `crm_bank`
--

CREATE TABLE `crm_bank` (
  `id` bigint(20) unsigned NOT NULL DEFAULT '0',
  `user_id` bigint(20) unsigned NOT NULL DEFAULT '0',
  `title` varchar(255) NOT NULL DEFAULT '',
  `description` text NOT NULL,
  `create_at` datetime NOT NULL,
  `update_at` timestamp NOT NULL DEFAULT CURRENT_TIMESTAMP,
  `status` int(10) unsigned NOT NULL DEFAULT '0',
  PRIMARY KEY (`id`),
  KEY `user_id` (`user_id`),
  KEY `create_at` (`create_at`)
) ENGINE=InnoDB DEFAULT CHARSET=utf8;

--
-- Dumping data for table `crm_bank`
--

INSERT INTO `crm_bank` (`id`, `user_id`, `title`, `description`, `create_at`, `update_at`, `status`) VALUES (1045,1,'test bank','test description','2017-12-26 13:01:38','2017-12-26 10:01:38',1),(1187,1177,'ING','','2018-01-01 15:18:53','2018-01-01 13:24:50',1),(1189,1177,'DSKdirect','','2018-01-01 15:19:22','2018-01-01 13:25:18',1);

--
-- Table structure for table `crm_customer`
--

CREATE TABLE `crm_customer` (
  `id` bigint(20) unsigned NOT NULL DEFAULT '0',
  `user_id` bigint(20) unsigned NOT NULL DEFAULT '0',
  `title` varchar(255) NOT NULL DEFAULT '',
  `description` text,
  `contact_name` varchar(120) NOT NULL DEFAULT '',
  `contact_phone` varchar(32) NOT NULL DEFAULT '',
  `contact_fax` varchar(32) NOT NULL DEFAULT '',
  `contact_email` varchar(255) NOT NULL DEFAULT '',
  `postal_code` varchar(10) NOT NULL DEFAULT '',
  `city` varchar(255) NOT NULL DEFAULT '',
  `address` varchar(255) NOT NULL DEFAULT '',
  `create_at` datetime NOT NULL,
  `update_at` timestamp NOT NULL DEFAULT CURRENT_TIMESTAMP,
  `status` int(11) NOT NULL DEFAULT '0',
  PRIMARY KEY (`id`),
  KEY `user_id` (`user_id`),
  KEY `create_at` (`create_at`)
) ENGINE=InnoDB DEFAULT CHARSET=utf8;

--
-- Dumping data for table `crm_customer`
--

INSERT INTO `crm_customer` (`id`, `user_id`, `title`, `description`, `contact_name`, `contact_phone`, `contact_fax`, `contact_email`, `postal_code`, `city`, `address`, `create_at`, `update_at`, `status`) VALUES (1029,1,'test customer','ssssssssssssssssssss11','','','','sdfsdfsdf@sdfsdf.sdf','','','','2017-12-26 12:03:03','2017-12-26 09:57:36',1),(1049,1,'another test customer','','','','','','','','','2017-12-26 13:24:45','2017-12-26 10:24:45',1),(1181,1177,'ДСК Банк','','','','','','','','','2018-01-01 15:15:26','2018-02-07 07:54:03',1),(2523,1177,'ТЕХНОМАРКЕТ','','','','','','','','','2018-01-05 15:30:22','2018-01-05 13:36:22',1),(2525,1177,'СЕВЕКС - ФАРМА','','','','','','','','','2018-01-05 15:30:47','2018-01-05 13:36:47',1),(2527,1177,'Бултрако','','','','','','','','','2018-01-05 15:31:13','2018-02-07 07:53:45',1),(2529,1177,'СмартБио','','','','','','','','','2018-01-05 15:31:30','2018-02-07 07:53:25',1),(5503,1177,'ISC','','','','','','','','','2018-01-19 16:21:26','2018-01-19 14:27:39',1),(6051,1177,'ОТП ФАКТОРИНГ БЪЛГАРИЯ','','','','','','','','','2018-02-07 12:47:38','2018-02-07 10:54:08',1);

--
-- Table structure for table `crm_document`
--

CREATE TABLE `crm_document` (
  `id` bigint(20) unsigned NOT NULL DEFAULT '0',
  `user_id` bigint(20) unsigned NOT NULL DEFAULT '0',
  `customer_id` bigint(20) unsigned NOT NULL DEFAULT '0',
  `project_id` bigint(20) unsigned NOT NULL DEFAULT '0',
  `subcontractor_id` bigint(20) unsigned NOT NULL DEFAULT '0',
  `order_amount_total` decimal(14,2) NOT NULL DEFAULT '0.00',
  `invoice_amount_total` decimal(14,2) NOT NULL DEFAULT '0.00',
  `payment_amount_total` decimal(14,2) NOT NULL DEFAULT '0.00',
  `order_count` int(10) unsigned NOT NULL DEFAULT '0',
  `invoice_count` int(10) unsigned NOT NULL DEFAULT '0',
  `payment_count` int(10) unsigned NOT NULL DEFAULT '0',
  `document_date` datetime NOT NULL,
  `create_at` datetime NOT NULL,
  `update_at` timestamp NOT NULL DEFAULT CURRENT_TIMESTAMP,
  `type` tinyint(3) unsigned NOT NULL DEFAULT '1' COMMENT '0 - outgoing, 1 - incoming',
  `status` tinyint(3) unsigned NOT NULL DEFAULT '0',
  `have_unpaid` tinyint(3) unsigned NOT NULL DEFAULT '0',
  `have_partially_paid` tinyint(3) unsigned NOT NULL DEFAULT '0',
  PRIMARY KEY (`id`),
  KEY `user_id` (`user_id`),
  KEY `i_user_id_type` (`user_id`,`type`,`document_date`) USING BTREE,
  KEY `i_unp` (`have_unpaid`,`user_id`,`type`,`document_date`),
  KEY `i_ppaid` (`have_partially_paid`,`user_id`,`type`,`document_date`)
) ENGINE=InnoDB DEFAULT CHARSET=utf8;

--
-- Dumping data for table `crm_document`
--

INSERT INTO `crm_document` (`id`, `user_id`, `customer_id`, `project_id`, `subcontractor_id`, `order_amount_total`, `invoice_amount_total`, `payment_amount_total`, `order_count`, `invoice_count`, `payment_count`, `document_date`, `create_at`, `update_at`, `type`, `status`, `have_unpaid`, `have_partially_paid`) VALUES (1241,1177,1181,1239,0,6002.40,6002.40,6002.40,1,3,3,'2017-01-01 11:23:00','2018-01-03 11:24:19','2018-01-22 07:12:01',1,0,0,0),(1247,1177,1181,1245,0,24600.00,24300.00,24300.00,1,2,2,'2017-01-01 00:00:00','2018-01-03 11:31:29','2018-01-22 07:12:01',1,0,0,0),(1253,1177,1181,1251,0,12028.35,11881.67,11881.67,1,2,2,'2017-01-01 11:38:00','2018-01-03 11:38:41','2018-01-22 07:12:01',1,0,0,0),(1259,1177,1181,1257,0,8443.89,8443.89,8443.89,1,3,3,'2017-01-01 11:41:00','2018-01-03 11:42:16','2018-01-22 07:12:01',1,0,0,0),(1265,1177,1181,1263,0,308.16,308.16,308.16,1,4,4,'2017-01-01 11:43:00','2018-01-03 11:44:03','2018-01-22 07:12:01',1,0,0,0),(1271,1177,1181,1269,0,6886.92,6886.90,6886.90,1,4,4,'2017-01-01 11:45:00','2018-01-03 11:46:06','2018-01-22 07:12:01',1,0,0,0),(1277,1177,1181,1275,0,11114.21,11114.21,11114.21,1,3,3,'2017-02-01 11:48:00','2018-01-03 11:48:20','2018-02-07 09:42:32',1,0,0,0),(1283,1177,1181,1281,0,39372.30,38892.14,38892.14,1,2,2,'2017-02-01 11:51:00','2018-01-03 11:51:34','2018-01-22 07:12:01',1,0,0,0),(1289,1177,1181,1287,0,1476.00,1476.00,1476.00,1,3,3,'2017-02-28 11:53:00','2018-01-03 11:54:03','2018-01-22 07:12:01',1,0,0,0),(1295,1177,1181,1293,0,4059.00,4059.00,4059.00,1,3,3,'2018-01-03 11:56:00','2018-01-03 11:56:16','2018-02-26 07:43:08',1,0,0,0),(1301,1177,1181,1299,0,1022.25,1022.23,1022.23,1,4,4,'2017-02-24 12:00:00','2018-01-03 12:01:06','2018-01-22 07:12:01',1,0,0,0),(1307,1177,1181,1305,0,1046.10,1046.11,1046.11,1,4,4,'2017-02-27 12:03:00','2018-01-03 12:04:01','2018-01-22 07:12:01',1,0,0,0),(1313,1177,1181,1311,0,9623.69,9506.33,9623.69,1,2,3,'2017-02-01 12:06:00','2018-01-03 12:06:50','2018-03-13 10:32:41',1,0,1,0),(1319,1177,1181,1317,0,390999.20,390999.18,390999.18,1,3,3,'2017-03-01 00:00:00','2018-01-03 12:09:03','2018-01-22 07:12:01',1,0,0,0),(1325,1177,1181,1323,0,40000.00,40000.00,40000.00,1,3,3,'2018-01-03 00:00:00','2018-01-03 12:11:38','2018-01-22 07:12:01',1,0,0,0),(1331,1177,1181,1329,0,390999.72,390999.70,390999.70,1,3,3,'2017-03-01 00:00:00','2018-01-03 12:14:06','2018-01-22 07:12:01',1,0,0,0),(1337,1177,1181,1335,0,965.75,965.74,965.74,1,4,4,'2017-03-01 00:00:00','2018-01-03 12:17:24','2018-01-22 07:12:01',1,0,0,0),(1343,1177,1181,1341,0,7198.79,7198.80,7198.80,1,4,4,'2017-03-01 00:00:00','2018-01-03 12:20:09','2018-01-22 07:12:01',1,0,0,0),(1349,1177,1181,1347,0,50960.96,50960.96,50960.96,1,3,3,'2017-04-01 12:22:00','2018-01-03 12:22:17','2018-02-07 09:40:57',1,0,0,0),(1355,1177,1181,1353,0,2639.58,2639.58,2639.58,1,4,4,'2017-03-01 00:00:00','2018-01-03 12:24:48','2018-01-22 07:12:01',1,0,0,0),(1361,1177,1181,1359,0,892.70,892.70,892.70,1,4,4,'2017-04-01 00:00:00','2018-01-03 12:27:20','2018-01-22 07:12:01',1,0,0,0),(1367,1177,1181,1365,0,390999.98,390999.95,390999.95,1,3,3,'2017-04-01 00:00:00','2018-01-03 12:30:22','2018-03-29 07:55:51',1,0,0,0),(1373,1177,1181,1371,0,2685.49,2685.48,2685.48,1,4,4,'2017-04-01 00:00:00','2018-01-03 12:33:08','2018-01-22 07:12:01',1,0,0,0),(1381,1177,1181,1379,0,283.81,283.80,283.80,1,4,4,'2017-04-01 00:00:00','2018-01-03 13:03:37','2018-01-22 07:12:01',1,0,0,0),(1387,1177,1181,1385,0,349.61,349.60,349.60,1,4,4,'2017-04-01 00:00:00','2018-01-03 13:05:40','2018-01-22 07:12:01',1,0,0,0),(1393,1177,1181,1391,0,229999.64,229999.64,229999.64,1,3,3,'2017-04-01 00:00:00','2018-01-03 13:07:25','2018-01-22 07:12:01',1,0,0,0),(1399,1177,1181,1397,0,199999.92,197560.89,197560.89,1,2,2,'2017-05-01 00:00:00','2018-01-03 13:09:37','2018-01-22 07:12:01',1,0,0,0),(1405,1177,1181,1403,0,199999.16,197560.14,199999.15,1,2,3,'2017-05-01 00:00:00','2018-01-03 13:14:39','2018-03-13 10:33:41',1,0,1,0),(1411,1177,1181,1409,0,390511.72,385749.39,385749.39,1,2,2,'2017-06-01 00:00:00','2018-01-03 13:23:49','2018-01-22 07:12:01',1,0,0,0),(1417,1177,1181,1415,0,3367.94,3367.91,3367.91,1,3,3,'2017-06-01 00:00:00','2018-01-03 13:25:38','2018-01-22 07:12:01',1,0,0,0),(1423,1177,1181,1421,0,2991.82,2991.84,2991.84,1,4,4,'2017-06-01 00:00:00','2018-01-03 13:28:26','2018-01-22 07:12:01',1,0,0,0),(1429,1177,1181,1427,0,199950.67,197512.24,199950.66,1,2,3,'2017-06-01 00:00:00','2018-01-03 13:30:12','2018-03-13 10:29:23',1,0,1,0),(1435,1177,1181,1433,0,299317.11,295666.90,295666.90,1,2,2,'2017-06-01 00:00:00','2018-01-03 13:32:01','2018-01-22 07:12:01',1,0,0,0),(1441,1177,1181,1439,0,1476.00,1476.00,1476.00,1,3,3,'2018-01-03 00:00:00','2018-01-03 13:34:11','2018-01-22 07:12:01',1,0,0,0),(1447,1177,1181,1445,0,177814.47,177814.47,177814.47,1,3,3,'2017-07-01 00:00:00','2018-01-03 13:36:00','2018-04-03 10:28:57',1,0,0,0),(1453,1177,1181,1451,0,2678.94,2678.94,2678.94,1,4,4,'2017-07-01 00:00:00','2018-01-03 13:38:18','2018-01-22 07:12:01',1,0,0,0),(1459,1177,1181,1457,0,349.61,349.62,349.62,1,4,4,'2017-07-01 00:00:00','2018-01-03 15:05:25','2018-01-22 07:12:01',1,0,0,0),(1465,1177,1181,1463,0,188.27,188.28,188.28,1,4,4,'2017-07-01 00:00:00','2018-01-03 15:07:42','2018-01-22 07:12:01',1,0,0,0),(1471,1177,1181,1469,0,892.70,892.70,892.70,1,4,4,'2017-07-01 00:00:00','2018-01-03 15:09:50','2018-01-22 07:12:01',1,0,0,0),(1477,1177,1181,1475,0,3983.48,3983.48,3983.48,1,3,3,'2017-07-01 00:00:00','2018-01-03 15:11:20','2018-01-22 07:12:01',1,0,0,0),(1483,1177,1181,1481,0,247.81,247.80,247.80,1,4,4,'2017-07-01 00:00:00','2018-01-03 15:13:06','2018-04-16 12:37:59',1,0,0,0),(1489,1177,1181,1487,0,2930.60,2930.60,2930.60,1,4,4,'2017-07-01 00:00:00','2018-01-03 15:15:00','2018-01-22 07:12:01',1,0,0,0),(1495,1177,1181,1493,0,19983.22,19983.22,19983.22,1,3,3,'2017-07-01 00:00:00','2018-01-03 15:16:39','2018-01-22 07:12:01',1,0,0,0),(1501,1177,1181,1499,0,2401.73,2401.73,2401.73,1,4,4,'2017-07-01 00:00:00','2018-01-03 15:18:23','2018-01-22 07:12:01',1,0,0,0),(1507,1177,1181,1505,0,280197.27,276780.22,276780.22,1,2,2,'2017-07-01 00:00:00','2018-01-03 15:22:05','2018-01-22 07:12:01',1,0,0,0),(1513,1177,1181,1511,0,19800.00,19800.00,19800.00,1,3,3,'2017-07-01 00:00:00','2018-01-03 15:23:42','2018-02-26 07:43:58',1,0,0,0),(1519,1177,1181,1517,0,229999.99,227195.11,227195.11,1,2,2,'2017-09-01 00:00:00','2018-01-03 15:26:33','2018-01-22 07:12:01',1,0,0,0),(1527,1177,1181,1525,0,406.76,406.75,406.75,1,4,4,'2017-09-01 00:00:00','2018-01-03 15:29:29','2018-01-22 07:12:01',1,0,0,0),(1533,1177,1181,1531,0,2767.50,2767.52,2767.52,1,3,3,'2017-09-01 00:00:00','2018-01-03 15:31:01','2018-01-31 09:51:44',1,0,0,0),(1539,1177,1181,1537,0,349.61,349.62,349.62,1,4,4,'2017-09-01 00:00:00','2018-01-03 15:32:54','2018-01-22 07:12:01',1,0,0,0),(1545,1177,1181,1543,0,296407.18,296383.57,296383.57,1,3,3,'2017-11-01 00:00:00','2018-01-03 15:35:39','2018-02-26 07:46:05',1,0,0,0),(1551,1177,1181,1549,0,14760.00,14580.00,14580.00,1,2,2,'2017-10-01 00:00:00','2018-01-03 15:38:05','2018-01-22 07:12:01',1,0,0,0),(1557,1177,1181,1555,0,127.89,127.89,127.89,1,4,4,'2017-10-01 00:00:00','2018-01-03 15:40:13','2018-01-31 09:56:29',1,0,0,0),(1563,1177,1181,1561,0,320158.12,316253.75,316253.75,1,2,2,'2017-10-01 00:00:00','2018-01-03 15:42:32','2018-01-22 07:12:01',1,0,0,0),(1569,1177,1181,1567,0,19800.00,19800.00,19800.00,1,3,3,'2017-11-01 00:00:00','2018-01-03 15:44:04','2018-02-26 07:45:29',1,0,0,0),(1575,1177,1181,1573,0,2454.66,2454.65,2454.65,1,4,4,'2017-10-01 00:00:00','2018-01-03 15:52:23','2018-02-07 09:38:19',1,0,0,0),(1581,1177,1181,1579,0,18136.15,18136.15,18136.15,1,4,4,'2017-10-01 00:00:00','2018-01-03 15:54:28','2018-04-03 10:26:06',1,0,0,0),(1587,1177,1181,1585,0,1230.00,1215.00,1215.00,1,2,2,'2017-10-01 00:00:00','2018-01-03 15:56:21','2018-01-22 07:12:01',1,0,0,0),(1593,1177,1181,1591,0,2634.29,2634.29,2634.29,1,4,4,'2017-10-01 00:00:00','2018-01-03 16:05:47','2018-02-07 09:29:44',1,0,0,0),(1599,1177,1181,1597,0,2930.60,2930.60,2930.60,1,4,4,'2017-10-01 00:00:00','2018-01-03 16:07:20','2018-02-07 09:28:15',1,0,0,0),(1605,1177,1181,1603,0,188.27,188.28,188.28,1,4,4,'2017-11-01 00:00:00','2018-01-03 16:09:06','2018-02-07 09:26:42',1,0,0,0),(1611,1177,1181,1609,0,29999.79,29999.80,29999.80,1,3,3,'2017-11-01 00:00:00','2018-01-03 16:10:42','2018-03-29 07:56:26',1,0,0,0),(1617,1177,1181,1615,0,19999.32,19999.32,19999.32,1,3,3,'2017-11-01 00:00:00','2018-01-03 16:12:07','2018-02-28 14:17:50',1,0,0,0),(1623,1177,1181,1621,0,1635.85,1635.83,1635.83,1,3,3,'2017-11-01 00:00:00','2018-01-03 16:13:57','2018-02-07 09:21:27',1,0,0,0),(1629,1177,1181,1627,0,1845.00,1845.00,1845.00,1,3,3,'2017-11-01 00:00:00','2018-01-03 16:15:17','2018-02-07 09:20:07',1,0,0,0),(1635,1177,1181,1633,0,2401.73,2400.64,2400.64,1,4,4,'2017-11-01 00:00:00','2018-01-03 16:16:38','2018-02-28 14:13:41',1,0,0,0),(1641,1177,1181,1639,0,4780.74,4780.75,4780.75,1,3,3,'2017-11-01 00:00:00','2018-01-03 16:20:57','2018-02-07 09:18:34',1,0,0,0),(1647,1177,1181,1645,0,35969.47,35969.46,35969.46,1,3,3,'2017-11-01 00:00:00','2018-01-03 16:22:28','2018-02-26 07:44:42',1,0,0,0),(1653,1177,1181,1651,0,291.68,291.68,291.68,1,4,4,'2017-11-01 00:00:00','2018-01-03 16:24:45','2018-02-21 13:21:01',1,0,0,0),(1659,1177,1181,1657,0,370.76,370.75,370.75,1,4,4,'2017-11-01 00:00:00','2018-01-03 16:34:04','2018-02-28 14:14:44',1,0,0,0),(1665,1177,1181,1663,0,1998.20,1977.35,1998.21,1,3,4,'2017-11-01 00:00:00','2018-01-03 16:35:36','2018-03-13 10:27:37',1,0,1,0),(1671,1177,1181,1669,0,4920.00,4920.00,4920.00,1,3,3,'2017-12-01 00:00:00','2018-01-03 16:37:18','2018-02-07 09:11:13',1,0,0,0),(1677,1177,1181,1675,0,4920.00,4920.00,4920.00,1,3,3,'2017-12-01 00:00:00','2018-01-03 16:39:27','2018-02-07 09:09:42',1,0,0,0),(1683,1177,1181,1681,0,165469.93,163452.01,164112.02,1,2,3,'2017-12-01 00:00:00','2018-01-03 16:43:04','2018-03-13 10:30:48',1,0,1,0),(1689,1177,1181,1687,0,14520.33,13860.31,13860.31,1,2,2,'2017-12-01 00:00:00','2018-01-03 16:47:19','2018-01-22 07:12:01',1,0,0,0),(2625,1177,1181,1245,2537,24000.00,24000.00,24000.00,1,1,1,'2017-02-16 00:00:00','2018-01-05 17:05:27','2018-01-22 07:12:01',0,0,0,0),(2647,1177,1181,1239,0,0.00,0.00,0.00,0,0,0,'2017-01-01 00:00:00','2018-01-08 10:34:10','2018-01-22 07:12:01',0,0,0,0),(2649,1177,1181,1251,2587,11734.98,11734.98,11734.98,1,1,1,'2017-01-01 00:00:00','2018-01-08 10:35:32','2018-01-22 07:12:01',0,0,0,0),(2657,1177,1181,1257,2575,8237.95,8237.95,8237.95,1,1,1,'2017-01-01 00:00:00','2018-01-08 10:41:42','2018-01-22 07:12:01',0,0,0,0),(2667,1177,1181,1263,2665,199.68,199.68,199.68,1,1,1,'2017-01-01 00:00:00','2018-01-08 10:46:45','2018-01-22 07:12:01',0,0,0,0),(2675,1177,1181,1269,1185,6279.38,6279.38,6442.38,1,3,1,'2017-01-01 00:00:00','2018-01-08 10:52:02','2018-01-22 07:12:01',0,0,1,1),(2689,1177,1181,1275,2687,10843.12,10843.12,10843.12,1,1,1,'2017-01-01 00:00:00','2018-01-08 11:16:07','2018-01-22 07:12:01',0,0,0,0),(2697,1177,1181,1281,2579,36052.00,36052.00,36052.00,1,2,2,'2017-01-01 00:00:00','2018-01-08 11:30:04','2018-01-22 07:12:01',0,0,0,0),(2711,1177,1181,1287,2709,1440.00,1440.00,1440.00,1,1,1,'2017-01-01 00:00:00','2018-01-08 11:42:23','2018-01-22 07:12:01',0,0,0,0),(2719,1177,1181,1293,2589,3960.00,3960.00,3960.00,1,1,1,'2017-01-01 00:00:00','2018-01-08 12:41:47','2018-01-22 07:12:01',0,0,0,0),(2727,1177,1181,1299,1185,899.25,899.25,899.25,1,2,1,'2017-01-01 00:00:00','2018-01-08 12:46:29','2018-01-22 07:12:01',0,0,1,1),(2735,1177,1181,1305,1185,921.83,921.83,921.83,1,2,1,'2017-01-01 00:00:00','2018-01-08 12:57:13','2018-01-22 07:12:01',0,0,1,1),(2743,1177,1181,1311,2687,9388.97,9388.97,9388.97,1,1,1,'2017-01-01 00:00:00','2018-01-08 13:02:22','2018-01-22 07:12:01',0,0,0,0),(2751,1177,1181,1317,2575,32529.36,32529.36,32529.36,1,2,2,'2017-01-01 00:00:00','2018-01-08 13:06:52','2018-01-22 07:12:01',0,0,0,0),(2765,1177,1181,1317,2763,7627.74,7627.74,7627.74,1,1,1,'2017-01-01 00:00:00','2018-01-08 13:15:05','2018-01-22 07:12:01',0,0,0,0),(2773,1177,1181,1317,1185,240018.09,240018.09,0.00,1,8,0,'2017-01-01 00:00:00','2018-01-08 13:21:55','2018-01-22 07:12:01',0,0,1,0),(2785,1177,1181,1317,2623,8525.95,8525.95,8525.95,1,1,1,'2017-01-01 00:00:00','2018-01-08 13:42:57','2018-01-22 07:12:01',0,0,0,0),(2793,1177,1181,1317,2591,4800.04,4800.04,4800.04,1,1,1,'2017-01-01 00:00:00','2018-01-08 14:02:23','2018-01-22 07:12:01',0,0,0,0),(2801,1177,1181,1317,2533,1801.44,1801.44,1801.44,1,1,1,'2017-01-01 00:00:00','2018-01-08 14:06:49','2018-01-22 07:12:01',0,0,0,0),(2809,1177,1181,1317,2571,757.10,757.10,757.10,1,1,1,'2017-01-01 00:00:00','2018-01-08 14:09:58','2018-01-22 07:12:01',0,0,0,0),(2817,1177,1181,1317,2577,2323.52,2323.52,2323.52,1,1,1,'2017-01-01 00:00:00','2018-01-08 14:16:04','2018-01-22 07:12:01',0,0,0,0),(2825,1177,1181,1317,2573,22296.46,22296.46,22296.46,1,1,1,'2017-01-01 00:00:00','2018-01-08 14:23:01','2018-01-22 07:12:01',0,0,0,0),(2833,1177,1181,1317,2583,12358.94,12358.94,12359.03,1,2,2,'2017-01-01 00:00:00','2018-01-08 14:37:31','2018-01-22 07:12:01',0,0,0,0),(2847,1177,1181,1317,2845,1184.40,1184.40,1184.40,1,1,1,'2017-01-01 00:00:00','2018-01-08 14:43:57','2018-01-22 07:12:01',0,0,0,0),(2855,1177,1181,1323,2591,11097.91,11097.91,11097.91,1,1,1,'2017-01-01 00:00:00','2018-01-08 14:48:56','2018-01-22 07:12:01',0,0,0,0),(2863,1177,1181,1323,1185,4387.00,4387.00,0.00,1,2,0,'2017-01-01 00:00:00','2018-01-08 14:51:10','2018-01-22 07:12:01',0,0,1,0),(2869,1177,1181,1323,2571,1527.16,1069.53,1527.16,1,2,1,'2017-01-01 00:00:00','2018-01-08 14:54:40','2018-01-22 07:12:01',0,0,1,0),(2877,1177,1181,1329,1185,272324.84,272324.84,0.00,1,14,0,'2017-01-01 00:00:00','2018-01-08 16:13:59','2018-01-22 07:12:01',0,0,1,0),(2899,1177,1181,1329,2897,1807.20,1807.20,1807.20,1,1,1,'2017-01-01 00:00:00','2018-01-08 16:27:35','2018-01-22 07:12:01',0,0,0,0),(2907,1177,1181,1329,2567,1381.54,1381.54,1381.54,1,1,1,'2017-01-01 00:00:00','2018-01-08 16:31:35','2018-01-22 07:12:01',0,0,0,0),(2915,1177,1181,1329,2601,12462.32,12462.32,12462.32,1,1,1,'2017-01-01 00:00:00','2018-01-08 16:34:35','2018-01-22 07:12:01',0,0,0,0),(2923,1177,1181,1329,2591,4800.00,4800.00,4800.00,1,1,1,'2017-01-01 00:00:00','2018-01-08 16:38:53','2018-01-22 07:12:01',0,0,0,0),(2931,1177,1181,1329,2533,2978.75,2978.75,2978.75,1,1,1,'2017-01-01 00:00:00','2018-01-08 16:43:01','2018-01-22 07:12:01',0,0,0,0),(2939,1177,1181,1329,2571,729.73,729.73,729.73,1,1,1,'2017-01-01 00:00:00','2018-01-08 16:45:24','2018-01-22 07:12:01',0,0,0,0),(2955,1177,1181,1329,2953,12936.00,12936.00,12936.00,1,1,1,'2017-01-01 00:00:00','2018-01-08 16:52:21','2018-01-22 07:12:01',0,0,0,0),(2963,1177,1181,1329,2585,2426.76,2426.76,2426.76,1,1,1,'2017-01-01 00:00:00','2018-01-08 16:55:12','2018-01-22 07:12:01',0,0,0,0),(2971,1177,1181,1329,2583,10666.70,10666.70,10666.70,1,1,1,'2017-01-01 00:00:00','2018-01-08 16:58:18','2018-01-22 07:12:01',0,0,0,0),(2979,1177,1181,1335,1185,845.78,845.78,871.94,1,2,1,'2017-01-01 00:00:00','2018-01-08 17:16:55','2018-01-22 07:12:01',0,0,1,0),(2987,1177,1181,1341,1185,6509.20,6509.20,6669.79,1,4,2,'2017-01-01 00:00:00','2018-01-09 09:42:11','2018-01-22 07:12:01',0,0,1,0),(3003,1177,1181,1347,2591,1843.20,1843.20,1843.20,1,1,1,'2017-01-01 00:00:00','2018-01-09 11:05:03','2018-01-22 07:12:01',0,0,0,0),(3013,1177,1181,1347,3011,7218.50,7218.50,7218.50,1,1,1,'2017-01-01 00:00:00','2018-01-09 11:09:13','2018-01-22 07:12:01',0,0,0,0),(3023,1177,1181,1347,3021,720.00,720.00,720.00,1,1,1,'2017-01-01 00:00:00','2018-01-09 11:12:40','2018-01-22 07:12:01',0,0,0,0),(3033,1177,1181,1347,3031,15717.40,15717.40,15717.40,1,1,1,'2017-01-01 00:00:00','2018-01-09 11:18:18','2018-01-22 07:12:01',0,0,0,0),(3041,1177,1181,1347,2573,4165.92,4165.92,4165.92,1,1,1,'2017-01-01 00:00:00','2018-01-09 11:22:38','2018-01-22 07:12:01',0,0,0,0),(3049,1177,1181,1347,2763,20207.64,20207.64,20207.64,1,1,1,'2017-01-01 00:00:00','2018-01-09 11:24:51','2018-01-22 07:12:01',0,0,0,0),(3057,1177,1181,1353,1185,2139.27,2139.27,2181.44,1,3,2,'2017-01-01 00:00:00','2018-01-09 12:04:16','2018-01-22 07:12:01',0,0,1,0),(3069,1177,1181,1359,1185,776.66,776.66,776.66,1,2,1,'2017-01-01 00:00:00','2018-01-09 12:11:44','2018-01-22 07:12:01',0,0,1,1),(3077,1177,1181,1365,1185,258742.89,258742.89,258742.89,1,13,13,'2017-01-01 00:00:00','2018-01-09 12:28:34','2018-01-22 07:12:01',0,0,0,0),(3109,1177,1181,1365,2575,19855.58,19855.58,19855.58,1,1,1,'2017-01-01 00:00:00','2018-01-09 12:49:23','2018-01-22 07:12:01',0,0,0,0),(3119,1177,1181,1365,2601,12289.45,12289.45,12289.45,1,1,1,'2017-01-01 00:00:00','2018-01-09 14:13:23','2018-01-22 07:12:01',0,0,0,0),(3127,1177,1181,1365,2533,1995.84,1995.84,1995.84,1,1,1,'2017-01-01 00:00:00','2018-01-09 14:15:50','2018-01-22 07:12:01',0,0,0,0),(3135,1177,1181,1365,2599,6000.00,6000.00,6000.00,1,1,1,'2017-01-01 00:00:00','2018-01-09 14:18:54','2018-01-22 07:12:01',0,0,0,0),(3145,1177,1181,1365,3143,3397.50,3397.50,3397.50,1,2,2,'2017-01-01 00:00:00','2018-01-09 14:22:54','2018-01-22 07:12:01',0,0,0,0),(3157,1177,1181,1365,2571,462.86,462.86,462.86,1,1,1,'2017-01-01 00:00:00','2018-01-09 14:27:01','2018-01-22 07:12:01',0,0,0,0),(3167,1177,1181,1365,3165,2300.05,2300.05,2300.05,1,1,1,'2017-01-01 00:00:00','2018-01-09 14:32:22','2018-01-22 07:12:01',0,0,0,0),(3175,1177,1181,1365,2953,12936.00,12936.00,12936.00,1,1,1,'2017-01-01 00:00:00','2018-01-09 14:34:57','2018-01-22 07:12:01',0,0,0,0),(3183,1177,1181,1365,2585,1784.16,1784.16,1784.16,1,1,1,'2017-01-01 00:00:00','2018-01-09 14:37:10','2018-01-22 07:12:01',0,0,0,0),(3193,1177,1181,1365,3191,928.11,928.11,928.11,1,1,1,'2017-01-01 00:00:00','2018-01-09 14:40:29','2018-01-22 07:12:01',0,0,0,0),(3203,1177,1181,1365,3201,1070.17,1070.17,1070.17,1,1,1,'2017-01-01 00:00:00','2018-01-09 14:43:41','2018-01-22 07:12:01',0,0,0,0),(3211,1177,1181,1365,2583,18988.51,18988.51,18988.51,1,1,1,'2017-01-01 00:00:00','2018-01-09 14:47:34','2018-01-22 07:12:01',0,0,0,0),(3221,1177,1181,1365,3219,2400.00,2400.00,2400.00,1,1,1,'2017-01-01 00:00:00','2018-01-09 14:50:20','2018-01-22 07:12:00',0,0,0,0),(3229,1177,1181,1371,1185,2176.55,2176.55,2176.55,1,3,3,'2017-01-01 00:00:00','2018-01-09 14:54:35','2018-01-22 07:12:00',0,0,0,0),(3241,1177,1181,1379,1185,200.44,200.44,200.44,1,2,2,'2017-01-01 00:00:00','2018-01-09 15:21:00','2018-01-22 07:12:00',0,0,0,0),(3249,1177,1181,1385,1185,296.78,296.78,296.78,1,2,2,'2017-01-01 00:00:00','2018-01-09 15:27:12','2018-01-22 07:12:00',0,0,0,0),(3257,1177,1181,1391,1185,113440.53,113440.53,113440.53,1,6,6,'2017-01-01 00:00:00','2018-01-09 16:09:29','2018-01-22 07:12:00',0,0,0,0),(3273,1177,1181,1391,2575,28891.52,28891.52,28891.52,1,1,1,'2017-01-01 00:00:00','2018-01-09 16:23:03','2018-01-22 07:12:00',0,0,0,0),(3281,1177,1181,1391,2601,12086.50,12086.50,12086.50,1,1,1,'2017-01-01 00:00:00','2018-01-09 16:29:06','2018-01-22 07:12:00',0,0,0,0),(3289,1177,1181,1391,2591,4800.04,4800.04,4800.04,1,1,1,'2017-01-01 00:00:00','2018-01-09 16:45:14','2018-01-22 07:12:00',0,0,0,0),(3297,1177,1181,1391,2533,1651.32,1651.32,1651.32,1,1,1,'2017-01-01 00:00:00','2018-01-09 16:49:13','2018-01-22 07:12:00',0,0,0,0),(3305,1177,1181,1391,2571,361.45,361.45,361.45,1,1,1,'2017-01-01 00:00:00','2018-01-09 16:53:00','2018-01-22 07:12:00',0,0,0,0),(3313,1177,1181,1391,2665,1580.04,1580.04,1580.04,1,1,1,'2017-01-01 00:00:00','2018-01-09 17:04:40','2018-01-22 07:12:00',0,0,0,0),(3321,1177,1181,1391,2953,11760.00,11760.00,11760.00,1,1,1,'2017-01-01 00:00:00','2018-01-09 17:08:15','2018-01-22 07:12:00',0,0,0,0),(3329,1177,1181,1391,3219,2400.00,2400.00,2400.00,1,1,1,'2017-01-01 00:00:00','2018-01-09 17:10:39','2018-01-22 07:12:00',0,0,0,0),(3337,1177,1181,1391,2583,4899.24,4899.24,4899.24,1,1,1,'2017-01-01 00:00:00','2018-01-09 17:16:50','2018-01-22 07:12:00',0,0,0,0),(3345,1177,1181,1391,2845,1855.56,1855.56,1855.56,1,1,1,'2017-01-01 00:00:00','2018-01-09 17:19:49','2018-01-22 07:12:00',0,0,0,0),(3441,1177,1181,1397,1185,129047.07,129047.07,140621.38,1,6,3,'2017-01-01 00:00:00','2018-01-10 11:09:11','2018-01-22 07:12:00',0,0,1,0),(3463,1177,1181,1397,2575,2464.34,2464.34,2464.34,1,1,1,'2017-01-01 00:00:00','2018-01-10 11:24:46','2018-01-22 07:12:00',0,0,0,0),(3471,1177,1181,1397,2623,8525.95,8525.95,8525.95,1,1,1,'2017-01-01 00:00:00','2018-01-10 11:28:13','2018-01-22 07:12:00',0,0,0,0),(3479,1177,1181,1397,2591,2400.00,2400.00,2400.00,1,1,1,'2017-01-01 00:00:00','2018-01-10 11:31:22','2018-01-22 07:12:00',0,0,0,0),(3487,1177,1181,1397,2533,2099.06,2099.06,2099.06,1,1,1,'2017-01-01 00:00:00','2018-01-10 11:40:37','2018-01-22 07:12:00',0,0,0,0),(3495,1177,1181,1397,2571,534.17,534.17,0.00,1,1,0,'2017-01-01 00:00:00','2018-01-10 11:47:00','2018-01-22 07:12:00',0,0,1,0),(3503,1177,1181,1397,2585,2592.00,2592.00,2592.00,1,1,1,'2017-01-01 00:00:00','2018-01-10 12:03:09','2018-01-22 07:12:00',0,0,0,0),(3511,1177,1181,1397,2583,9739.44,9739.44,9739.44,1,1,1,'2017-01-01 00:00:00','2018-01-10 12:05:00','2018-01-22 07:12:00',0,0,0,0),(3519,1177,1181,1403,2763,3661.31,3661.31,3661.31,1,1,1,'2017-01-01 00:00:00','2018-01-10 12:10:23','2018-01-22 07:12:00',0,0,0,0),(3527,1177,1181,1403,1185,97127.29,97127.29,97127.29,1,9,9,'2017-01-01 00:00:00','2018-01-10 12:12:29','2018-01-22 07:12:00',0,0,0,1),(3569,1177,1181,1403,2575,5588.69,5588.69,5588.69,1,2,2,'2017-01-01 00:00:00','2018-01-10 12:28:07','2018-01-22 07:12:00',0,0,0,0),(3581,1177,1181,1403,2591,4803.84,4803.84,4803.84,1,1,1,'2017-01-01 00:00:00','2018-01-10 12:33:01','2018-01-22 07:12:00',0,0,0,0),(3589,1177,1181,1403,2533,3459.00,3459.00,3459.00,1,1,1,'2017-01-01 00:00:00','2018-01-10 12:35:48','2018-01-22 07:12:00',0,0,0,0),(3597,1177,1181,1403,2571,840.59,840.59,840.59,1,1,1,'2017-01-01 00:00:00','2018-01-10 12:37:33','2018-01-22 07:12:00',0,0,0,0),(3605,1177,1181,1403,2577,2323.52,2323.52,2323.52,1,1,1,'2017-01-01 00:00:00','2018-01-10 12:40:01','2018-01-22 07:12:00',0,0,0,0),(3613,1177,1181,1403,2573,27448.12,27448.12,27448.12,1,1,1,'2017-01-01 00:00:00','2018-01-10 12:42:33','2018-01-22 07:12:00',0,0,0,0),(3621,1177,1181,1403,2583,10613.16,10613.16,10613.16,1,1,1,'2017-01-01 00:00:00','2018-01-10 12:46:19','2018-01-22 07:12:00',0,0,0,0),(3629,1177,1181,1403,2597,1713.60,1713.60,1713.60,1,1,1,'2017-01-01 00:00:00','2018-01-10 12:48:23','2018-01-22 07:12:00',0,0,0,0),(3637,1177,1181,1403,2595,2297.10,2297.10,2297.10,1,1,1,'2017-01-01 00:00:00','2018-01-10 12:51:43','2018-01-22 07:12:00',0,0,0,0),(3645,1177,1181,1409,1185,303026.29,303026.29,0.00,1,8,0,'2017-01-01 00:00:00','2018-01-10 13:26:41','2018-01-22 07:12:00',0,0,1,0),(3665,1177,1181,1409,2591,4800.06,4800.06,0.00,1,2,0,'2017-01-01 00:00:00','2018-01-10 13:52:14','2018-01-22 07:12:00',0,0,1,0),(3673,1177,1181,1409,2533,2094.35,2094.35,2094.35,1,1,1,'2017-01-01 00:00:00','2018-01-10 13:56:04','2018-01-22 07:12:00',0,0,0,0),(3681,1177,1181,1409,2571,670.48,670.48,670.48,1,1,1,'2017-01-01 00:00:00','2018-01-10 13:58:20','2018-01-22 07:12:00',0,0,0,0),(3689,1177,1181,1409,2577,2323.52,2323.52,2323.52,1,1,1,'2017-01-01 00:00:00','2018-01-10 14:01:12','2018-01-22 07:12:00',0,0,0,0),(3697,1177,1181,1409,2585,2629.00,2629.00,2629.00,1,1,1,'2017-01-01 00:00:00','2018-01-10 14:03:28','2018-01-22 07:12:00',0,0,0,0),(3705,1177,1181,1409,2583,10594.20,10594.20,10594.20,1,1,1,'2017-01-01 00:00:00','2018-01-10 14:05:33','2018-01-22 07:12:00',0,0,0,0),(3713,1177,1181,1415,2687,3285.79,3285.79,3285.79,1,1,1,'2017-01-01 00:00:00','2018-01-10 15:03:20','2018-01-22 07:12:00',0,0,0,0),(3721,1177,1181,1421,1185,2029.91,2029.91,2029.91,1,3,3,'2017-01-01 00:00:00','2018-01-10 15:06:14','2018-01-22 07:12:00',0,0,0,1),(3737,1177,1181,1421,2665,439.30,439.30,439.30,1,1,1,'2017-01-01 00:00:00','2018-01-10 15:11:45','2018-01-22 07:12:00',0,0,0,0),(3747,1177,1181,1427,1185,26298.03,26298.03,0.00,1,8,0,'2017-01-01 00:00:00','2018-01-11 14:15:52','2018-01-22 07:12:00',0,0,1,0),(3767,1177,1181,1427,2575,4928.69,4928.69,4928.69,1,1,1,'2017-01-01 00:00:00','2018-01-11 14:22:33','2018-01-22 07:12:00',0,0,0,0),(3775,1177,1181,1427,2601,10056.83,10056.83,10056.83,1,1,1,'2017-01-01 00:00:00','2018-01-11 14:25:05','2018-01-22 07:12:00',0,0,0,0),(3783,1177,1181,1427,2591,1924.30,1924.30,1924.30,1,2,2,'2017-01-01 00:00:00','2018-01-11 14:29:27','2018-01-22 07:12:00',0,0,0,1),(3795,1177,1181,1427,2533,1663.20,1663.20,1663.20,1,1,1,'2017-01-01 00:00:00','2018-01-11 14:34:39','2018-01-22 07:12:00',0,0,0,0),(3803,1177,1181,1427,2571,267.11,267.11,267.11,1,1,1,'2017-01-01 00:00:00','2018-01-11 14:36:59','2018-01-22 07:12:00',0,0,0,0),(3813,1177,1181,1427,3811,6030.00,6030.00,6030.00,1,1,1,'2017-01-01 00:00:00','2018-01-11 14:41:30','2018-01-22 07:12:00',0,0,0,0),(3821,1177,1181,1427,2953,9878.40,9878.40,9878.40,1,1,1,'2017-01-01 00:00:00','2018-01-11 14:43:57','2018-01-22 07:12:00',0,0,0,0),(3829,1177,1181,1427,2585,1404.00,1404.00,1404.00,1,1,1,'2017-01-01 00:00:00','2018-01-11 14:46:58','2018-01-22 07:12:00',0,0,0,0),(3837,1177,1181,1427,3201,891.82,891.82,891.82,1,1,1,'2017-01-01 00:00:00','2018-01-11 14:49:11','2018-01-22 07:12:00',0,0,0,0),(3845,1177,1181,1427,2583,3898.30,3898.30,3898.30,1,1,1,'2017-01-01 00:00:00','2018-01-11 14:51:57','2018-01-22 07:12:00',0,0,0,0),(3853,1177,1181,1433,2763,5186.86,5186.86,5186.86,1,1,1,'2017-01-01 00:00:00','2018-01-11 14:56:19','2018-01-22 07:12:00',0,0,0,0),(3861,1177,1181,1433,1185,205720.54,205720.54,0.00,1,10,0,'2017-01-01 00:00:00','2018-01-11 14:58:41','2018-01-22 07:12:00',0,0,1,0),(3885,1177,1181,1433,2623,8525.95,8525.95,8525.95,1,1,1,'2017-01-01 00:00:00','2018-01-11 15:07:57','2018-01-22 07:12:00',0,0,0,0),(3893,1177,1181,1433,2591,6240.00,6240.00,6240.00,1,1,1,'2017-01-01 00:00:00','2018-01-11 15:10:38','2018-01-22 07:12:00',0,0,0,0),(3901,1177,1181,1433,2533,2376.00,2376.00,2376.00,1,1,1,'2017-01-01 00:00:00','2018-01-11 15:13:08','2018-01-22 07:12:00',0,0,0,0),(3909,1177,1181,1433,2571,567.89,567.89,567.89,1,1,1,'2017-01-01 00:00:00','2018-01-11 15:15:21','2018-01-22 07:12:00',0,0,0,0),(3917,1177,1181,1433,2577,1161.76,1161.76,1161.76,1,1,1,'2017-01-01 00:00:00','2018-01-11 15:19:52','2018-01-22 07:12:00',0,0,0,0),(3927,1177,1181,1433,3925,2265.41,2265.41,2265.41,1,1,1,'2017-01-01 00:00:00','2018-01-11 15:21:54','2018-01-22 07:12:00',0,0,0,0),(3935,1177,1181,1433,2573,23082.71,23082.71,23082.71,1,1,1,'2017-01-01 00:00:00','2018-01-11 15:24:43','2018-01-22 07:12:00',0,0,0,0),(3943,1177,1181,1433,2583,13392.00,6696.00,6696.00,2,1,1,'2017-01-01 00:00:00','2018-01-11 15:27:19','2018-01-22 07:12:00',0,0,0,0),(3953,1177,1181,1433,2845,2842.56,2842.56,2842.56,1,1,1,'2017-01-01 00:00:00','2018-01-11 15:29:27','2018-01-22 07:12:00',0,0,0,0),(3961,1177,1181,1433,2597,1555.20,1555.20,1555.20,1,1,1,'2017-01-01 00:00:00','2018-01-11 15:33:27','2018-01-22 07:12:00',0,0,0,0),(3971,1177,1181,1439,3969,1440.00,1440.00,1440.00,1,1,1,'2017-01-01 00:00:00','2018-01-11 15:37:22','2018-01-22 07:12:00',0,0,0,0),(3979,1177,1181,1445,1185,161552.53,161552.53,161552.53,1,4,4,'2017-01-01 00:00:00','2018-01-11 15:43:05','2018-01-22 07:12:00',0,0,0,1),(3999,1177,1181,1445,2571,203.52,203.52,203.52,1,1,1,'2017-01-01 00:00:00','2018-01-11 15:51:48','2018-01-22 07:12:00',0,0,0,0),(4005,1177,1181,1451,1185,2172.95,2172.95,2215.12,1,3,2,'2017-01-01 00:00:00','2018-01-11 15:53:52','2018-01-22 07:12:00',0,0,1,0),(4019,1177,1181,1457,1185,1.00,296.78,305.96,1,2,1,'2017-01-01 00:00:00','2018-01-11 16:21:25','2018-01-22 07:12:00',0,0,1,0),(4031,1177,1181,1463,1185,0.00,144.10,148.55,1,2,1,'2017-01-01 00:00:00','2018-01-11 16:31:35','2018-01-22 07:12:00',0,0,1,0),(4041,1177,1181,1469,1185,0.00,776.66,0.44,1,2,1,'2017-01-01 00:00:00','2018-01-11 16:34:39','2018-01-22 07:12:00',0,0,1,1),(4051,1177,1181,1475,0,0.00,0.00,0.00,0,0,0,'2017-01-01 00:00:00','2018-01-11 16:48:46','2018-01-22 07:12:00',0,0,0,0),(4053,1177,1181,1481,1185,200.44,200.44,206.64,1,2,1,'2017-01-01 00:00:00','2018-01-11 16:49:39','2018-01-22 07:12:00',0,0,1,0),(4063,1177,1181,1487,1185,0.00,2100.17,2100.17,1,4,3,'2017-01-01 00:00:00','2018-01-11 16:54:03','2018-01-22 07:12:00',0,0,1,1),(4081,1177,1181,1487,2665,439.30,439.30,439.30,1,1,1,'2017-01-01 00:00:00','2018-01-11 17:00:41','2018-01-22 07:12:00',0,0,0,0),(4089,1177,1181,1493,0,0.00,0.00,0.00,0,0,0,'2017-01-01 00:00:00','2018-01-11 17:22:28','2018-01-22 07:12:00',0,0,0,0),(4091,1177,1181,1499,1185,2057.45,2057.45,1971.43,1,4,2,'2017-01-01 00:00:00','2018-01-11 17:23:23','2018-01-22 07:12:00',0,0,1,1),(4109,1177,1181,1505,4107,2352.00,2352.00,2352.00,1,1,1,'2017-01-01 00:00:00','2018-01-12 09:59:22','2018-01-22 07:12:00',0,0,0,0),(4117,1177,1181,1505,1185,169501.78,169501.78,169501.78,1,8,8,'2017-01-01 00:00:00','2018-01-12 10:05:27','2018-01-22 07:12:00',0,0,0,1),(4153,1177,1181,1505,2575,0.00,30557.89,30557.89,1,2,2,'2017-01-01 00:00:00','2018-01-12 10:28:49','2018-01-22 07:12:00',0,0,0,0),(4165,1177,1181,1505,2623,8525.95,8525.95,8525.95,1,1,1,'2017-01-01 00:00:00','2018-01-12 10:33:26','2018-01-22 07:12:00',0,0,0,0),(4173,1177,1181,1505,2601,12192.16,12192.16,12192.16,1,1,1,'2017-01-01 00:00:00','2018-01-12 10:35:36','2018-01-22 07:12:00',0,0,0,0),(4181,1177,1181,1505,2591,2880.19,2880.19,2880.19,1,1,1,'2017-01-01 00:00:00','2018-01-12 10:38:41','2018-01-22 07:12:00',0,0,0,0),(4191,1177,1181,1505,4189,1534.50,1534.50,1534.50,1,1,1,'2017-01-01 00:00:00','2018-01-12 10:43:09','2018-01-22 07:12:00',0,0,0,0),(4199,1177,1181,1505,2571,270.64,270.64,270.64,1,1,1,'2017-01-01 00:00:00','2018-01-12 10:46:29','2018-01-22 07:12:00',0,0,0,0),(4207,1177,1181,1505,2665,653.09,653.09,653.09,1,1,1,'2017-01-01 00:00:00','2018-01-12 10:50:55','2018-01-22 07:12:00',0,0,0,0),(4215,1177,1181,1505,2577,2323.50,2323.50,2323.50,1,1,1,'2017-01-01 00:00:00','2018-01-12 10:56:09','2018-01-22 07:12:00',0,0,0,0),(4223,1177,1181,1505,2953,11924.40,11924.40,11924.40,1,1,1,'2017-01-01 00:00:00','2018-01-12 10:59:05','2018-01-22 07:12:00',0,0,0,0),(4231,1177,1181,1505,3219,2280.00,2280.00,2280.00,1,1,1,'2017-01-01 00:00:00','2018-01-12 11:03:10','2018-01-22 07:12:00',0,0,0,0),(4239,1177,1181,1505,2583,5225.86,5225.86,5225.86,1,1,1,'2017-01-01 00:00:00','2018-01-12 11:07:47','2018-01-22 07:12:00',0,0,0,0),(4249,1177,1181,1505,4247,1080.00,1080.00,1080.00,1,1,1,'2017-01-01 00:00:00','2018-01-12 11:12:39','2018-01-22 07:12:00',0,0,0,0),(4257,1177,1181,1505,2593,1524.10,1524.10,1524.10,1,1,1,'2017-01-01 00:00:00','2018-01-12 11:15:51','2018-01-22 07:12:00',0,0,0,0),(4265,1177,1181,1511,0,0.00,0.00,0.00,0,0,0,'2017-01-01 00:00:00','2018-01-12 11:18:00','2018-01-22 07:12:00',0,0,0,0),(4267,1177,1181,1517,1185,134639.04,134639.04,134639.04,1,7,7,'2017-01-01 00:00:00','2018-01-12 12:00:15','2018-01-22 07:12:00',0,0,0,1),(4299,1177,1181,1517,2575,24690.40,24690.40,24690.40,1,2,2,'2017-01-01 00:00:00','2018-01-12 12:25:00','2018-01-22 07:12:00',0,0,0,0),(4311,1177,1181,1517,2601,8992.37,8992.37,8992.37,1,1,1,'2017-01-01 00:00:00','2018-01-12 12:30:21','2018-01-22 07:12:00',0,0,0,0),(4319,1177,1181,1517,4189,1552.32,1552.32,1552.32,1,1,1,'2017-01-01 00:00:00','2018-01-12 12:32:41','2018-01-22 07:12:00',0,0,0,0),(4327,1177,1181,1517,2571,227.23,227.23,227.23,1,1,1,'2017-01-01 00:00:00','2018-01-12 12:42:59','2018-01-22 07:12:00',0,0,0,0),(4335,1177,1181,1517,3811,3623.40,3623.40,3623.40,1,1,1,'2017-01-01 00:00:00','2018-01-12 12:48:09','2018-01-22 07:12:00',0,0,0,0),(4343,1177,1181,1517,2585,1263.60,1263.60,1263.60,1,1,1,'2017-01-01 00:00:00','2018-01-12 12:50:02','2018-01-22 07:12:00',0,0,0,0),(4351,1177,1181,1517,2591,2656.74,2656.74,2656.74,1,1,1,'2017-01-01 00:00:00','2018-01-12 12:53:21','2018-01-22 07:12:00',0,0,0,0),(4359,1177,1181,1517,2953,8796.48,8796.48,8796.48,1,1,1,'2017-01-01 00:00:00','2018-01-12 12:55:12','2018-01-22 07:12:00',0,0,0,0),(4369,1177,1181,1517,4367,3978.00,3978.00,3978.00,1,1,1,'2017-01-01 00:00:00','2018-01-12 12:57:40','2018-01-22 07:12:00',0,0,0,0),(4379,1177,1181,1517,4377,2816.40,2816.40,2816.40,1,1,1,'2017-01-01 00:00:00','2018-01-12 13:04:05','2018-01-22 07:12:00',0,0,0,0),(4387,1177,1181,1517,2583,5215.44,5215.44,5215.44,1,1,1,'2017-01-01 00:00:00','2018-01-12 13:38:39','2018-01-22 07:12:00',0,0,0,0),(4395,1177,1181,1525,1185,316.80,316.80,316.80,1,2,2,'2017-01-01 00:00:00','2018-01-12 14:06:25','2018-01-22 07:12:00',0,0,0,1),(4407,1177,1181,1531,2607,2700.00,2700.00,2700.00,1,1,1,'2017-01-01 00:00:00','2018-01-12 14:24:40','2018-01-22 07:12:00',0,0,0,0),(4415,1177,1181,1537,1185,296.78,296.78,296.78,1,2,2,'2017-01-01 00:00:00','2018-01-12 14:29:11','2018-01-22 07:12:00',0,0,0,1),(4427,1177,1181,1543,1185,0.00,265331.69,265331.69,1,2,2,'2017-01-01 00:00:00','2018-01-12 14:32:13','2018-01-22 07:12:00',0,0,0,1),(4439,1177,1181,1549,3165,14400.00,14400.00,14400.00,1,1,1,'2017-01-01 00:00:00','2018-01-12 14:35:59','2018-01-22 07:12:00',0,0,0,0),(4447,1177,1181,1555,1185,0.00,110.24,110.24,1,2,1,'2017-01-01 00:00:00','2018-01-12 14:38:03','2018-02-27 09:46:53',0,0,0,0),(4455,1177,1181,1561,2763,7451.71,7451.71,7451.71,1,1,1,'2017-01-01 00:00:00','2018-01-15 09:36:11','2018-01-22 07:12:00',0,0,0,0),(4463,1177,1181,1561,1185,183978.27,183978.27,183978.27,1,6,6,'2017-01-01 00:00:00','2018-01-15 09:39:30','2018-01-22 07:12:00',0,0,0,1),(4491,1177,1181,1561,2575,28304.77,28304.77,28304.77,1,2,2,'2017-01-01 00:00:00','2018-01-15 09:47:32','2018-01-22 07:12:00',0,0,0,0),(4503,1177,1181,1561,2601,10808.23,10808.23,10808.23,1,1,1,'2017-01-01 00:00:00','2018-01-15 10:10:47','2018-01-22 07:12:00',0,0,0,0),(4511,1177,1181,1561,2591,3359.84,3359.84,3359.84,1,1,1,'2017-01-01 00:00:00','2018-01-15 10:15:04','2018-01-22 07:12:00',0,0,0,0),(4519,1177,1181,1561,4189,1881.00,1881.00,1881.00,1,1,1,'2017-01-01 00:00:00','2018-01-15 10:25:12','2018-01-22 07:12:00',0,0,0,0),(4527,1177,1181,1561,2571,389.24,389.24,389.24,1,1,1,'2017-01-01 00:00:00','2018-01-15 10:26:56','2018-01-22 07:12:00',0,0,0,0),(4533,1177,1181,1561,2665,653.09,653.09,653.09,1,1,1,'2017-01-01 00:00:00','2018-01-15 10:29:02','2018-01-22 07:12:00',0,0,0,0),(4541,1177,1181,1561,2953,10678.08,10678.08,10678.08,1,1,1,'2017-01-01 00:00:00','2018-01-15 10:32:03','2018-01-22 07:12:00',0,0,0,0),(4549,1177,1181,1561,2573,16323.36,16323.36,16323.36,1,1,1,'2017-01-01 00:00:00','2018-01-15 10:34:08','2018-01-22 07:12:00',0,0,0,0),(4559,1177,1181,1561,4557,4200.00,4200.00,4200.00,1,1,1,'2017-01-01 00:00:00','2018-01-15 10:37:12','2018-01-22 07:12:00',0,0,0,0),(4567,1177,1181,1561,3219,2160.00,2160.00,2160.00,1,1,1,'2017-01-01 00:00:00','2018-01-15 10:40:38','2018-01-22 07:12:00',0,0,0,0),(4575,1177,1181,1561,2583,8919.36,8919.36,8919.36,1,1,1,'2017-01-01 00:00:00','2018-01-15 10:52:59','2018-01-22 07:12:00',0,0,0,0),(4583,1177,1181,1561,2577,2323.50,2323.50,2323.50,1,1,1,'2017-01-01 00:00:00','2018-01-15 10:55:48','2018-01-22 07:12:00',0,0,0,0),(4591,1177,1181,1561,3143,2886.00,2886.00,2886.00,1,1,1,'2017-01-01 00:00:00','2018-01-15 10:57:49','2018-01-22 07:12:00',0,0,0,0),(4599,1177,1181,1567,0,0.00,0.00,0.00,0,0,0,'2017-01-01 00:00:00','2018-01-15 10:59:36','2018-01-22 07:12:00',0,0,0,0),(4601,1177,1181,1573,1185,1984.76,1984.76,1984.76,1,4,4,'2017-01-01 00:00:00','2018-01-15 11:03:10','2018-01-22 07:12:00',0,0,0,1),(4631,1177,1181,1579,2577,17741.41,17741.41,16517.12,1,1,1,'2017-01-01 00:00:00','2018-01-15 11:28:35','2018-01-22 07:12:00',0,0,0,1),(4639,1177,1181,1585,4629,1200.00,1200.00,1200.00,1,1,1,'2017-01-01 00:00:00','2018-01-15 11:31:36','2018-01-22 07:12:00',0,0,0,0),(4647,1177,1181,1591,1185,2226.92,2226.92,2226.92,1,4,4,'2017-01-01 00:00:00','2018-01-15 11:36:33','2018-01-22 07:12:00',0,0,0,1),(4667,1177,1181,1597,1185,2100.17,2100.17,2100.17,1,4,4,'2017-01-01 00:00:00','2018-01-15 11:42:54','2018-01-22 07:12:00',0,0,0,1),(4679,1177,1181,1597,2665,439.30,439.30,439.30,1,1,1,'2017-01-01 00:00:00','2018-01-15 11:50:14','2018-01-22 07:12:00',0,0,0,0),(4685,1177,1181,1603,1185,144.10,144.10,144.10,1,2,1,'2017-01-01 00:00:00','2018-01-15 11:51:48','2018-02-21 13:45:23',0,0,0,0),(4693,1177,1181,1609,1185,3801.12,3801.12,3801.12,1,2,2,'2017-01-01 00:00:00','2018-01-15 11:56:57','2018-01-22 07:12:00',0,0,0,1),(4705,1177,1181,1609,2591,1925.69,1925.69,1925.69,1,1,1,'2017-01-01 00:00:00','2018-01-15 12:01:49','2018-01-22 07:12:00',0,0,0,0),(4715,1177,1181,1609,2571,240.23,240.23,240.23,1,1,1,'2017-01-01 00:00:00','2018-01-15 12:04:39','2018-01-22 07:12:00',0,0,0,0),(4721,1177,1181,1609,2585,1074.19,1074.19,1074.19,1,1,1,'2017-01-01 00:00:00','2018-01-15 12:06:38','2018-01-22 07:12:00',0,0,0,0),(4729,1177,1181,1609,3191,800.13,800.13,800.13,1,1,1,'2017-01-01 00:00:00','2018-01-15 12:09:23','2018-01-22 07:12:00',0,0,0,0),(4737,1177,1181,1609,2583,3819.66,3819.66,3819.66,1,1,1,'2017-01-01 00:00:00','2018-01-15 12:11:43','2018-01-22 07:12:00',0,0,0,0),(4745,1177,1181,1615,0,0.00,0.00,0.00,0,0,0,'2017-01-01 00:00:00','2018-01-15 12:14:20','2018-01-22 07:12:00',0,0,0,0),(4749,1177,1181,1621,4747,1595.95,1595.95,1595.95,1,1,1,'2017-01-01 00:00:00','2018-01-15 12:15:38','2018-01-22 07:12:00',0,0,0,0),(4759,1177,1181,1627,4757,1800.00,1800.00,1800.00,1,1,1,'2017-01-01 00:00:00','2018-01-15 12:18:01','2018-01-22 07:12:00',0,0,0,0),(4769,1177,1181,1633,1185,2057.45,2057.45,2147.45,1,4,4,'2017-01-01 00:00:00','2018-01-15 12:32:11','2018-01-22 07:12:00',0,0,0,1),(4783,1177,1181,1639,4247,4664.14,4664.14,4664.14,1,1,1,'2017-01-01 00:00:00','2018-01-15 12:36:27','2018-01-22 07:12:00',0,0,0,0),(4791,1177,1181,1645,1185,32710.26,32710.26,405.00,1,3,1,'2017-01-01 00:00:00','2018-01-15 12:55:00','2018-01-22 07:12:00',0,0,1,0),(4803,1177,1181,1651,1185,241.95,241.95,241.95,1,2,1,'2017-01-01 00:00:00','2018-01-15 12:58:29','2018-02-21 13:46:27',0,0,0,1),(4813,1177,1181,1657,1185,316.80,316.80,316.80,1,2,1,'2017-01-01 00:00:00','2018-01-15 15:29:22','2018-03-06 10:32:46',0,0,0,1),(4821,1177,1181,1663,1185,1100.10,1100.10,1100.10,1,2,1,'2017-01-01 00:00:00','2018-01-15 15:34:08','2018-03-15 06:49:06',0,0,0,1),(4831,1177,1181,1669,4829,4800.00,4800.00,4800.00,1,1,1,'2017-01-01 00:00:00','2018-01-15 15:37:34','2018-01-22 07:12:00',0,0,0,0),(4839,1177,1181,1675,2579,4800.00,4800.00,4800.00,1,1,1,'2017-01-01 00:00:00','2018-01-15 15:40:09','2018-01-22 07:12:00',0,0,0,0),(4877,1177,2523,4875,4873,13352.40,13352.40,13352.40,1,2,2,'2017-01-01 00:00:00','2018-01-16 11:12:53','2018-01-22 07:12:00',0,0,0,1),(4891,1177,2523,4889,4873,0.00,-6054.60,0.00,1,4,0,'2017-01-01 00:00:00','2018-01-16 11:24:19','2018-01-22 07:12:00',0,0,1,0),(4907,1177,2523,4905,4873,0.00,30830.85,30482.67,1,4,3,'2017-01-01 00:00:00','2018-01-16 11:54:51','2018-01-22 08:01:50',0,0,0,1),(4921,1177,2523,4919,2567,31762.57,31762.57,31762.57,1,1,1,'2017-01-01 00:00:00','2018-01-16 12:55:00','2018-01-22 07:12:00',0,0,0,0),(4927,1177,2523,4919,4873,0.00,55006.39,49307.59,1,6,1,'2017-01-01 00:00:00','2018-01-16 13:05:50','2018-01-22 07:12:00',0,0,1,0),(4949,1177,2523,4947,4873,0.00,41314.58,41306.35,1,3,1,'2017-01-01 00:00:00','2018-01-16 13:20:35','2018-01-22 07:12:00',0,0,1,0),(4963,1177,2523,4961,2567,9280.37,9280.37,9280.37,1,1,1,'2017-01-01 00:00:00','2018-01-16 13:31:26','2018-01-22 07:12:00',0,0,0,0),(4971,1177,2523,4961,4873,14680.61,14680.61,0.00,1,1,0,'2017-01-01 00:00:00','2018-01-16 13:34:53','2018-01-22 07:12:00',0,0,1,0),(4983,1177,2523,4981,2567,9380.96,9380.96,9380.96,1,1,1,'2017-01-01 00:00:00','2018-01-16 13:42:00','2018-01-22 07:12:00',0,0,0,0),(4991,1177,2523,4981,4873,0.00,15702.35,0.00,1,2,0,'2017-01-01 00:00:00','2018-01-16 13:51:31','2018-01-22 07:12:00',0,0,1,0),(5001,1177,2523,4999,2567,9300.53,9300.53,9300.53,1,1,1,'2017-01-01 00:00:00','2018-01-16 13:56:15','2018-01-22 07:11:59',0,0,0,0),(5009,1177,2523,4999,4873,13872.89,13872.89,7182.19,1,1,1,'2017-01-01 00:00:00','2018-01-16 14:19:30','2018-01-22 07:11:59',0,0,0,1),(5019,1177,2523,5017,2567,9380.96,9380.96,9380.96,1,1,1,'2017-01-01 00:00:00','2018-01-16 14:24:04','2018-01-22 07:11:59',0,0,0,0),(5027,1177,2523,5017,4873,0.00,50031.71,13905.79,1,3,1,'2017-01-01 00:00:00','2018-01-16 14:27:11','2018-01-22 07:11:59',0,0,1,1),(5041,1177,2523,5039,2567,9128.06,9128.06,9128.06,1,1,1,'2017-01-01 00:00:00','2018-01-16 17:03:23','2018-01-22 07:11:59',0,0,0,0),(5049,1177,2523,5039,4873,0.00,14254.13,14390.87,1,2,1,'2017-01-01 00:00:00','2018-01-16 17:05:34','2018-01-22 07:11:59',0,0,1,1),(5061,1177,2523,5059,2567,20235.38,20235.38,49854.67,1,1,2,'2017-01-01 00:00:00','2018-01-16 17:08:56','2018-01-22 07:38:39',0,0,1,0),(5069,1177,2523,5059,4873,0.00,114981.94,66297.77,1,4,2,'2017-01-01 00:00:00','2018-01-16 17:11:58','2018-01-22 07:11:59',0,0,1,1),(5087,1177,2523,5085,2567,0.00,42937.09,13317.80,1,2,1,'2017-01-01 00:00:00','2018-01-17 11:11:28','2018-01-22 07:11:59',0,0,1,1),(5097,1177,2523,5085,4873,0.00,-84296.06,21806.42,1,3,1,'2017-01-01 00:00:00','2018-01-17 11:15:42','2018-01-22 07:33:05',0,0,1,1),(5109,1177,2523,5107,4873,0.00,26937.73,13464.85,1,2,1,'2017-01-01 00:00:00','2018-01-17 15:32:06','2018-01-22 07:11:59',0,0,1,0),(5119,1177,2523,5107,2567,0.00,18846.76,9423.38,1,2,1,'2017-01-01 00:00:00','2018-01-17 15:41:30','2018-01-22 07:11:59',0,0,0,0),(5131,1177,2523,5129,2567,0.00,21143.31,21143.31,1,2,2,'2017-01-01 00:00:00','2018-01-17 15:50:35','2018-01-22 07:11:59',0,0,0,0),(5143,1177,2523,5129,4873,0.00,114730.77,52225.48,1,6,3,'2017-01-01 00:00:00','2018-01-17 15:57:12','2018-01-22 07:11:59',0,0,1,1),(5167,1177,2523,5165,4873,0.00,-2588.32,64184.34,1,4,2,'2017-01-01 00:00:00','2018-01-18 10:01:19','2018-01-22 07:11:59',0,0,1,1),(5179,1177,2523,5165,2567,0.00,44934.81,57379.22,1,2,3,'2017-01-01 00:00:00','2018-01-18 10:15:01','2018-01-22 07:43:45',0,0,1,1),(5195,1177,2523,5193,4873,40436.10,40436.10,10535.25,1,1,1,'2017-01-01 00:00:00','2018-01-18 10:26:42','2018-01-26 10:13:49',0,0,0,1),(5205,1177,2523,5203,2567,13612.44,13612.44,13612.44,1,1,1,'2017-01-01 00:00:00','2018-01-18 10:32:17','2018-01-22 07:11:59',0,0,0,0),(5213,1177,2523,5203,4873,43162.13,43162.13,21403.14,1,2,1,'2017-01-01 00:00:00','2018-01-18 10:45:58','2018-01-26 10:13:28',0,0,1,0),(5223,1177,2523,5221,2567,20899.37,20899.37,20899.37,1,1,1,'2017-01-01 00:00:00','2018-01-18 10:52:57','2018-01-22 07:11:59',0,0,0,0),(5231,1177,2523,5221,4873,84311.60,84311.60,31600.73,1,3,1,'2017-01-01 00:00:00','2018-01-18 10:59:42','2018-01-26 10:13:16',0,0,1,0),(5253,1177,2523,5251,4873,20457.52,20457.52,0.00,1,1,0,'2017-01-01 00:00:00','2018-01-18 11:30:39','2018-01-26 10:12:56',0,0,1,0),(5263,1177,2523,5261,2567,0.00,14155.68,14155.68,1,1,1,'2017-01-01 00:00:00','2018-01-18 11:51:43','2018-01-22 07:11:59',0,0,0,0),(5271,1177,2523,5261,4873,0.00,18873.80,18537.68,1,1,1,'2017-01-01 00:00:00','2018-01-18 11:54:03','2018-01-22 07:11:59',0,0,0,1),(5283,1177,2523,5281,4873,0.00,0.00,20884.71,0,0,1,'2017-01-01 00:00:00','2018-01-18 11:59:12','2018-01-22 07:11:59',0,0,1,0),(5285,1177,2523,5281,2567,0.00,0.00,0.00,0,0,0,'2017-01-01 00:00:00','2018-01-18 11:59:24','2018-01-22 07:11:59',0,0,0,0),(5291,1177,2523,5289,2567,35665.56,35665.56,35665.55,1,1,1,'2017-01-01 00:00:00','2018-01-18 14:47:35','2018-01-22 07:11:59',0,0,0,0),(5293,1177,2523,5289,4873,0.00,-114253.47,34042.63,1,3,1,'2017-01-01 00:00:00','2018-01-18 15:18:00','2018-01-22 07:11:59',0,0,1,1),(5313,1177,2523,5311,2567,22766.27,22766.27,22766.28,1,1,1,'2017-01-01 00:00:00','2018-01-19 09:47:35','2018-01-22 07:11:59',0,0,0,0),(5321,1177,2523,5311,4873,0.00,54530.46,35325.95,1,3,1,'2017-01-01 00:00:00','2018-01-19 09:52:50','2018-01-22 07:11:59',0,0,1,1),(5335,1177,2523,5333,2567,0.00,26458.93,14013.72,1,2,1,'2017-01-01 00:00:00','2018-01-19 10:04:17','2018-01-22 07:11:59',0,0,1,0),(5345,1177,2523,5333,4873,0.00,6043.44,20622.75,1,2,1,'2017-01-01 00:00:00','2018-01-19 10:07:24','2018-01-22 07:11:59',0,0,1,1),(5357,1177,2523,5355,2567,17352.84,17352.84,17352.84,1,1,1,'2017-01-01 00:00:00','2018-01-19 10:19:47','2018-01-22 07:11:59',0,0,0,0),(5365,1177,2523,5355,4873,0.00,26758.85,26693.34,1,1,1,'2017-01-01 00:00:00','2018-01-19 10:21:43','2018-01-22 07:11:59',0,0,0,1),(5377,1177,2523,5375,2567,18684.64,18684.64,18684.64,1,1,1,'2017-01-01 00:00:00','2018-01-19 12:50:38','2018-01-22 07:11:59',0,0,0,0),(5385,1177,2523,5375,4873,29445.20,29445.20,29131.96,1,1,1,'2017-01-01 00:00:00','2018-01-19 12:53:48','2018-01-22 13:50:49',0,0,0,1),(5395,1177,2523,5393,2567,36789.88,36789.88,36790.60,1,1,1,'2017-01-01 00:00:00','2018-01-19 13:00:16','2018-01-22 07:11:59',0,0,0,1),(5403,1177,2523,5393,4873,0.00,85600.54,56077.44,1,2,1,'2017-01-01 00:00:00','2018-01-19 13:01:52','2018-01-22 07:11:59',0,0,1,1),(5415,1177,2523,5413,2567,14050.42,14050.42,14050.42,1,1,1,'2017-01-01 00:00:00','2018-01-19 13:10:44','2018-01-22 07:11:59',0,0,0,0),(5423,1177,2523,5413,4873,0.00,78029.63,21322.98,1,2,1,'2017-01-01 00:00:00','2018-01-19 13:13:16','2018-01-22 07:11:59',0,0,1,1),(5435,1177,2523,5433,2567,13325.37,13325.37,13325.37,1,1,1,'2017-01-01 00:00:00','2018-01-19 13:18:55','2018-01-22 07:11:59',0,0,0,0),(5443,1177,2523,5433,4873,0.00,47223.12,20210.95,1,2,1,'2017-01-01 00:00:00','2018-01-19 13:20:40','2018-01-22 07:11:59',0,0,1,1),(5455,1177,2523,5453,2567,27113.84,27113.84,27113.84,1,1,1,'2017-01-01 00:00:00','2018-01-19 13:29:25','2018-01-22 07:11:59',0,0,0,0),(5463,1177,2523,5453,4873,0.00,101509.33,40345.21,1,3,1,'2017-01-01 00:00:00','2018-01-19 13:32:45','2018-01-22 07:11:59',0,0,1,0),(5479,1177,2523,5477,2567,18152.66,18152.66,18152.66,1,1,1,'2017-01-01 00:00:00','2018-01-19 13:50:40','2018-01-22 07:11:59',0,0,0,0),(5487,1177,2523,5477,4873,0.00,-124886.41,28269.45,1,5,1,'2017-01-01 00:00:00','2018-01-19 13:52:59','2018-01-22 07:11:59',0,0,1,1),(5505,1177,2523,4875,0,13352.40,13352.40,13352.40,1,2,1,'2017-05-23 00:00:00','2018-01-22 10:00:11','2018-01-25 07:44:56',1,0,0,1),(5519,1177,2523,4889,0,16079.96,16079.96,13274.40,1,2,1,'2017-06-05 00:00:00','2018-01-22 11:14:36','2018-01-25 13:29:21',1,0,0,1),(5525,1177,2523,4905,0,17638.46,17638.46,17208.27,1,2,2,'2017-06-20 00:00:00','2018-01-22 11:17:24','2018-01-25 07:44:37',1,0,0,1),(5535,1177,2523,4919,0,83726.65,83726.65,81070.16,1,2,1,'2017-07-03 00:00:00','2018-01-22 11:28:48','2018-01-25 13:29:10',1,0,0,1),(5543,1177,2523,4947,0,42339.01,42339.01,6470.46,1,2,1,'2017-08-01 00:00:00','2018-01-22 11:30:35','2018-01-25 07:44:14',1,0,0,1),(5551,1177,2523,4961,0,24027.44,24027.44,23261.91,1,2,2,'2017-09-12 00:00:00','2018-01-22 11:47:53','2018-01-25 07:44:03',1,0,0,1),(5559,1177,2523,4981,0,24955.14,24955.14,24165.02,1,2,2,'2017-09-12 00:00:00','2018-01-22 11:49:45','2018-01-26 09:50:19',1,0,0,1),(5567,1177,2523,4999,0,24019.77,24019.77,23254.03,1,2,2,'2017-09-12 00:00:00','2018-01-22 11:51:03','2018-01-26 09:50:01',1,0,0,1),(5575,1177,2523,5017,0,24054.92,24054.92,23286.75,1,2,1,'2017-09-12 00:00:00','2018-01-22 11:52:54','2018-01-25 07:43:21',1,0,0,1),(5583,1177,2523,5039,0,24287.88,24287.88,23518.93,1,2,1,'2017-09-12 00:00:00','2018-01-22 11:57:55','2018-01-25 07:43:09',1,0,0,1),(5591,1177,2523,5059,0,120044.69,120044.69,86533.15,1,2,2,'2017-10-09 00:00:00','2018-01-22 11:59:36','2018-01-25 13:40:58',1,0,0,1),(5599,1177,2523,5085,0,36266.36,36266.36,64743.51,1,2,2,'2017-10-09 00:00:00','2018-01-22 12:13:35','2018-01-25 10:07:30',1,0,0,1),(5607,1177,2523,5107,0,23647.27,23647.27,22888.23,1,2,1,'2017-10-09 00:00:00','2018-01-22 12:18:42','2018-01-25 10:04:51',1,0,0,1),(5615,1177,2523,5129,0,53965.03,53965.03,52239.85,1,2,2,'2017-11-02 00:00:00','2018-01-22 13:49:02','2018-01-25 10:02:57',1,0,0,1),(5625,1177,2523,5165,0,71878.11,71878.11,69577.85,1,2,2,'2017-11-02 00:00:00','2018-01-22 13:53:52','2018-01-25 09:47:09',1,0,0,1),(5633,1177,2523,5193,0,12762.03,12762.03,10532.10,1,2,1,'2017-11-02 00:00:00','2018-01-22 13:55:18','2018-01-25 09:48:21',1,0,0,1),(5641,1177,2523,5203,0,36160.86,36160.86,35015.58,1,2,1,'2017-11-13 00:00:00','2018-01-22 15:34:58','2018-01-25 13:39:27',1,0,0,1),(5649,1177,2523,5221,0,54226.94,54226.94,52500.09,1,2,1,'2017-11-13 00:00:00','2018-01-22 15:59:06','2018-01-25 09:27:40',1,0,0,1),(5657,1177,2523,5251,0,75522.60,75522.60,73117.79,1,2,1,'2017-11-13 00:00:00','2018-01-22 16:02:19','2018-01-25 09:28:15',1,0,0,1),(5667,1177,2523,5261,0,33791.35,33791.35,32693.36,1,2,1,'2017-11-13 00:00:00','2018-01-22 16:16:10','2018-01-25 13:34:26',1,0,0,1),(5675,1177,2523,5281,0,25298.99,25298.99,20884.71,1,2,1,'2017-11-13 00:00:00','2018-01-22 16:18:49','2018-01-25 13:32:11',1,0,0,1),(5683,1177,2523,5289,0,72158.01,72158.01,69708.18,1,2,1,'2017-11-17 00:00:00','2018-01-22 16:22:05','2018-01-25 09:11:08',1,0,0,1),(5691,1177,2523,5311,0,59995.90,59995.90,58092.23,1,2,1,'2017-11-17 00:00:00','2018-01-22 16:33:14','2018-01-25 09:10:14',1,0,0,1),(5699,1177,2523,5333,0,35780.22,35780.22,34636.47,1,2,1,'2017-12-14 00:00:00','2018-01-22 16:35:43','2018-01-25 13:28:39',1,0,0,1),(5707,1177,2523,5355,0,45491.37,45491.37,44046.19,1,2,1,'2017-12-04 00:00:00','2018-01-22 16:39:12','2018-01-25 10:23:45',1,0,0,1),(5715,1177,2523,5375,0,49382.47,49382.47,47816.60,1,2,2,'2017-12-07 00:00:00','2018-01-22 16:40:23','2018-01-25 13:28:04',1,0,0,1),(5723,1177,2523,5393,0,95918.40,95918.40,92867.32,1,2,2,'2017-12-12 00:00:00','2018-01-22 16:42:06','2018-01-25 13:25:46',1,0,0,1),(5731,1177,2523,5413,0,36536.30,36536.30,35373.40,1,2,2,'2017-12-01 00:00:00','2018-01-22 16:52:50','2018-01-25 07:32:56',1,0,0,1),(5739,1177,2523,5433,0,34638.91,34638.91,33536.32,1,2,1,'2017-12-01 00:00:00','2018-01-22 16:55:05','2018-01-25 07:31:13',1,0,0,1),(5747,1177,2523,5453,0,69683.08,69683.08,67459.05,1,2,1,'2017-12-01 00:00:00','2018-01-22 16:59:10','2018-01-25 07:29:56',1,0,0,1),(5755,1177,2523,5477,0,47942.56,66790.59,46422.11,1,3,3,'2017-12-01 00:00:00','2018-01-22 17:01:05','2018-02-01 06:15:15',1,0,1,1),(5885,1177,1181,5883,0,10000.00,9545.46,9545.46,1,2,2,'2017-12-29 11:35:00','2018-01-29 11:36:01','2018-01-31 09:35:52',1,0,0,0),(5891,1177,1181,5889,0,338545.57,136811.96,136811.96,1,4,4,'2018-01-17 15:33:00','2018-01-30 15:33:31','2018-04-16 09:13:15',1,0,0,0),(5897,1177,1181,5895,0,254.63,252.41,252.51,1,3,3,'2018-01-17 15:41:00','2018-01-30 15:41:43','2018-02-21 13:21:42',1,0,0,0),(5903,1177,1181,5901,0,1997.10,2122.94,2122.94,1,4,4,'2018-01-17 15:47:00','2018-01-30 15:48:04','2018-03-27 10:51:39',1,0,0,0),(5909,1177,1181,5907,0,24600.00,24300.00,24300.00,1,2,2,'2018-01-26 15:58:00','2018-01-30 15:59:07','2018-02-21 13:33:53',1,0,0,0),(5915,1177,1181,5913,0,205467.56,202961.87,202961.87,1,2,2,'2018-01-23 16:00:00','2018-01-30 16:00:53','2018-01-31 10:32:55',1,0,0,0),(5933,1177,1181,5883,5987,0.00,0.00,0.00,0,0,0,'2017-12-29 00:00:00','2018-01-31 12:39:40','2018-02-28 12:39:25',0,0,0,0),(5935,1177,1181,5889,1185,172881.08,172881.08,172881.08,1,8,4,'2018-01-17 00:00:00','2018-01-31 12:40:20','2018-02-28 12:38:23',0,0,0,0),(5939,1177,1181,5901,1185,1562.77,1562.77,1562.77,1,4,2,'2018-01-17 00:00:00','2018-01-31 12:41:59','2018-02-26 07:55:02',0,0,0,1),(5941,1177,1181,5907,2897,24000.00,24000.00,24000.00,1,1,1,'2018-01-26 00:00:00','2018-01-31 12:42:37','2018-02-26 12:04:37',0,0,0,0),(5943,1177,1181,5913,1185,126220.78,126220.78,0.00,1,4,0,'2018-01-23 00:00:00','2018-01-31 12:43:39','2018-02-21 12:52:04',0,0,1,0),(5945,1177,1181,5913,2583,70409.88,70409.88,70409.88,1,1,1,'2018-01-23 00:00:00','2018-01-31 12:44:11','2018-02-08 09:23:52',0,0,0,0),(6055,1177,6051,6053,0,6529.50,6529.50,6529.50,1,1,1,'2018-01-15 12:53:00','2018-02-07 12:53:45','2018-02-07 09:55:50',1,0,0,0),(6081,1177,2523,6079,0,48190.44,48519.89,0.00,1,3,0,'2018-02-06 11:26:00','2018-02-12 11:26:58','2018-03-02 08:00:55',1,0,1,0),(6087,1177,2523,6085,0,34952.17,34682.30,0.00,1,3,0,'2018-02-08 11:29:00','2018-02-12 11:30:02','2018-03-02 07:54:46',1,0,1,0),(6093,1177,2523,6091,0,51468.00,51748.10,0.00,1,3,0,'2018-02-12 11:34:00','2018-02-12 11:34:33','2018-03-02 07:58:04',1,0,1,0),(6099,1177,1181,6097,0,280688.05,277265.02,277265.02,1,2,2,'2018-02-06 15:48:00','2018-02-12 15:49:00','2018-02-21 13:31:50',1,0,0,0),(6105,1177,1181,6103,0,19305.01,18427.50,18427.50,1,2,2,'2018-02-12 15:52:00','2018-02-12 15:52:49','2018-02-21 13:30:45',1,0,0,0),(6119,1177,1181,6117,0,15000.00,14318.19,14318.19,1,2,2,'2018-02-01 17:16:00','2018-02-13 17:16:12','2018-02-21 13:32:50',1,0,0,0),(6127,1177,1181,5889,2575,22531.16,22531.16,22531.16,1,1,1,'2018-01-17 00:00:00','2018-02-21 13:57:32','2018-02-23 10:34:23',0,0,0,0),(6133,1177,1181,5895,1185,167.49,167.49,167.49,1,2,1,'2018-01-17 14:04:00','2018-02-21 14:05:16','2018-02-21 13:51:15',0,0,0,1),(6161,1177,6051,6053,1185,5922.00,5922.00,5922.00,1,2,1,'2018-01-17 15:25:00','2018-02-21 15:25:45','2018-02-27 09:48:15',0,0,0,0),(6173,1177,1181,6097,4107,1924.61,1924.61,1924.61,1,1,1,'2018-02-06 00:00:00','2018-02-21 15:57:04','2018-02-26 08:05:53',0,0,0,0),(6179,1177,1181,6097,4189,1809.00,1809.00,1809.00,1,1,1,'2018-02-19 15:58:00','2018-02-21 15:58:40','2018-02-26 08:06:21',0,0,0,0),(6185,1177,1181,6097,3143,3096.00,3096.00,3096.00,1,1,1,'2018-02-06 16:00:00','2018-02-21 16:00:49','2018-02-26 08:07:01',0,0,0,0),(6191,1177,1181,6097,3219,2400.00,2400.00,2400.00,1,1,1,'2018-02-06 16:01:00','2018-02-21 16:02:04','2018-02-26 08:07:30',0,0,0,0),(6197,1177,1181,6097,2585,2268.00,2268.00,2268.00,1,1,1,'2018-02-06 16:03:00','2018-02-21 16:03:26','2018-02-26 08:08:00',0,0,0,0),(6203,1177,1181,6097,2583,6508.51,6508.51,6508.51,1,1,1,'2018-02-06 16:04:00','2018-02-21 16:04:32','2018-02-26 08:09:21',0,0,0,0),(6209,1177,1181,6097,2593,1111.32,1111.32,1111.32,1,1,1,'2018-02-06 16:05:00','2018-02-21 16:05:35','2018-02-26 08:10:16',0,0,0,0),(6269,1177,1181,6267,0,46158.21,45595.31,45595.31,1,2,2,'2018-02-12 10:18:00','2018-02-22 10:18:31','2018-03-08 07:21:37',1,0,0,0),(6275,1177,1181,6273,0,30070.89,29704.18,29704.18,1,2,2,'2018-02-12 10:20:00','2018-02-22 10:20:47','2018-03-08 07:19:35',1,0,0,0),(6281,1177,1181,6279,0,4059.00,4009.50,4009.50,1,2,2,'2018-02-12 10:22:00','2018-02-22 10:22:32','2018-03-08 07:17:34',1,0,0,0),(6291,1177,2523,6289,0,48282.61,48309.47,0.00,1,2,0,'2018-02-23 10:57:00','2018-02-23 10:57:16','2018-03-19 14:42:53',1,0,1,0),(6313,1177,1181,6097,1185,190651.35,190651.35,190651.35,1,8,4,'2018-02-06 16:05:00','2018-02-26 10:01:00','2018-02-26 08:04:33',0,0,0,1),(6333,1177,1181,6097,2573,20841.32,20841.32,20841.32,1,1,1,'2018-02-02 10:08:00','2018-02-26 10:08:27','2018-02-26 08:14:44',0,0,0,0),(6341,1177,1181,6097,6339,7500.00,7500.00,7500.00,1,1,1,'2018-02-02 10:09:00','2018-02-26 10:10:07','2018-02-26 08:08:54',0,0,0,0),(6347,1177,1181,6097,2763,4576.64,4576.64,4576.64,1,1,1,'2018-02-02 10:12:00','2018-02-26 10:13:02','2018-02-26 08:05:15',0,0,0,0),(6353,1177,1181,6097,3165,2217.90,2217.90,2217.90,1,1,1,'2018-02-02 10:19:00','2018-02-26 10:20:17','2018-02-26 08:11:20',0,0,0,0),(6359,1177,1181,6097,2597,1016.06,1016.06,1016.06,1,1,1,'2018-02-02 10:21:00','2018-02-26 10:22:07','2018-02-26 08:10:51',0,0,0,0),(6433,1177,2523,6079,2567,18698.90,18698.90,18698.90,1,1,1,'2018-02-27 12:19:00','2018-02-27 12:19:47','2018-02-27 09:35:42',0,0,0,0),(6441,1177,2523,6085,2567,13623.18,13623.18,13623.18,1,1,1,'2018-02-08 12:37:00','2018-02-27 12:37:32','2018-02-27 09:38:41',0,0,0,0),(6449,1177,2523,6091,2567,20258.40,20258.40,20258.40,1,1,1,'2018-02-12 12:43:00','2018-02-27 12:43:28','2018-03-02 07:57:38',0,0,0,0),(6459,1177,2523,6079,4873,28877.51,28877.51,28877.51,1,1,1,'2018-02-06 10:50:00','2018-02-28 10:51:18','2018-03-06 10:31:51',0,0,0,0),(6465,1177,2523,6085,4873,20373.79,20373.79,20373.79,1,1,1,'2018-02-08 10:53:00','2018-02-28 10:53:26','2018-03-06 10:31:10',0,0,0,0),(6503,1177,2523,6289,2567,19723.34,19723.34,19723.34,1,1,1,'2018-02-23 17:24:00','2018-02-28 17:24:40','2018-02-28 14:26:15',0,0,0,0),(6513,1177,2523,6511,2567,14869.98,14869.98,14869.98,1,1,1,'2018-03-01 17:30:00','2018-02-28 17:30:51','2018-02-28 14:43:13',0,0,0,0),(6527,1177,2523,6511,0,0.00,41767.16,0.00,1,2,0,'2018-03-01 10:52:00','2018-03-02 10:52:49','2018-03-19 15:00:56',1,0,1,0),(6541,1177,1181,6097,2571,616.70,616.70,616.70,1,1,1,'2018-02-06 00:00:00','2018-03-06 13:35:37','2018-03-07 09:40:52',0,0,0,0),(6549,1177,1181,6267,2579,29102.40,29102.40,29102.40,1,1,1,'2018-02-12 00:00:00','2018-03-07 12:32:25','2018-03-07 09:34:38',0,0,0,0),(6557,1177,1181,6267,4847,15930.00,15930.00,15930.00,1,1,1,'2018-03-06 12:34:00','2018-03-07 12:35:02','2018-03-07 09:37:13',0,0,0,0),(6565,1177,1181,6097,2591,3840.46,3840.46,3840.46,1,1,1,'2018-02-06 12:46:00','2018-03-07 12:46:49','2018-03-07 09:48:29',0,0,0,0),(6597,1177,1181,6273,2687,29337.45,29337.45,29337.45,1,2,2,'2018-02-12 13:34:00','2018-03-08 13:35:04','2018-03-09 08:05:32',0,0,0,0),(6609,1177,2523,6091,4873,30480.52,30480.52,30480.52,1,1,1,'2018-02-12 11:24:00','2018-03-09 11:25:15','2018-03-23 11:30:44',0,0,0,0),(6617,1177,1181,6615,0,390934.77,386167.27,386167.27,1,2,2,'2018-02-28 16:39:00','2018-03-12 16:40:02','2018-03-20 09:10:20',1,0,0,0),(6623,1177,1181,6621,0,3690.00,3645.00,3645.00,1,2,2,'2018-02-20 16:43:00','2018-03-12 16:43:20','2018-03-20 09:18:29',1,0,0,0),(6629,1177,1181,6627,0,12520.66,12367.97,12367.97,1,2,2,'2018-02-26 16:44:00','2018-03-12 16:45:02','2018-03-20 09:20:43',1,0,0,0),(6635,1177,1181,6633,0,246638.63,243630.84,243630.84,1,2,2,'2018-03-02 16:46:00','2018-03-12 16:46:49','2018-04-16 09:16:10',1,0,0,0),(6639,1177,1181,6279,2589,3960.00,3960.00,3960.00,1,1,1,'2018-02-12 10:29:00','2018-03-13 10:29:44','2018-03-14 06:50:37',0,0,0,0),(6667,1177,2523,6665,0,47798.06,47798.07,0.00,1,2,0,'2018-03-08 16:55:00','2018-03-16 16:56:03','2018-03-19 15:08:02',1,0,1,0),(6673,1177,2523,6671,0,45646.02,45646.02,0.00,1,2,0,'2018-03-16 16:58:00','2018-03-16 16:58:36','2018-03-19 15:18:59',1,0,1,0),(6679,1177,2523,6677,0,48028.91,48028.90,0.00,1,2,0,'2018-03-16 17:23:00','2018-03-16 17:23:48','2018-03-19 15:22:20',1,0,1,0),(6685,1177,2523,6683,0,36057.06,36057.06,0.00,1,2,0,'2018-03-16 17:26:00','2018-03-16 17:26:32','2018-03-19 15:27:30',1,0,1,0),(6739,1177,1181,6621,6737,3600.00,3600.00,3600.00,1,1,1,'2018-03-20 00:00:00','2018-03-23 13:36:35','2018-03-23 10:45:34',0,0,0,0),(6747,1177,1181,6615,1185,22353.65,273365.79,273365.79,1,8,4,'2018-02-28 00:00:00','2018-03-23 13:47:17','2018-03-23 12:56:05',0,0,0,1),(6757,1177,2523,6677,2567,19609.00,0.00,19609.00,1,0,1,'2018-03-16 14:20:00','2018-03-23 14:20:23','2018-03-23 11:24:20',0,0,1,0),(6759,1177,2523,6683,2567,14116.78,0.00,14116.78,1,0,1,'2018-03-16 14:20:00','2018-03-23 14:20:46','2018-03-23 11:24:27',0,0,1,0),(6769,1177,2523,6671,2567,17118.82,0.00,17118.82,1,0,1,'2018-03-16 14:27:00','2018-03-23 14:27:31','2018-03-23 11:28:23',0,0,1,0),(6775,1177,2523,6665,2567,18872.06,18872.06,18872.06,1,1,1,'2018-03-08 14:28:00','2018-03-23 14:29:09','2018-03-27 10:41:41',0,0,0,0),(6783,1177,1181,6615,2577,4647.05,4647.05,4647.05,1,1,1,'2018-02-28 15:34:00','2018-03-23 15:35:29','2018-03-23 12:37:10',0,0,0,0),(6791,1177,1181,6615,2583,9432.43,9432.43,9432.43,1,1,1,'2018-02-28 15:37:00','2018-03-23 15:38:07','2018-03-23 12:39:15',0,0,0,0),(6799,1177,1181,6615,2585,1633.50,1633.50,1633.50,1,1,1,'2018-02-28 15:39:00','2018-03-23 15:40:02','2018-03-23 12:41:09',0,0,0,0),(6807,1177,1181,6615,2953,12878.11,12878.11,12878.11,1,1,1,'2018-02-28 15:41:00','2018-03-23 15:42:04','2018-03-23 12:43:02',0,0,0,0),(6815,1177,1181,6615,4189,2133.07,2133.07,2133.07,1,1,1,'2018-02-28 15:44:00','2018-03-23 15:44:26','2018-03-23 12:45:28',0,0,0,0),(6823,1177,1181,6615,2591,2883.14,2883.14,2883.14,1,1,1,'2018-02-28 15:45:00','2018-03-23 15:46:06','2018-03-23 12:46:59',0,0,0,0),(6831,1177,1181,6615,2575,2535.55,2535.55,2535.55,1,1,1,'2018-02-28 15:47:00','2018-03-23 15:47:39','2018-03-23 12:48:39',0,0,0,0),(6857,1177,1181,6615,2601,12091.67,12091.67,12091.67,1,1,1,'2018-02-28 13:14:00','2018-03-26 13:15:26','2018-03-26 10:16:41',0,0,0,0),(6871,1177,1181,6869,0,1663.44,1663.44,1663.44,1,2,2,'2018-03-27 13:45:00','2018-03-27 13:46:07','2018-03-29 08:27:13',1,0,0,0),(6889,1177,1181,6869,6887,1642.90,1642.90,1642.90,1,1,1,'2018-03-27 14:06:00','2018-03-27 14:06:43','2018-03-28 07:09:22',0,0,0,0),(6899,1177,2523,6897,2567,0.00,0.00,26477.81,0,0,1,'2018-03-28 11:03:00','2018-03-28 11:03:28','2018-03-28 08:04:03',0,0,1,0),(6911,1177,1181,6867,0,317748.81,386064.80,386064.80,1,2,2,'2018-03-29 11:24:00','2018-03-29 11:24:13','2018-04-16 09:18:39',1,0,0,0),(6917,1177,2523,6915,0,0.00,51241.54,0.00,1,2,0,'2018-03-29 11:29:00','2018-03-29 11:30:05','2018-03-29 08:31:17',1,0,1,0),(6925,1177,2523,6897,0,0.00,32602.64,0.00,1,2,0,'2018-03-29 11:31:00','2018-03-29 11:32:00','2018-03-29 08:33:05',1,0,1,0),(6939,1177,2523,6511,4873,25620.38,25620.38,25620.38,1,1,1,'2018-03-01 13:32:00','2018-04-03 13:33:37','2018-04-03 10:35:52',0,0,0,0),(6947,1177,2523,6289,4873,27640.27,27640.27,27640.27,1,1,1,'2018-02-23 13:36:00','2018-04-03 13:37:00','2018-04-03 10:38:17',0,0,0,0),(6999,1177,1181,6981,0,15000.00,14318.19,14318.19,1,2,2,'2018-01-17 12:42:00','2018-04-16 12:42:28','2018-04-16 09:45:19',1,0,0,0),(7011,1177,1181,6983,0,15000.00,14318.19,14318.19,1,2,2,'2018-01-17 12:45:00','2018-04-16 12:46:12','2018-04-16 09:48:43',1,0,0,0),(7023,1177,1181,6985,0,370.76,370.75,370.75,1,4,4,'2018-04-16 12:49:00','2018-04-16 12:49:38','2018-04-16 12:32:12',1,0,0,0),(7025,1177,1181,6987,0,1994.31,1971.74,1971.74,1,3,3,'2018-04-16 12:49:00','2018-04-16 12:49:47','2018-04-16 12:36:25',1,0,0,0),(7027,1177,1181,6989,0,0.00,0.00,0.00,0,0,0,'2018-04-16 12:49:00','2018-04-16 12:49:56','2018-04-16 09:56:54',1,0,0,0),(7029,1177,1181,6991,0,349.61,349.62,349.62,1,4,4,'2018-01-17 12:50:00','2018-04-16 12:50:12','2018-04-16 09:56:37',1,0,0,0),(7049,1177,1181,6993,0,218.63,218.62,218.62,1,4,4,'2018-01-17 12:57:00','2018-04-16 12:58:02','2018-04-16 10:49:14',1,0,0,0),(7051,1177,1181,6995,0,188.27,188.26,188.26,1,4,4,'2018-01-17 12:58:00','2018-04-16 12:58:14','2018-04-16 10:54:11',1,0,0,0),(7053,1177,1181,6997,0,0.00,0.00,0.00,0,0,0,'2018-04-16 12:58:00','2018-04-16 12:58:27','2018-04-16 10:05:26',1,0,0,0),(7057,1177,1181,7055,0,291.68,291.68,291.68,1,4,4,'2018-01-17 12:59:00','2018-04-16 12:59:28','2018-04-16 11:02:59',1,0,0,0),(7113,1177,2523,6079,1185,28343.51,28343.51,0.00,1,2,0,'2018-04-16 14:46:00','2018-04-16 14:46:25','2018-04-16 11:49:00',0,0,1,0),(7121,1177,2523,6079,2623,8525.95,8525.95,0.00,1,1,0,'2018-04-16 14:49:00','2018-04-16 14:50:41','2018-04-16 11:52:08',0,0,1,0),(7127,1177,2523,6079,2575,43794.95,43794.95,0.00,1,1,0,'2018-04-16 14:52:00','2018-04-16 14:52:54','2018-04-16 11:53:38',0,0,1,0),(7133,1177,1181,6633,1185,0.00,215922.46,0.00,1,4,0,'2018-04-16 15:12:00','2018-04-16 15:12:18','2018-04-16 12:23:14',0,0,1,0),(7141,1177,1181,6991,1185,0.00,296.78,0.00,1,2,0,'2018-04-16 15:15:00','2018-04-16 15:15:49','2018-04-16 12:24:09',0,0,1,0),(7147,1177,1181,6993,1185,0.00,172.84,0.00,1,2,0,'2018-04-16 15:18:00','2018-04-16 15:18:53','2018-04-16 12:24:47',0,0,1,0),(7153,1177,1181,6995,1185,0.00,144.10,0.00,1,2,0,'2018-04-16 15:19:00','2018-04-16 15:19:56','2018-04-16 12:25:30',0,0,1,0),(7159,1177,1181,7055,1185,0.00,241.95,0.00,1,2,0,'2018-04-16 15:20:00','2018-04-16 15:20:58','2018-04-16 12:26:13',0,0,1,0);

--
-- Table structure for table `crm_invoice`
--

CREATE TABLE `crm_invoice` (
  `id` bigint(20) unsigned NOT NULL DEFAULT '0',
  `user_id` bigint(20) unsigned NOT NULL DEFAULT '0',
  `project_id` bigint(20) unsigned NOT NULL DEFAULT '0',
  `document_id` bigint(20) unsigned NOT NULL DEFAULT '0',
  `order_id` bigint(20) unsigned NOT NULL DEFAULT '0',
  `code` varchar(32) NOT NULL DEFAULT '',
  `title` varchar(255) NOT NULL DEFAULT '',
  `amount` decimal(14,2) NOT NULL DEFAULT '0.00',
  `invoice_date` datetime NOT NULL,
  `create_at` datetime NOT NULL,
  `update_at` timestamp NOT NULL DEFAULT CURRENT_TIMESTAMP,
  `status` int(10) unsigned NOT NULL DEFAULT '0',
  PRIMARY KEY (`id`),
  KEY `user_id` (`user_id`),
  KEY `create_at` (`create_at`),
  KEY `document_id` (`document_id`),
  KEY `project_id` (`project_id`),
  KEY `order_id` (`order_id`)
) ENGINE=InnoDB DEFAULT CHARSET=utf8;

--
-- Dumping data for table `crm_invoice`
--

INSERT INTO `crm_invoice` (`id`, `user_id`, `project_id`, `document_id`, `order_id`, `code`, `title`, `amount`, `invoice_date`, `create_at`, `update_at`, `status`) VALUES (1171,1,0,0,1169,'','sdfdsfd334r',1111.11,'2017-12-31 18:37:17','2017-12-31 18:37:17','2017-12-31 15:37:17',0),(1693,1177,1239,1241,1243,'','0000001490',5856.00,'2017-02-03 00:00:00','2018-01-04 10:11:56','2018-01-04 07:12:20',0),(1695,1177,1239,1241,1243,'','0000001491',73.20,'2017-02-03 00:00:00','2018-01-04 10:13:05','2018-01-04 08:19:04',0),(1697,1177,1239,1241,1243,'','0000001738',73.20,'2017-11-28 00:00:00','2018-01-04 10:14:17','2018-01-04 08:20:17',0),(1699,1177,1245,1247,1249,'','0000001493',300.00,'2017-02-03 00:00:00','2018-01-04 10:20:44','2018-01-04 08:26:43',0),(1701,1177,1245,1247,1249,'','0000001492',24000.00,'2017-02-03 00:00:00','2018-01-04 10:21:20','2018-01-04 08:27:20',0),(1703,1177,1251,1253,1255,'','0000001495',146.69,'2017-02-03 00:00:00','2018-01-04 10:22:27','2018-01-04 08:28:26',0),(1705,1177,1251,1253,1255,'','0000001494',11734.98,'2017-02-03 00:00:00','2018-01-04 10:23:11','2018-01-04 08:29:10',0),(1707,1177,1257,1259,1261,'','0000001507',102.97,'2017-02-17 00:00:00','2018-01-04 10:24:28','2018-01-04 08:30:27',0),(1709,1177,1257,1259,1261,'','0000001482',102.97,'2017-01-30 00:00:00','2018-01-04 10:24:59','2018-01-04 08:30:58',0),(1711,1177,1257,1259,1261,'','0000001481',8237.95,'2017-01-30 00:00:00','2018-01-04 10:25:25','2018-01-04 08:31:24',0),(1713,1177,1263,1265,1267,'','0000001484',2.88,'2017-01-31 00:00:00','2018-01-04 10:36:43','2018-01-04 08:42:42',0),(1715,1177,1263,1265,1267,'','0000001485',72.00,'2017-01-31 00:00:00','2018-01-04 10:37:17','2018-01-04 08:43:17',0),(1717,1177,1263,1265,1267,'','0000001508',2.88,'2017-02-17 00:00:00','2018-01-04 10:37:45','2018-01-04 08:43:44',0),(1719,1177,1263,1265,1267,'','0000001483',230.40,'2017-01-31 00:00:00','2018-01-04 10:38:10','2018-01-04 08:44:09',0),(1721,1177,1269,1271,1273,'','0000001536',82.22,'2017-03-22 00:00:00','2018-01-04 10:39:15','2018-01-04 08:45:15',0),(1723,1177,1269,1271,1273,'','0000001498',144.00,'2017-02-03 00:00:00','2018-01-04 10:39:40','2018-01-04 08:45:39',0),(1725,1177,1269,1271,1273,'','0000001497',82.22,'2017-02-03 00:00:00','2018-01-04 10:40:08','2018-01-04 08:46:07',0),(1727,1177,1269,1271,1273,'','0000001496',6578.46,'2017-02-03 00:00:00','2018-01-04 10:40:34','2018-01-04 08:46:33',0),(1729,1177,1275,1277,1279,'','0000001502',10843.13,'2017-02-10 00:00:00','2018-01-04 10:41:28','2018-01-04 08:47:28',0),(1731,1177,1275,1277,1279,'','0000001503',135.54,'2017-02-10 00:00:00','2018-01-04 10:42:27','2018-01-04 08:48:26',0),(1733,1177,1281,1283,1285,'','0000001506',480.14,'2017-02-16 00:00:00','2018-01-04 10:43:29','2018-01-04 08:49:28',0),(1735,1177,1281,1283,1285,'','0000001505',38412.00,'2017-02-16 00:00:00','2018-01-04 10:44:00','2018-01-04 08:49:59',0),(1737,1177,1287,1289,1291,'','0000001532',18.00,'2017-03-16 00:00:00','2018-01-04 10:45:10','2018-01-04 08:51:09',0),(1739,1177,1287,1289,1291,'','0000001511',18.00,'2017-03-01 00:00:00','2018-01-04 10:48:39','2018-01-04 08:54:39',0),(1741,1177,1287,1289,1291,'','0000001510',1440.00,'2017-03-01 00:00:00','2018-01-04 10:49:05','2018-01-04 08:55:04',0),(1743,1177,1293,1295,1297,'','0000001512',3960.00,'2017-03-01 00:00:00','2018-01-04 10:49:50','2018-01-04 08:55:49',0),(1745,1177,1293,1295,1297,'','0000001513',49.50,'2017-03-01 00:00:00','2018-01-04 10:50:16','2018-01-04 08:56:15',0),(1747,1177,1299,1301,1303,'','0000001522',11.58,'2017-03-06 00:00:00','2018-01-04 10:51:14','2018-01-04 08:57:13',0),(1749,1177,1299,1301,1303,'','0000001516',72.00,'2017-03-01 00:00:00','2018-01-04 10:51:36','2018-01-04 08:57:35',0),(1751,1177,1299,1301,1303,'','0000001515',11.58,'2017-03-01 00:00:00','2018-01-04 10:51:56','2018-01-04 08:57:55',0),(1753,1177,1299,1301,1303,'','0000001514',927.07,'2017-03-01 00:00:00','2018-01-04 10:52:17','2018-01-04 08:58:16',0),(1755,1177,1305,1307,1309,'','0000001523',11.88,'2017-03-06 00:00:00','2018-01-04 10:53:25','2018-01-04 08:59:25',0),(1757,1177,1305,1307,1309,'','0000001519',72.00,'2017-03-01 00:00:00','2018-01-04 10:53:49','2018-01-04 08:59:49',0),(1759,1177,1305,1307,1309,'','0000001518',11.88,'2017-03-01 00:00:00','2018-01-04 10:54:12','2018-01-04 09:00:11',0),(1761,1177,1305,1307,1309,'','0000001517',950.35,'2017-03-01 00:00:00','2018-01-04 10:54:41','2018-01-04 09:00:40',0),(1763,1177,1311,1313,1315,'','0000001521',117.36,'2017-03-01 00:00:00','2018-01-04 10:55:38','2018-01-04 09:01:37',0),(1765,1177,1311,1313,1315,'','0000001520',9388.97,'2017-03-01 00:00:00','2018-01-04 10:55:58','2018-01-04 09:01:57',0),(1767,1177,1317,1319,1321,'','0000001647',4768.28,'2017-08-28 00:00:00','2018-01-04 10:59:06','2018-01-04 09:05:05',0),(1769,1177,1317,1319,1321,'','0000001527',4768.28,'2017-03-16 00:00:00','2018-01-04 10:59:35','2018-01-04 09:05:34',0),(1771,1177,1317,1319,1321,'','0000001526',381462.62,'2017-03-16 00:00:00','2018-01-04 11:00:06','2018-01-04 09:06:06',0),(1773,1177,1323,1325,1327,'','0000001529',487.80,'2017-03-16 00:00:00','2018-01-04 11:02:49','2018-01-04 09:08:49',0),(1775,1177,1323,1325,1327,'','0000001528',39024.40,'2017-03-16 00:00:00','2018-01-04 11:03:27','2018-01-04 09:09:27',0),(1777,1177,1323,1325,1327,'','0000001646',487.80,'2017-08-24 00:00:00','2018-01-04 11:03:52','2018-01-04 09:09:51',0),(1779,1177,1329,1331,1333,'','0000001648',4768.28,'2017-08-28 00:00:00','2018-01-04 11:09:30','2018-01-04 09:15:29',0),(1781,1177,1329,1331,1333,'','0000001531',4768.28,'2017-03-16 00:00:00','2018-01-04 11:10:33','2018-01-04 09:16:32',0),(1783,1177,1329,1331,1333,'','0000001530',381463.14,'2017-03-16 00:00:00','2018-01-04 11:10:59','2018-01-04 09:16:58',0),(1785,1177,1335,1337,1339,'','0000001539',10.90,'2017-03-28 00:00:00','2018-01-04 11:12:07','2018-01-04 09:18:06',0),(1787,1177,1335,1337,1339,'','0000001538',10.90,'2017-03-28 00:00:00','2018-01-04 11:12:42','2018-01-04 09:18:41',0),(1789,1177,1335,1337,1339,'','0000001537',871.94,'2017-03-28 00:00:00','2018-01-04 11:13:08','2018-01-04 09:19:07',0),(1791,1177,1335,1337,1339,'','0000001540',72.00,'2017-03-28 00:00:00','2018-01-04 11:13:39','2018-01-04 09:19:38',0),(1793,1177,1341,1343,1345,'','0000001542',85.60,'2017-03-28 00:00:00','2018-01-04 11:14:46','2018-01-04 09:20:45',0),(1795,1177,1341,1343,1345,'','0000001582',85.60,'2017-06-01 00:00:00','2018-01-04 11:15:18','2018-01-04 09:21:17',0),(1797,1177,1341,1343,1345,'','0000001541',6847.60,'2017-03-28 00:00:00','2018-01-04 11:15:43','2018-01-04 09:21:42',0),(1799,1177,1341,1343,1345,'','0000001543',180.00,'2017-03-28 00:00:00','2018-01-04 11:16:08','2018-01-04 09:22:07',0),(1801,1177,1347,1349,1351,'','0000001560',621.47,'2017-04-28 00:00:00','2018-01-04 11:17:14','2018-01-04 09:23:13',0),(1803,1177,1347,1349,1351,'','0000001559',49718.02,'2017-04-28 00:00:00','2018-01-04 11:17:48','2018-01-04 09:23:47',0),(1805,1177,1353,1355,1357,'','0000001547',28.68,'2017-04-21 00:00:00','2018-01-04 11:20:40','2018-01-04 09:26:39',0),(1807,1177,1353,1355,1357,'','0000001548',288.00,'2017-04-21 00:00:00','2018-01-04 11:21:05','2018-01-04 09:27:04',0),(1809,1177,1353,1355,1357,'','0000001581',28.68,'2017-06-01 00:00:00','2018-01-04 11:21:28','2018-01-04 09:27:27',0),(1811,1177,1353,1355,1357,'','0000001546',2294.22,'2017-04-21 00:00:00','2018-01-04 11:22:01','2018-01-04 09:28:00',0),(1813,1177,1359,1361,1363,'','0000001555',72.00,'2017-04-27 00:00:00','2018-01-04 11:24:35','2018-01-04 09:30:34',0),(1815,1177,1359,1361,1363,'','0000001554',10.01,'2017-04-27 00:00:00','2018-01-04 11:26:07','2018-01-04 09:32:06',0),(1817,1177,1359,1361,1363,'','0000001553',10.01,'2017-04-27 00:00:00','2018-01-04 11:26:36','2018-01-04 09:32:36',0),(1819,1177,1359,1361,1363,'','0000001552',800.68,'2017-04-27 00:00:00','2018-01-04 11:27:03','2018-01-04 09:33:02',0),(1821,1177,1365,1367,1369,'','0000001566',4768.28,'2017-05-09 00:00:00','2018-01-04 11:28:33','2018-01-04 09:34:32',0),(1823,1177,1365,1367,1369,'','0000001565',381463.39,'2017-05-09 00:00:00','2018-01-04 11:28:57','2018-01-04 09:34:56',0),(1825,1177,1371,1373,1375,'','0000001551',288.00,'2017-04-21 00:00:00','2018-01-04 11:31:12','2018-01-04 09:37:11',0),(1827,1177,1371,1373,1375,'','0000001590',29.23,'2017-06-07 00:00:00','2018-01-04 11:31:39','2018-01-04 09:37:38',0),(1829,1177,1371,1373,1375,'','0000001550',29.23,'2017-04-21 00:00:00','2018-01-04 11:38:44','2018-01-04 09:44:43',0),(1831,1177,1371,1373,1375,'','0000001549',2339.02,'2017-04-21 00:00:00','2018-01-04 11:39:08','2018-01-04 09:45:08',0),(1833,1177,1379,1381,1383,'','0000001570',2.58,'2017-05-18 00:00:00','2018-01-04 11:40:55','2018-01-04 09:46:54',0),(1835,1177,1379,1381,1383,'','0000001557',2.58,'2017-04-27 00:00:00','2018-01-04 11:41:26','2018-01-04 09:47:25',0),(1837,1177,1379,1381,1383,'','0000001558',72.00,'2017-04-27 00:00:00','2018-01-04 11:41:57','2018-01-04 09:47:56',0),(1839,1177,1379,1381,1383,'','0000001556',206.64,'2017-04-27 00:00:00','2018-01-04 11:42:20','2018-01-04 09:48:19',0),(1841,1177,1385,1387,1389,'','0000001564',36.00,'2017-04-28 00:00:00','2018-01-04 12:06:25','2018-01-04 10:12:25',0),(1843,1177,1385,1387,1389,'','0000001563',3.82,'2017-04-28 00:00:00','2018-01-04 12:06:53','2018-01-04 10:12:52',0),(1845,1177,1385,1387,1389,'','0000001571',3.82,'2017-05-18 00:00:00','2018-01-04 12:07:34','2018-01-04 10:13:33',0),(1847,1177,1385,1387,1389,'','0000001562',305.96,'2017-04-28 00:00:00','2018-01-04 12:08:04','2018-01-04 10:14:04',0),(1849,1177,1391,1393,1395,'','0000001654',2804.87,'2017-09-05 00:00:00','2018-01-04 12:09:13','2018-01-04 10:15:12',0),(1851,1177,1391,1393,1395,'','0000001568',2804.87,'2017-05-09 00:00:00','2018-01-04 12:10:04','2018-01-04 10:16:03',0),(1853,1177,1391,1393,1395,'','0000001567',224389.90,'2017-05-09 00:00:00','2018-01-04 12:10:31','2018-01-04 10:16:30',0),(1855,1177,1397,1399,1401,'','0000001584',2439.02,'2017-06-02 00:00:00','2018-01-04 12:12:07','2018-01-04 10:18:06',0),(1857,1177,1397,1399,1401,'','0000001583',195121.87,'2017-06-02 00:00:00','2018-01-04 12:12:31','2018-01-04 10:18:30',0),(1861,1177,1403,1405,1407,'','0000001585',195121.13,'2017-06-02 00:00:00','2018-01-04 12:14:59','2018-01-04 10:20:59',0),(1863,1177,1403,1405,1407,'','0000001586',2439.01,'2017-06-02 00:00:00','2018-01-04 12:15:32','2018-01-04 10:21:32',0),(1869,1177,1409,1411,1413,'','0000001610',4762.34,'2017-07-03 00:00:00','2018-01-04 12:19:35','2018-01-04 10:25:34',0),(1871,1177,1409,1411,1413,'','0000001609',380987.05,'2017-07-03 00:00:00','2018-01-04 12:20:44','2018-01-04 10:26:44',0),(1873,1177,1415,1417,1419,'','0000001633',41.06,'2017-07-27 00:00:00','2018-01-04 12:21:49','2018-01-04 10:27:49',0),(1875,1177,1415,1417,1419,'','0000001593',41.06,'2017-06-14 00:00:00','2018-01-04 12:22:37','2018-01-04 10:28:36',0),(1877,1177,1415,1417,1419,'','0000001592',3285.79,'2017-06-14 00:00:00','2018-01-04 12:23:05','2018-01-04 10:29:04',0),(1879,1177,1421,1423,1425,'','0000001596',288.00,'2017-06-19 00:00:00','2018-01-04 12:24:03','2018-01-04 10:30:02',0),(1881,1177,1421,1423,1425,'','0000001634',32.98,'2017-07-27 00:00:00','2018-01-04 12:24:27','2018-01-04 10:30:27',0),(1883,1177,1421,1423,1425,'','0000001595',32.98,'2017-06-19 00:00:00','2018-01-04 12:24:50','2018-01-04 10:30:49',0),(1885,1177,1421,1423,1425,'','0000001594',2637.88,'2017-06-19 00:00:00','2018-01-04 12:25:10','2018-01-04 10:31:09',0),(1887,1177,1427,1429,1431,'','0000001612',2438.42,'2017-07-03 00:00:00','2018-01-04 12:26:33','2018-01-04 10:32:32',0),(1889,1177,1427,1429,1431,'','0000001611',195073.82,'2017-07-03 00:00:00','2018-01-04 12:26:51','2018-01-04 10:32:51',0),(1891,1177,1433,1435,1437,'','0000001614',3650.21,'2017-07-03 00:00:00','2018-01-04 12:27:44','2018-01-04 10:33:43',0),(1893,1177,1433,1435,1437,'','0000001613',292016.69,'2003-07-20 17:00:00','2018-01-04 12:28:08','2018-01-04 10:34:08',0),(1895,1177,1439,1441,1443,'','0000001659',18.00,'2017-09-11 00:00:00','2018-01-04 12:29:12','2018-01-04 10:35:11',0),(1897,1177,1439,1441,1443,'','0000001616',18.00,'2017-07-03 00:00:00','2018-01-04 12:29:34','2018-01-04 10:35:33',0),(1899,1177,1439,1441,1443,'','0000001615',1440.00,'2017-07-03 00:00:00','2018-01-04 12:30:04','2018-01-04 10:36:03',0),(1901,1177,1445,1447,1449,'','0000001671',2168.47,'2017-09-18 00:00:00','2018-01-04 12:30:51','2018-01-04 10:36:50',0),(1903,1177,1445,1447,1449,'','0000001670',173477.53,'2017-09-18 00:00:00','2018-01-04 12:31:11','2018-01-04 10:37:11',0),(1907,1177,1451,1453,1455,'','0000001621',288.00,'2017-07-13 00:00:00','2018-01-04 12:36:13','2018-01-04 10:42:12',0),(1909,1177,1451,1453,1455,'','0000001620',29.16,'2017-07-13 00:00:00','2018-01-04 12:36:41','2018-01-04 10:42:41',0),(1911,1177,1451,1453,1455,'','0000001703',29.16,'2017-10-27 00:00:00','2018-01-04 12:37:05','2018-01-04 10:43:04',0),(1913,1177,1451,1453,1455,'','0000001619',2332.62,'2017-07-13 00:00:00','2018-01-04 12:37:27','2018-01-04 10:43:26',0),(1915,1177,1457,1459,1461,'','0000001624',36.00,'2017-07-13 00:00:00','2018-01-04 12:42:26','2018-01-04 10:48:25',0),(1917,1177,1457,1459,1461,'','0000001635',3.83,'2017-07-28 00:00:00','2018-01-04 12:43:01','2018-01-04 10:49:01',0),(1919,1177,1457,1459,1461,'','0000001623',3.83,'2017-07-13 00:00:00','2018-01-04 12:43:43','2018-01-04 10:49:43',0),(1921,1177,1457,1459,1461,'','0000001622',305.96,'2017-07-13 00:00:00','2018-01-04 12:44:06','2018-01-04 10:50:05',0),(1923,1177,1463,1465,1467,'','0000001627',36.00,'2017-07-13 00:00:00','2018-01-04 12:47:39','2018-01-04 10:53:38',0),(1925,1177,1463,1465,1467,'','0000001636',1.86,'2017-07-28 00:00:00','2018-01-04 12:48:01','2018-01-04 10:54:00',0),(1927,1177,1463,1465,1467,'','0000001626',1.86,'2017-07-13 00:00:00','2018-01-04 12:48:22','2018-01-04 10:54:21',0),(1929,1177,1463,1465,1467,'','0000001625',148.56,'2017-07-13 00:00:00','2018-01-04 12:48:45','2018-01-04 10:54:45',0),(1931,1177,1469,1471,1473,'','0000001630',72.00,'2017-07-13 00:00:00','2018-01-04 12:50:36','2018-01-04 10:56:35',0),(1933,1177,1469,1471,1473,'','0000001629',10.01,'2017-07-13 00:00:00','2018-01-04 12:50:57','2018-01-04 10:56:57',0),(1935,1177,1469,1471,1473,'','0000001637',10.01,'2017-07-28 00:00:00','2018-01-04 12:51:24','2018-01-04 10:57:24',0),(1937,1177,1469,1471,1473,'','0000001628',800.68,'2017-07-13 00:00:00','2018-01-04 12:51:50','2018-01-04 10:57:50',0),(1939,1177,1475,1477,1479,'','0000001642',48.58,'2017-08-01 00:00:00','2018-01-04 12:52:36','2018-01-04 10:58:36',0),(1941,1177,1475,1477,1479,'','0000001701',48.58,'2017-10-26 00:00:00','2018-01-04 12:52:59','2018-01-04 10:58:58',0),(1943,1177,1475,1477,1479,'','0000001641',3886.32,'2017-08-01 00:00:00','2018-01-04 12:53:18','2018-01-04 10:59:17',0),(1945,1177,1481,1483,1485,'','0000001645',36.00,'2017-08-01 00:00:00','2018-01-04 13:13:45','2018-01-04 11:19:44',0),(1947,1177,1481,1483,1485,'','0000001644',2.58,'2017-08-01 00:00:00','2018-01-04 13:14:04','2018-01-04 11:20:03',0),(1949,1177,1481,1483,1485,'','0000001643',206.64,'2017-08-01 00:00:00','2018-01-04 13:14:26','2018-01-04 11:20:26',0),(1951,1177,1487,1489,1491,'','0000001650',33.98,'2017-08-30 00:00:00','2018-01-04 13:15:18','2018-01-04 11:21:17',0),(1953,1177,1487,1489,1491,'','0000001649',2718.64,'2017-08-30 00:00:00','2018-01-04 13:15:41','2018-01-04 11:21:40',0),(1955,1177,1487,1489,1491,'','0000001651',144.00,'2017-08-30 00:00:00','2018-01-04 13:16:04','2018-01-04 11:22:04',0),(1957,1177,1487,1489,1491,'','0000001739',33.98,'2017-11-28 00:00:00','2018-01-04 13:16:28','2018-01-04 11:22:28',0),(1959,1177,1493,1495,1497,'','0000001673',908.33,'2017-09-18 00:00:00','2018-01-04 13:17:14','2018-01-04 11:23:13',0),(1961,1177,1493,1495,1497,'','0000001702',908.33,'2017-10-26 00:00:00','2018-01-04 13:17:41','2018-01-04 11:23:40',0),(1963,1177,1493,1495,1497,'','0000001672',18166.56,'2017-09-18 00:00:00','2018-01-04 13:18:03','2018-01-04 11:24:02',0),(1965,1177,1499,1501,1503,'','0000001675',27.53,'2017-09-18 00:00:00','2018-01-04 13:19:02','2018-01-04 11:25:01',0),(1967,1177,1499,1501,1503,'','0000001676',144.00,'2017-09-18 00:00:00','2018-01-04 13:19:37','2018-01-04 11:25:37',0),(1969,1177,1499,1501,1503,'','0000001674',2202.66,'2017-09-18 00:00:00','2018-01-04 13:20:00','2018-01-04 11:25:59',0),(1971,1177,1499,1501,1503,'','0000001740',27.54,'2017-11-28 00:00:00','2018-01-04 13:20:33','2018-01-04 11:26:32',0),(1973,1177,1505,1507,1509,'','0000001678',3417.04,'2017-09-18 00:00:00','2018-01-04 13:21:47','2018-01-04 11:27:46',0),(1975,1177,1505,1507,1509,'','0000001677',273363.18,'2017-09-18 00:00:00','2018-01-04 13:22:14','2018-01-04 11:28:14',0),(1977,1177,1511,1513,1515,'','0000001682',900.00,'2017-09-21 00:00:00','2018-01-04 13:23:12','2018-01-04 11:29:11',0),(1979,1177,1511,1513,1515,'','0000001681',18000.00,'2017-09-21 00:00:00','2018-01-04 13:23:38','2018-01-04 11:29:37',0),(1981,1177,1517,1519,1523,'','0000001686',224390.23,'2017-10-05 00:00:00','2018-01-04 13:24:47','2018-01-04 11:30:46',0),(1983,1177,1517,1519,1523,'','0000001687',2804.88,'2017-10-05 00:00:00','2018-01-04 13:25:09','2018-01-04 11:31:09',0),(1985,1177,1525,1527,1529,'','0000001656',4.08,'2017-09-08 00:00:00','2018-01-04 13:26:14','2018-01-04 11:32:13',0),(1987,1177,1525,1527,1529,'','0000001657',72.00,'2017-09-08 00:00:00','2018-01-04 13:26:36','2018-01-04 11:32:35',0),(1989,1177,1525,1527,1529,'','0000001658',4.08,'2017-09-11 00:00:00','2018-01-04 13:26:57','2018-01-04 11:32:57',0),(1991,1177,1525,1527,1529,'','0000001655',326.59,'2017-09-08 00:00:00','2018-01-04 13:27:19','2018-01-04 11:33:19',0),(1993,1177,1531,1533,1535,'','0000001680',33.76,'2017-09-18 00:00:00','2018-01-04 13:28:12','2018-01-04 11:34:11',0),(1995,1177,1531,1533,1535,'','0000001679',2700.00,'2017-09-18 00:00:00','2018-01-04 13:28:41','2018-01-04 11:34:40',0),(1997,1177,1531,1533,1535,'','0000001741',33.76,'2017-11-28 00:00:00','2018-01-04 13:29:07','2018-01-04 11:35:06',0),(1999,1177,1537,1539,1541,'','0000001684',3.83,'2017-09-29 00:00:00','2018-01-04 13:30:02','2018-01-04 11:36:02',0),(2001,1177,1537,1539,1541,'','0000001683',305.96,'2017-09-29 00:00:00','2018-01-04 13:30:22','2018-01-04 11:36:22',0),(2003,1177,1537,1539,1541,'','0000001685',36.00,'2017-09-29 00:00:00','2018-01-04 13:30:51','2018-01-04 11:36:50',0),(2005,1177,1537,1539,1541,'','0000001742',3.83,'2017-11-28 00:00:00','2018-01-04 13:31:13','2018-01-04 11:37:12',0),(2007,1177,1543,1545,1547,'','0000001734',289154.69,'2017-11-22 00:00:00','2018-01-04 13:32:18','2018-01-04 11:38:17',0),(2009,1177,1543,1545,1547,'','0000001735',3614.44,'2017-11-22 00:00:00','2018-01-04 13:32:38','2018-01-04 11:38:38',0),(2011,1177,1549,1551,1553,'','0000001688',14400.00,'2017-10-05 00:00:00','2018-01-04 13:54:27','2018-01-04 12:00:26',0),(2013,1177,1549,1551,1553,'','0000001689',180.00,'2017-10-05 00:00:00','2018-01-04 13:54:59','2018-01-04 12:00:58',0),(2015,1177,1555,1557,1559,'','0000001691',1.42,'2017-10-05 00:00:00','2018-01-04 13:55:47','2018-01-04 12:01:46',0),(2017,1177,1555,1557,1559,'','0000001690',113.65,'2017-10-05 00:00:00','2018-01-04 13:56:11','2018-01-04 12:02:11',0),(2019,1177,1555,1557,1559,'','0000001692',11.40,'2017-10-05 00:00:00','2018-01-04 13:56:37','2018-01-04 12:02:37',0),(2021,1177,1555,1557,1559,'','0000001743',1.42,'2017-11-28 00:00:00','2018-01-04 13:57:00','2018-01-04 12:03:00',0),(2023,1177,1561,1563,1565,'','0000001726',3904.37,'2017-11-14 00:00:00','2018-01-04 13:57:41','2018-01-04 12:03:40',0),(2025,1177,1561,1563,1565,'','0000001725',312349.38,'2017-11-14 00:00:00','2018-01-04 13:58:07','2018-01-04 12:04:07',0),(2027,1177,1567,1569,1571,'','0000001736',18000.00,'2017-11-24 00:00:00','2018-01-04 13:58:48','2018-01-04 12:04:48',0),(2029,1177,1567,1569,1571,'','0000001737',900.00,'2017-11-24 00:00:00','2018-01-04 13:59:12','2018-01-04 12:05:11',0),(2031,1177,1573,1575,1577,'','0000001745',26.42,'2017-11-28 00:00:00','2018-01-04 14:10:33','2018-01-04 12:16:32',0),(2033,1177,1573,1575,1577,'','0000001746',288.00,'2017-11-28 00:00:00','2018-01-04 14:11:01','2018-01-04 12:17:00',0),(2035,1177,1573,1575,1577,'','0000001744',2113.81,'2017-11-28 00:00:00','2018-01-04 14:11:23','2018-01-04 12:17:23',0),(2037,1177,1579,1581,1583,'','0000001710',16499.38,'2017-11-02 00:00:00','2018-01-04 14:12:12','2018-01-04 12:18:11',0),(2039,1177,1579,1581,1583,'','0000001711',206.24,'2017-11-02 00:00:00','2018-01-04 14:12:33','2018-01-04 12:18:32',0),(2041,1177,1579,1581,1583,'','0000001712',1224.29,'2017-11-02 00:00:00','2018-01-04 14:12:52','2018-01-04 12:18:51',0),(2043,1177,1585,1587,1589,'','0000001782',15.00,'2017-12-18 00:00:00','2018-01-04 14:13:35','2018-01-04 12:19:34',0),(2045,1177,1585,1587,1589,'','0000001781',1200.00,'2017-12-18 00:00:00','2018-01-04 14:13:58','2018-01-04 12:19:58',0),(2047,1177,1591,1593,1595,'','0000001756',29.93,'2017-12-05 00:00:00','2018-01-04 14:14:57','2018-01-04 12:20:56',0),(2049,1177,1591,1593,1595,'','0000001757',180.00,'2017-12-05 00:00:00','2018-01-04 14:15:17','2018-01-04 12:21:17',0),(2051,1177,1591,1593,1595,'','0000001755',2394.43,'2017-12-05 00:00:00','2018-01-04 14:16:11','2018-01-04 12:22:11',0),(2053,1177,1597,1599,1601,'','0000001784',33.98,'2017-12-18 00:00:00','2018-01-04 14:17:34','2018-01-04 12:23:34',0),(2055,1177,1597,1599,1601,'','0000001785',144.00,'2017-12-18 00:00:00','2018-01-04 14:17:55','2018-01-04 12:23:55',0),(2057,1177,1597,1599,1601,'','0000001783',2718.64,'2017-12-18 00:00:00','2018-01-04 14:18:20','2018-01-04 12:24:19',0),(2059,1177,1603,1605,1607,'','0000001787',1.86,'2017-12-18 00:00:00','2018-01-04 14:19:09','2018-01-04 12:25:08',0),(2061,1177,1603,1605,1607,'','0000001788',36.00,'2017-12-18 00:00:00','2018-01-04 14:19:32','2018-01-04 12:25:32',0),(2063,1177,1603,1605,1607,'','0000001786',148.56,'2017-12-18 00:00:00','2018-01-04 14:19:53','2018-01-04 12:25:53',0),(2065,1177,1609,1611,1613,'','0000001732',29268.08,'2017-12-21 00:00:00','2018-01-04 14:20:42','2018-01-04 12:26:41',0),(2067,1177,1609,1611,1613,'','0000001733',365.86,'2017-12-21 00:00:00','2018-01-04 14:21:04','2018-01-04 12:27:03',0),(2069,1177,1615,1617,1619,'','0000001759',909.06,'2017-12-05 00:00:00','2018-01-04 14:22:33','2018-01-04 12:28:32',0),(2071,1177,1615,1617,1619,'','0000001758',18181.20,'2017-12-05 00:00:00','2018-01-04 14:22:53','2018-01-04 12:28:52',0),(2073,1177,1621,1623,1625,'','0000001713',19.94,'2017-11-13 00:00:00','2018-01-04 14:23:49','2018-01-04 12:29:48',0),(2075,1177,1621,1623,1625,'','0000001727',1595.95,'2017-11-16 00:00:00','2018-01-04 14:24:09','2018-01-04 12:30:08',0),(2077,1177,1627,1629,1631,'','0000001772',1800.00,'2017-12-14 00:00:00','2018-01-04 14:25:29','2018-01-04 12:31:28',0),(2079,1177,1627,1629,1631,'','0000001773',22.50,'2017-12-14 00:00:00','2018-01-04 14:25:50','2018-01-04 12:31:49',0),(2081,1177,1633,1635,1637,'','0000001791',144.00,'2017-12-18 00:00:00','2018-01-04 14:26:33','2018-01-04 12:32:33',0),(2083,1177,1633,1635,1637,'','0000001790',26.99,'2017-12-18 00:00:00','2018-01-04 14:26:56','2018-01-04 12:32:55',0),(2085,1177,1633,1635,1637,'','0000001789',2202.66,'2017-12-18 00:00:00','2018-01-04 14:27:16','2018-01-04 12:33:16',0),(2087,1177,1639,1641,1643,'','0000001775',58.30,'2017-12-14 00:00:00','2018-01-04 14:35:31','2018-01-04 12:41:30',0),(2089,1177,1639,1641,1643,'','0000001774',4664.15,'2017-12-14 00:00:00','2018-01-04 14:36:58','2018-01-04 12:42:57',0),(2091,1177,1645,1647,1649,'','0000001747',35092.16,'2017-11-29 00:00:00','2018-01-04 14:37:56','2018-01-04 12:43:56',0),(2093,1177,1645,1647,1649,'','0000001748',438.65,'2017-11-29 00:00:00','2018-01-04 14:38:22','2018-01-04 12:44:21',0),(2095,1177,1651,1653,1655,'','0000001796',3.12,'2017-12-31 00:00:00','2018-01-04 14:41:58','2018-01-04 12:47:57',0),(2097,1177,1651,1653,1655,'','0000001797',36.00,'2017-12-31 00:00:00','2018-01-04 14:42:35','2018-01-04 12:48:34',0),(2099,1177,1651,1653,1655,'','0000001795',249.44,'2017-12-31 00:00:00','2018-01-04 14:43:01','2018-01-04 12:49:00',0),(2101,1177,1657,1659,1661,'','0000001799',4.08,'2017-12-31 00:00:00','2018-01-04 14:44:07','2018-01-04 12:50:06',0),(2103,1177,1657,1659,1661,'','0000001800',36.00,'2017-12-31 00:00:00','2018-01-04 14:44:30','2018-01-04 12:50:30',0),(2105,1177,1657,1659,1661,'','0000001798',326.59,'2017-12-31 00:00:00','2018-01-04 14:44:48','2018-01-04 12:50:48',0),(2107,1177,1663,1665,1667,'','0000001802',20.86,'2017-12-31 00:00:00','2018-01-04 14:45:40','2018-01-04 12:51:39',0),(2109,1177,1663,1665,1667,'','0000001803',288.00,'2017-12-31 00:00:00','2018-01-04 14:46:07','2018-01-04 12:52:06',0),(2111,1177,1663,1665,1667,'','0000001801',1668.49,'2017-12-31 00:00:00','2018-01-04 14:46:36','2018-01-04 12:52:35',0),(2113,1177,1669,1671,1673,'','0000001777',60.00,'2017-12-14 00:00:00','2018-01-04 14:47:25','2018-01-04 12:53:24',0),(2115,1177,1669,1671,1673,'','0000001776',4800.00,'2017-12-14 00:00:00','2018-01-04 14:47:46','2018-01-04 12:53:46',0),(2117,1177,1675,1677,1679,'','0000001779',60.00,'2017-12-14 00:00:00','2018-01-04 14:48:42','2018-01-04 12:54:41',0),(2119,1177,1675,1677,1679,'','0000001778',4800.00,'2017-12-14 00:00:00','2018-01-04 14:48:57','2018-01-04 12:54:57',0),(2121,1177,1681,1683,1685,'','0000001805',2017.93,'2018-01-02 00:00:00','2018-01-04 14:51:08','2018-01-04 12:57:07',0),(2123,1177,1681,1683,1685,'','0000001804',161434.08,'2018-01-02 00:00:00','2018-01-04 14:51:38','2018-01-04 12:57:38',0),(2125,1177,1687,1689,1691,'','0000001806',13200.30,'2018-01-02 00:00:00','2018-01-04 14:52:39','2018-01-04 12:58:39',0),(2127,1177,1687,1689,1691,'','0000001807',660.01,'2018-01-02 00:00:00','2018-01-04 14:52:59','2018-01-04 12:58:58',0),(2643,1177,1245,2625,2641,'','2000000371',24000.00,'2017-02-16 00:00:00','2018-01-08 10:17:43','2018-01-08 08:23:46',0),(2653,1177,1251,2649,2651,'','3000005813',11734.98,'2017-02-14 10:36:00','2018-01-08 10:36:52','2018-01-08 08:42:55',0),(2661,1177,1257,2657,2659,'','1000002603',8237.95,'2017-01-05 00:00:00','2018-01-08 10:43:00','2018-01-08 08:49:03',0),(2671,1177,1263,2667,2669,'','0004000142',199.68,'2017-01-04 00:00:00','2018-01-08 10:47:45','2018-01-08 08:53:48',0),(2679,1177,1269,2675,2677,'','0000021135',1009.26,'2017-02-28 00:00:00','2018-01-08 10:55:54','2018-01-08 09:01:57',0),(2681,1177,1269,2675,2677,'','0000021055',5433.12,'2017-02-06 00:00:00','2018-01-08 10:58:25','2018-01-08 09:04:28',0),(2693,1177,1275,2689,2691,'','0000003012',10843.12,'2017-02-16 00:00:00','2018-01-08 11:18:45','2018-01-08 09:24:48',0),(2701,1177,1281,2697,2699,'','0000000008',11800.00,'2017-02-16 00:00:00','2018-01-08 11:32:10','2018-01-08 09:38:13',0),(2703,1177,1281,2697,2699,'','1000001380',24252.00,'2017-02-16 00:00:00','2018-01-08 11:32:34','2018-01-08 09:38:37',0),(2715,1177,1287,2711,2713,'','0000106281',1440.00,'2017-03-16 00:00:00','2018-01-08 11:43:37','2018-01-08 09:49:40',0),(2723,1177,1293,2719,2721,'','0000001407',3960.00,'2017-03-24 00:00:00','2018-01-08 12:43:16','2018-01-08 10:49:19',0),(2731,1177,1299,2727,2729,'','0000021136',927.07,'2017-02-28 00:00:00','2018-01-08 12:47:41','2018-01-08 10:53:44',0),(2739,1177,1305,2735,2737,'','0000021137',950.34,'2017-02-28 00:00:00','2018-01-08 12:58:09','2018-01-08 11:04:12',0),(2747,1177,1311,2743,2745,'','0000003046',9388.97,'2017-03-07 00:00:00','2018-01-08 13:03:23','2018-01-08 11:09:26',0),(2755,1177,1317,2751,2753,'','1000002645',21263.78,'2017-03-13 00:00:00','2018-01-08 13:10:22','2018-01-08 11:16:25',0),(2757,1177,1317,2751,2753,'','1000002646',11265.58,'2017-03-13 00:00:00','2018-01-08 13:11:20','2018-01-08 11:17:23',0),(2769,1177,1317,2765,2767,'','4000009032',7627.74,'2017-03-20 00:00:00','2018-01-08 13:16:45','2018-01-08 11:22:48',0),(2777,1177,1317,2773,2775,'','0000021241',22628.05,'2017-03-24 00:00:00','2018-01-08 13:24:10','2018-01-08 11:30:13',0),(2779,1177,1317,2773,2775,'','0000021236',6159.38,'2017-03-24 00:00:00','2018-01-08 13:24:41','2018-01-08 11:30:44',0),(2781,1177,1317,2773,2775,'','0000021228',10303.31,'2017-03-24 00:00:00','2018-01-08 13:25:17','2018-01-08 11:31:19',0),(2783,1177,1317,2773,2775,'','0000021220',222882.14,'2017-03-24 00:00:00','2018-01-08 13:26:12','2018-01-08 11:32:15',0),(2789,1177,1317,2785,2787,'','4000004034',8525.95,'2017-03-22 00:00:00','2018-01-08 13:44:31','2018-01-08 11:50:34',0),(2797,1177,1317,2793,2795,'','0000000729',4800.04,'2017-03-24 00:00:00','2018-01-08 14:03:15','2018-01-08 12:09:18',0),(2805,1177,1317,2801,2803,'','0000006272',1801.44,'2017-03-14 00:00:00','2018-01-08 14:07:29','2018-01-08 12:13:32',0),(2813,1177,1317,2809,2811,'','0000012719',757.10,'2017-03-30 00:00:00','2018-01-08 14:10:56','2018-01-08 12:16:59',0),(2821,1177,1317,2817,2819,'','0000000167',2323.52,'2017-03-07 00:00:00','2018-01-08 14:17:26','2018-01-08 12:23:29',0),(2829,1177,1317,2825,2827,'','0000001649',22296.46,'2017-03-15 00:00:00','2018-01-08 14:24:13','2018-01-08 12:30:16',0),(2837,1177,1317,2833,2835,'','0000008110',8017.34,'2017-03-20 00:00:00','2018-01-08 14:39:17','2018-01-08 12:45:20',0),(2839,1177,1317,2833,2835,'','0000008163',4341.60,'2017-03-30 00:00:00','2018-01-08 14:39:43','2018-01-08 12:45:46',0),(2851,1177,1317,2847,2849,'','0000002090',1184.40,'2017-03-22 00:00:00','2018-01-08 14:44:52','2018-01-08 12:50:55',0),(2859,1177,1323,2855,2857,'','0000000731',11097.91,'2017-03-24 00:00:00','2018-01-08 14:49:43','2018-01-08 12:55:46',0),(2867,1177,1323,2863,2865,'','0000021238',4940.86,'2017-03-24 00:00:00','2018-01-08 14:51:59','2018-01-08 12:58:02',0),(2873,1177,1323,2869,2871,'','0000012717',1527.16,'2017-03-30 00:00:00','2018-01-08 14:55:46','2018-01-08 13:01:49',0),(2881,1177,1329,2877,2879,'','0000021226',9294.11,'2017-03-24 00:00:00','2018-01-08 16:20:01','2018-01-08 14:26:04',0),(2883,1177,1329,2877,2879,'','0000021232',14301.64,'2017-03-24 00:00:00','2018-01-08 16:20:31','2018-01-08 14:26:34',0),(2885,1177,1329,2877,2879,'','0000021222',226755.20,'2017-03-24 00:00:00','2018-01-08 16:21:25','2018-01-08 14:27:28',0),(2887,1177,1329,2877,2879,'','0000021243',2998.80,'2017-03-24 00:00:00','2018-01-08 16:21:51','2018-01-08 14:27:54',0),(2889,1177,1329,2877,2879,'','0000021244',2998.80,'2017-03-24 00:00:00','2018-01-08 16:22:16','2018-01-08 14:28:19',0),(2891,1177,1329,2877,2879,'','0000021240',2142.00,'2017-03-24 00:00:00','2018-01-08 16:22:44','2018-01-08 14:28:47',0),(2893,1177,1329,2877,2879,'','0000021230',11374.76,'2017-03-24 00:00:00','2018-01-08 16:23:04','2018-01-08 14:29:07',0),(2895,1177,1329,2877,2879,'','0000021234',25602.65,'2017-03-24 00:00:00','2018-01-08 16:23:27','2018-01-08 14:29:30',0),(2903,1177,1329,2899,2901,'','0100000145',1807.20,'2017-03-15 00:00:00','2018-01-08 16:28:27','2018-01-08 14:34:30',0),(2911,1177,1329,2907,2909,'','0000049793',1381.54,'2017-03-24 00:00:00','2018-01-08 16:32:40','2018-01-08 14:38:43',0),(2919,1177,1329,2915,2917,'','0100004981',12462.32,'2017-03-28 00:00:00','2018-01-08 16:37:16','2018-01-08 14:43:19',0),(2927,1177,1329,2923,2925,'','0000000730',4800.00,'2017-03-24 00:00:00','2018-01-08 16:39:34','2018-01-08 14:45:37',0),(2935,1177,1329,2931,2933,'','0000006277',2978.75,'2017-03-16 00:00:00','2018-01-08 16:43:51','2018-01-08 14:49:54',0),(2943,1177,1329,2939,2941,'','0000012718',729.73,'2017-03-30 00:00:00','2018-01-08 16:46:13','2018-01-08 14:52:16',0),(2959,1177,1329,2955,2957,'','7000001269',12936.00,'2017-03-17 00:00:00','2018-01-08 16:53:20','2018-01-08 14:59:23',0),(2967,1177,1329,2963,2965,'','00000039937',2426.76,'2017-03-27 00:00:00','2018-01-08 16:56:46','2018-01-08 15:02:49',0),(2975,1177,1329,2971,2973,'','0000008164',10666.70,'2017-03-30 00:00:00','2018-01-08 16:59:13','2018-01-08 15:05:16',0),(2983,1177,1335,2979,2981,'','0000021249',871.94,'2017-03-27 00:00:00','2018-01-08 17:17:40','2018-01-08 15:23:43',0),(2993,1177,1341,2987,2989,'','0000021250',5433.12,'2017-03-27 00:00:00','2018-01-09 10:16:38','2018-01-09 08:22:42',0),(2995,1177,1341,2987,2989,'','0000021256',1236.67,'2017-03-27 00:00:00','2018-01-09 10:17:08','2018-01-09 08:23:11',0),(2997,1177,1341,2987,2989,'','0000021441',2.41,'2017-05-04 00:00:00','2018-01-09 10:17:53','2018-01-09 08:23:57',0),(3007,1177,1347,3003,3005,'','0000000811',1843.20,'2017-05-15 00:00:00','2018-01-09 11:05:51','2018-01-09 09:11:55',0),(3017,1177,1347,3013,3015,'','0000007978',7218.50,'2017-04-27 00:00:00','2018-01-09 11:10:10','2018-01-09 09:16:13',0),(3027,1177,1347,3023,3025,'','416',720.00,'2017-04-19 00:00:00','2018-01-09 11:14:04','2018-01-09 09:20:08',0),(3037,1177,1347,3033,3035,'','0796122249',15717.40,'2017-05-15 00:00:00','2018-01-09 11:20:03','2018-01-09 09:26:07',0),(3045,1177,1347,3041,3043,'','0000001670',4165.92,'2017-04-10 00:00:00','2018-01-09 11:23:24','2018-01-09 09:29:28',0),(3053,1177,1347,3049,3051,'','4000009105',20207.64,'2017-04-07 00:00:00','2018-01-09 11:25:46','2018-01-09 09:31:50',0),(3061,1177,1353,3057,3059,'','0000021306',1405.44,'2017-04-03 00:00:00','2018-01-09 12:05:32','2018-01-09 10:11:36',0),(3063,1177,1353,3057,3059,'','0000021412',776.00,'2017-04-28 00:00:00','2018-01-09 12:06:06','2018-01-09 10:12:09',0),(3073,1177,1359,3069,3071,'','0000021352',800.68,'2017-04-21 00:00:00','2018-01-09 12:13:23','2018-01-09 10:19:27',0),(3081,1177,1365,3077,3079,'','0000021493',28860.25,'2017-05-16 00:00:00','2018-01-09 12:30:56','2018-01-09 10:37:00',0),(3083,1177,1365,3077,3079,'','0000021491',6373.19,'2017-05-16 00:00:00','2018-01-09 12:31:23','2018-01-09 10:37:27',0),(3085,1177,1365,3077,3079,'','0000021497',164647.04,'2017-05-16 00:00:00','2018-01-09 12:31:47','2018-01-09 10:37:51',0),(3087,1177,1365,3077,3079,'','0000021492',12242.40,'2017-05-16 00:00:00','2018-01-09 12:32:11','2018-01-09 10:38:14',0),(3089,1177,1365,3077,3079,'','0000021495',36378.43,'2017-05-16 00:00:00','2018-01-09 12:32:40','2018-01-09 10:38:44',0),(3091,1177,1365,3077,3079,'','0000021494',9358.69,'2017-05-16 00:00:00','2018-01-09 12:33:06','2018-01-09 10:39:10',0),(3093,1177,1365,3077,3079,'','0000021498',18340.08,'2017-05-16 00:00:00','2018-01-09 12:33:30','2018-01-09 10:39:34',0),(3113,1177,1365,3109,3111,'','1000002692',19855.58,'2017-05-11 00:00:00','2018-01-09 12:51:29','2018-01-09 10:57:33',0),(3123,1177,1365,3119,3121,'','0100005092',12289.45,'2017-05-17 00:00:00','2018-01-09 14:14:43','2018-01-09 12:20:47',0),(3131,1177,1365,3127,3129,'','0000006410',1995.84,'2017-05-05 00:00:00','2018-01-09 14:16:51','2018-01-09 12:22:55',0),(3139,1177,1365,3135,3137,'','0000000465',6000.00,'2017-05-02 00:00:00','2018-01-09 14:19:53','2018-01-09 12:25:57',0),(3149,1177,1365,3145,3147,'','0000000616',2442.00,'2017-05-12 00:00:00','2018-01-09 14:23:51','2018-01-09 12:29:55',0),(3151,1177,1365,3145,3147,'','0100000205',955.50,'2017-05-15 00:00:00','2018-01-09 14:24:17','2018-01-09 12:30:21',0),(3161,1177,1365,3157,3159,'','0000013408',462.86,'2017-06-30 00:00:00','2018-01-09 14:30:10','2018-01-09 12:36:14',0),(3171,1177,1365,3167,3169,'','3853',2300.05,'2017-05-16 00:00:00','2018-01-09 14:33:35','2018-01-09 12:39:39',0),(3179,1177,1365,3175,3177,'','5000001044',12936.00,'2017-05-05 00:00:00','2018-01-09 14:35:46','2018-01-09 12:41:50',0),(3187,1177,1365,3183,3185,'','4056',1784.16,'2017-05-11 00:00:00','2018-01-09 14:38:57','2018-01-09 12:45:01',0),(3197,1177,1365,3193,3195,'','0000000034',928.11,'2017-05-17 00:00:00','2018-01-09 14:41:17','2018-01-09 11:42:27',0),(3207,1177,1365,3203,3205,'','0000001340',1070.17,'2017-05-22 00:00:00','2018-01-09 14:44:31','2018-01-09 12:50:35',0),(3215,1177,1365,3211,3213,'','0000008343',18988.51,'2017-05-05 00:00:00','2018-01-09 14:48:22','2018-01-09 12:54:26',0),(3225,1177,1365,3221,3223,'','0000001330',2400.00,'2017-05-22 00:00:00','2018-01-09 14:51:23','2018-01-09 12:57:27',0),(3233,1177,1371,3229,3231,'','0000021400',833.50,'2017-04-28 00:00:00','2018-01-09 14:55:40','2018-01-09 13:01:43',0),(3235,1177,1371,3229,3231,'','0000021346',1384.56,'2017-04-20 00:00:00','2018-01-09 14:56:07','2018-01-09 13:02:11',0),(3245,1177,1379,3241,3243,'','0000021361',206.64,'2017-04-24 00:00:00','2018-01-09 15:22:58','2018-01-10 07:45:16',0),(3253,1177,1385,3249,3251,'','0000021381',305.96,'2017-04-26 00:00:00','2018-01-09 15:27:55','2018-01-09 13:33:58',0),(3261,1177,1391,3257,3259,'','0000021483',106394.17,'2017-05-15 00:00:00','2018-01-09 16:10:38','2018-01-09 14:16:42',0),(3263,1177,1391,3257,3259,'','0000021484',15229.20,'2017-05-15 00:00:00','2018-01-09 16:11:19','2018-01-09 14:17:23',0),(3265,1177,1391,3257,3259,'','0000021496',2886.80,'2017-05-16 00:00:00','2018-01-09 16:12:36','2018-01-09 14:18:40',0),(3277,1177,1391,3273,3275,'','1000002693',28891.52,'2017-05-11 00:00:00','2018-01-09 16:24:42','2018-01-09 14:30:46',0),(3285,1177,1391,3281,3283,'','0100005091',12086.50,'2017-05-17 00:00:00','2018-01-09 16:30:48','2018-01-09 14:36:52',0),(3293,1177,1391,3289,3291,'','0000000810',4800.04,'2017-05-15 00:00:00','2018-01-09 16:46:01','2018-01-09 14:52:05',0),(3301,1177,1391,3297,3299,'','0000006409',1651.32,'2017-05-17 00:00:00','2018-01-09 16:50:06','2018-01-09 14:56:10',0),(3309,1177,1391,3305,3307,'','0000013174',361.45,'2017-05-31 00:00:00','2018-01-09 16:54:28','2018-01-09 15:00:32',0),(3317,1177,1391,3313,3315,'','0004000320',1580.04,'2017-05-17 00:00:00','2018-01-09 17:06:12','2018-01-09 15:12:16',0),(3325,1177,1391,3321,3323,'','5000001045',11760.00,'2017-05-05 00:00:00','2018-01-09 17:09:07','2018-01-09 15:15:11',0),(3333,1177,1391,3329,3331,'','0000000262',2400.00,'2017-05-11 00:00:00','2018-01-09 17:12:15','2018-01-09 15:18:19',0),(3341,1177,1391,3337,3339,'','0000008342',4899.24,'2017-05-05 00:00:00','2018-01-09 17:17:48','2018-01-09 15:23:52',0),(3349,1177,1391,3345,3347,'','0000002146',1855.56,'2017-05-02 00:00:00','2018-01-09 17:20:43','2018-01-09 15:26:47',0),(3353,1177,1269,2675,2677,'','0000021202',-163.00,'2017-03-21 00:00:00','2018-01-10 09:51:31','2018-01-10 07:57:35',0),(3355,1177,1299,2727,2729,'','0000021201',-27.82,'2017-03-21 00:00:00','2018-01-10 09:53:25','2018-01-10 07:59:29',0),(3357,1177,1305,2735,2737,'','0000021200',-28.51,'2017-03-21 00:00:00','2018-01-10 09:56:37','2018-01-10 08:02:42',0),(3359,1177,1317,2773,2775,'','0000021242',-4264.43,'2017-03-24 00:00:00','2018-01-10 09:59:22','2018-01-10 08:05:27',0),(3361,1177,1317,2773,2775,'','0000021237',-184.78,'2017-03-24 00:00:00','2018-01-10 09:59:46','2018-01-10 08:05:50',0),(3363,1177,1317,2773,2775,'','0000021229',-206.06,'2017-03-24 00:00:00','2018-01-10 10:00:05','2018-01-10 08:06:10',0),(3365,1177,1317,2773,2775,'','21221',-17299.52,'2017-03-24 00:00:00','2018-01-10 10:01:03','2018-01-10 08:07:07',0),(3367,1177,1323,2863,2865,'','0000021239',-553.86,'2017-03-24 00:00:00','2018-01-10 10:02:34','2018-01-10 08:08:39',0),(3369,1177,1323,2869,2871,'','0000013374',-457.63,'2017-06-09 00:00:00','2018-01-10 10:04:51','2018-01-10 08:10:56',0),(3371,1177,1329,2877,2879,'','0000021235',-4423.10,'2017-03-24 00:00:00','2018-01-10 10:06:43','2018-01-10 08:12:48',0),(3373,1177,1329,2877,2879,'','0000021233',-429.05,'2017-03-24 00:00:00','2018-01-10 10:12:02','2018-01-10 08:18:07',0),(3375,1177,1329,2877,2879,'','0000021245',-244.19,'2017-03-24 00:00:00','2018-01-10 10:12:25','2018-01-10 08:18:30',0),(3377,1177,1329,2877,2879,'','0000021231',-227.50,'2017-03-24 00:00:00','2018-01-10 10:13:07','2018-01-10 08:19:12',0),(3379,1177,1329,2877,2879,'','0000021227',-185.88,'2017-03-24 00:00:00','2018-01-10 10:13:47','2018-01-10 08:19:51',0),(3381,1177,1329,2877,2879,'','21223',-17633.40,'2017-03-24 00:00:00','2018-01-10 10:14:38','2018-01-10 08:20:42',0),(3383,1177,1335,2979,2981,'','0000021257',-26.16,'2017-03-28 00:00:00','2018-01-10 10:16:14','2018-01-10 08:22:18',0),(3385,1177,1341,2987,2989,'','0000021267',-163.00,'2017-03-29 00:00:00','2018-01-10 10:17:56','2018-01-10 08:24:00',0),(3387,1177,1353,3057,3059,'','0000021512',-42.17,'2017-05-19 00:00:00','2018-01-10 10:19:04','2018-01-10 08:25:08',0),(3389,1177,1359,3069,3071,'','0000021510',-24.02,'2017-05-19 00:00:00','2018-01-10 10:19:56','2018-01-10 08:26:01',0),(3391,1177,1365,3077,3079,'','0000021507',-187.18,'2017-05-19 00:00:00','2018-01-10 10:21:38','2018-01-10 08:27:42',0),(3395,1177,1365,3077,3079,'','0000021508',-727.57,'2017-05-19 00:00:00','2018-01-10 10:24:10','2018-01-10 08:30:15',0),(3399,1177,1365,3077,3079,'','0000021506',-577.20,'2017-05-19 00:00:00','2018-01-10 10:25:14','2018-01-10 08:31:19',0),(3403,1177,1365,3077,3079,'','0000021515',-367.27,'2017-05-19 00:00:00','2018-01-10 10:26:33','2018-01-10 08:32:37',0),(3407,1177,1365,3077,3079,'','0000021501',-3413.47,'2017-05-17 00:00:00','2018-01-10 10:27:33','2018-01-10 08:33:38',0),(3411,1177,1365,3077,3079,'','0000021499',-12184.50,'2017-05-17 00:00:00','2018-01-10 10:28:31','2018-01-10 08:34:36',0),(3415,1177,1371,3229,3231,'','0000021511',-41.51,'2017-05-19 00:00:00','2018-01-10 10:30:50','2018-01-10 08:36:55',0),(3419,1177,1379,3241,3243,'','0000021514',-6.20,'2017-05-19 00:00:00','2018-01-10 10:33:57','2018-01-10 08:40:02',0),(3425,1177,1385,3249,3251,'','0000021513',-9.18,'2017-05-19 00:00:00','2018-01-10 10:48:11','2018-01-10 08:54:16',0),(3429,1177,1391,3257,3259,'','0000021509',-57.73,'2017-05-19 00:00:00','2018-01-10 10:50:36','2018-01-10 08:56:41',0),(3433,1177,1391,3257,3259,'','0000021490',-3028.20,'2017-05-16 00:00:00','2018-01-10 10:51:32','2018-01-10 08:57:37',0),(3437,1177,1391,3257,3259,'','0000021500',-7983.71,'2017-05-17 00:00:00','2018-01-10 10:52:33','2018-01-10 08:58:38',0),(3445,1177,1397,3441,3443,'','0000021619',20009.95,'2017-06-05 00:00:00','2018-01-10 11:09:59','2018-01-10 09:16:04',0),(3447,1177,1397,3441,3443,'','0000021639',-183.06,'2017-06-08 00:00:00','2018-01-10 11:10:24','2018-01-10 09:16:28',0),(3449,1177,1397,3441,3443,'','0000021629',-3404.35,'2017-06-06 00:00:00','2018-01-10 11:10:59','2018-01-10 09:17:04',0),(3451,1177,1397,3441,3443,'','0000021633',-7986.90,'2017-06-08 00:00:00','2018-01-10 11:11:27','2018-01-10 09:17:32',0),(3453,1177,1397,3441,3443,'','0000021618',111458.14,'2017-06-05 00:00:00','2018-01-10 11:11:50','2018-01-10 09:17:55',0),(3455,1177,1397,3441,3443,'','0000021617',9153.29,'2017-06-05 00:00:00','2018-01-10 11:12:10','2018-01-10 09:18:15',0),(3467,1177,1397,3463,3465,'','2710',2464.34,'2017-06-05 00:00:00','2018-01-10 11:25:55','2018-01-10 09:32:00',0),(3475,1177,1397,3471,3473,'','4000004406',8525.95,'2017-06-15 00:00:00','2018-01-10 11:29:15','2018-01-10 09:35:20',0),(3483,1177,1397,3479,3481,'','0000000812',2400.00,'2017-05-15 00:00:00','2018-01-10 11:32:00','2018-01-10 09:38:05',0),(3491,1177,1397,3487,3489,'','0000006432',2099.06,'2017-05-15 00:00:00','2018-01-10 11:41:18','2018-01-10 09:47:22',0),(3499,1177,1397,3495,3497,'','0000013175',534.17,'2017-05-31 00:00:00','2018-01-10 11:47:54','2018-01-10 09:53:59',0),(3507,1177,1397,3503,3505,'','4071',2592.00,'2017-05-30 00:00:00','2018-01-10 12:03:51','2018-01-10 10:09:56',0),(3515,1177,1397,3511,3513,'','0000008454',9739.44,'2017-05-31 00:00:00','2018-01-10 12:05:38','2018-01-10 10:11:43',0),(3523,1177,1403,3519,3521,'','4000009334',3661.31,'2017-06-13 00:00:00','2018-01-10 12:11:01','2018-01-10 10:17:06',0),(3531,1177,1403,3527,3529,'','0000021623',1635.86,'2017-06-05 00:00:00','2018-01-10 12:13:35','2018-01-10 10:19:39',0),(3533,1177,1403,3527,3529,'','0000021687',30194.26,'2017-06-20 00:00:00','2018-01-10 12:14:03','2018-01-10 10:20:08',0),(3535,1177,1403,3527,3529,'','0000021621',20782.64,'2017-06-05 00:00:00','2018-01-10 12:14:29','2018-01-10 10:20:34',0),(3537,1177,1403,3527,3529,'','0000021640',22556.40,'2017-06-08 00:00:00','2018-01-10 12:14:50','2018-01-10 10:20:55',0),(3539,1177,1403,3527,3529,'','0000021620',29361.16,'2017-06-05 00:00:00','2018-01-10 12:15:13','2018-01-10 10:21:18',0),(3541,1177,1403,3527,3529,'','0000021662',-587.22,'2017-06-12 00:00:00','2018-01-10 12:15:36','2018-01-10 10:21:41',0),(3543,1177,1403,3527,3529,'','0000021661',-415.66,'2017-06-12 00:00:00','2018-01-10 12:16:02','2018-01-10 10:22:06',0),(3545,1177,1403,3527,3529,'','0000021694',-5723.46,'2017-06-21 00:00:00','2018-01-10 12:16:30','2018-01-10 10:22:35',0),(3547,1177,1403,3527,3529,'','0000021660',-676.69,'2017-06-12 00:00:00','2018-01-10 12:16:51','2018-01-10 10:22:55',0),(3573,1177,1403,3569,3571,'','2711',660.00,'2017-06-05 00:00:00','2018-01-10 12:28:54','2018-01-10 10:34:59',0),(3577,1177,1403,3569,3571,'','2709',4928.69,'2017-06-05 00:00:00','2018-01-10 12:30:42','2018-01-10 10:36:47',0),(3585,1177,1403,3581,3583,'','00000000842',4803.84,'2017-06-22 00:00:00','2018-01-10 12:33:53','2018-01-10 10:39:58',0),(3593,1177,1403,3589,3591,'','0000006487',3459.00,'2017-06-05 00:00:00','2018-01-10 12:36:24','2018-01-10 10:42:29',0),(3601,1177,1403,3597,3599,'','0000013629',840.59,'2017-07-31 00:00:00','2018-01-10 12:38:10','2018-01-10 10:44:14',0),(3609,1177,1403,3605,3607,'','216',2323.52,'2017-05-15 00:00:00','2018-01-10 12:40:40','2018-01-10 10:46:45',0),(3617,1177,1403,3613,3615,'','1716',27448.12,'2017-06-12 00:00:00','2018-01-10 12:43:08','2018-01-10 10:49:13',0),(3625,1177,1403,3621,3623,'','0000008489',10613.16,'2017-06-05 00:00:00','2018-01-10 12:46:50','2018-01-10 10:52:55',0),(3633,1177,1403,3629,3631,'','3021',1713.60,'2017-06-21 00:00:00','2018-01-10 12:50:07','2018-01-10 10:56:11',0),(3641,1177,1403,3637,3639,'','1676',2297.10,'2017-06-19 00:00:00','2018-01-10 12:52:45','2018-01-10 10:58:50',0),(3649,1177,1409,3645,3647,'','0000021750',272105.35,'2017-07-03 00:00:00','2018-01-10 13:27:41','2018-01-10 11:33:45',0),(3651,1177,1409,3645,3647,'','0000021754',10440.34,'2017-07-03 00:00:00','2018-01-10 13:41:16','2018-01-10 11:47:21',0),(3653,1177,1409,3645,3647,'','0000021753',19538.75,'2017-07-03 00:00:00','2018-01-10 13:41:39','2018-01-10 11:47:44',0),(3655,1177,1409,3645,3647,'','0000021773',27758.42,'2017-07-05 00:00:00','2018-01-10 13:42:02','2018-01-10 11:48:07',0),(3657,1177,1409,3645,3647,'','0000021772',-21376.04,'2017-07-05 00:00:00','2018-01-10 13:42:26','2018-01-10 11:48:30',0),(3659,1177,1409,3645,3647,'','0000021774',-4840.94,'2017-07-05 00:00:00','2018-01-10 13:42:48','2018-01-10 11:48:53',0),(3661,1177,1409,3645,3647,'','0000021778',-208.81,'2017-07-06 00:00:00','2018-01-10 13:43:12','2018-01-10 11:49:16',0),(3663,1177,1409,3645,3647,'','0000021770',-390.78,'2017-07-05 00:00:00','2018-01-10 13:43:31','2018-01-10 11:49:36',0),(3669,1177,1409,3665,3667,'','0000000856',2112.02,'2017-06-30 00:00:00','2018-01-10 13:52:53','2018-01-10 11:58:58',0),(3671,1177,1409,3665,3667,'','0000000859',2688.04,'2017-07-03 00:00:00','2018-01-10 13:53:34','2018-01-10 11:59:39',0),(3677,1177,1409,3673,3675,'','0000006511',2094.35,'2017-06-20 00:00:00','2018-01-10 13:56:48','2018-01-10 12:02:53',0),(3685,1177,1409,3681,3683,'','0000013628',670.48,'2017-07-31 00:00:00','2018-01-10 13:59:06','2018-01-10 12:05:11',0),(3693,1177,1409,3689,3691,'','248',2323.52,'2017-06-07 00:00:00','2018-01-10 14:01:59','2018-01-10 12:08:04',0),(3701,1177,1409,3697,3699,'','0000004101',2629.00,'2017-06-30 00:00:00','2018-01-10 14:04:12','2018-01-10 12:10:17',0),(3709,1177,1409,3705,3707,'','0000008525',10594.20,'2017-06-27 00:00:00','2018-01-10 14:06:03','2018-01-10 12:12:08',0),(3717,1177,1415,3713,3715,'','0000003170',3285.79,'2017-07-04 00:00:00','2018-01-10 15:04:26','2018-01-10 13:10:31',0),(3725,1177,1421,3721,3723,'','0000021689',929.93,'2017-06-20 00:00:00','2018-01-10 15:06:54','2018-01-10 13:12:59',0),(3727,1177,1421,3721,3723,'','0000021622',1134.00,'2017-06-05 00:00:00','2018-01-10 15:07:18','2018-01-10 13:13:23',0),(3729,1177,1421,3721,3723,'','0000021690',-34.02,'2017-06-20 00:00:00','2018-01-10 15:08:14','2018-01-10 13:14:18',0),(3741,1177,1421,3737,3739,'','698',439.30,'2017-05-25 00:00:00','2018-01-10 15:12:34','2018-01-10 13:18:39',0),(3751,1177,1427,3747,3749,'','0000021760',6420.06,'2017-07-03 00:00:00','2018-01-11 14:16:36','2018-01-11 12:22:42',0),(3753,1177,1427,3747,3749,'','0000021786',3168.44,'2017-07-10 00:00:00','2018-01-11 14:17:09','2018-01-11 12:23:15',0),(3755,1177,1427,3747,3749,'','0000021686',12587.60,'2017-06-20 00:00:00','2018-01-11 14:17:56','2018-01-11 12:24:01',0),(3757,1177,1427,3747,3749,'','0000021755',14973.84,'2017-07-03 00:00:00','2018-01-11 14:18:17','2018-01-11 12:24:23',0),(3759,1177,1427,3747,3749,'','0000021777',-299.47,'2017-07-06 00:00:00','2018-01-11 14:18:38','2018-01-11 12:24:44',0),(3761,1177,1427,3747,3749,'','0000021767',-7882.92,'2017-07-04 00:00:00','2018-01-11 14:19:03','2018-01-11 12:25:09',0),(3763,1177,1427,3747,3749,'','0000021692',-2606.15,'2017-06-21 00:00:00','2018-01-11 14:19:30','2018-01-11 12:25:36',0),(3765,1177,1427,3747,3749,'','0000021787',-63.37,'2017-07-11 00:00:00','2018-01-11 14:19:51','2018-01-11 12:25:57',0),(3771,1177,1427,3767,3769,'','2741',4928.69,'2017-07-04 00:00:00','2018-01-11 14:23:08','2018-01-11 12:29:14',0),(3779,1177,1427,3775,3777,'','0100005211',10056.83,'2017-06-27 00:00:00','2018-01-11 14:27:35','2018-01-11 12:33:40',0),(3787,1177,1427,3783,3785,'','0000000854',1215.35,'2017-06-30 00:00:00','2018-01-11 14:30:16','2018-01-11 12:36:21',0),(3789,1177,1427,3783,3785,'','0000000858',708.95,'2017-07-03 00:00:00','2018-01-11 14:30:45','2018-01-11 12:36:51',0),(3799,1177,1427,3795,3797,'','0000006503',1663.20,'2017-06-14 00:00:00','2018-01-11 14:35:24','2018-01-11 12:41:30',0),(3807,1177,1427,3803,3805,'','0000013627',267.11,'2017-07-31 00:00:00','2018-01-11 14:38:12','2018-01-11 12:44:18',0),(3817,1177,1427,3813,3815,'','426',6030.00,'2017-06-06 00:00:00','2018-01-11 14:42:23','2018-01-11 12:48:29',0),(3825,1177,1427,3821,3823,'','6000000855',9878.40,'2017-06-30 00:00:00','2018-01-11 14:44:48','2018-01-11 12:50:53',0),(3833,1177,1427,3829,3831,'','0000004102',1404.00,'2017-06-30 00:00:00','2018-01-11 14:47:47','2018-01-11 12:53:53',0),(3841,1177,1427,3837,3839,'','0000001372',891.82,'2017-06-23 00:00:00','2018-01-11 14:49:54','2018-01-11 11:50:34',0),(3849,1177,1427,3845,3847,'','0000008523',3898.30,'2017-06-27 00:00:00','2018-01-11 14:52:26','2018-01-11 12:58:32',0),(3857,1177,1433,3853,3855,'','4000009332',5186.86,'2017-06-13 00:00:00','2018-01-11 14:56:58','2018-01-11 13:03:04',0),(3865,1177,1433,3861,3863,'','0000021748',184959.11,'2017-07-03 00:00:00','2018-01-11 15:01:32','2018-01-11 13:07:38',0),(3867,1177,1433,3861,3863,'','0000021752',5632.20,'2017-07-03 00:00:00','2018-01-11 15:02:04','2018-01-11 13:08:10',0),(3869,1177,1433,3861,3863,'','0000021751',4341.94,'2017-07-03 00:00:00','2018-01-11 15:02:33','2018-01-11 13:08:39',0),(3871,1177,1433,3861,3863,'','0000021756',2979.28,'2017-07-03 00:00:00','2018-01-11 15:02:57','2018-01-11 13:09:03',0),(3873,1177,1433,3861,3863,'','0000021688',27129.74,'2017-06-20 00:00:00','2018-01-11 15:03:28','2018-01-11 13:09:33',0),(3875,1177,1433,3861,3863,'','0000021768',-14320.94,'2017-07-04 00:00:00','2018-01-11 15:03:51','2018-01-11 13:09:57',0),(3877,1177,1433,3861,3863,'','0000021693',-4711.93,'2017-06-21 00:00:00','2018-01-11 15:04:14','2018-01-11 13:10:19',0),(3879,1177,1433,3861,3863,'','0000021781',-112.64,'2017-07-06 00:00:00','2018-01-11 15:04:36','2018-01-11 13:10:42',0),(3881,1177,1433,3861,3863,'','0000021771',-86.84,'2017-07-05 00:00:00','2018-01-11 15:04:59','2018-01-11 13:11:05',0),(3883,1177,1433,3861,3863,'','0000021776',-89.38,'2017-07-06 00:00:00','2018-01-11 15:05:17','2018-01-11 13:11:23',0),(3889,1177,1433,3885,3887,'','4528',8525.95,'2017-07-04 00:00:00','2018-01-11 15:08:41','2018-01-11 13:14:47',0),(3897,1177,1433,3893,3895,'','0000000845',6240.00,'2017-06-28 00:00:00','2018-01-11 15:11:25','2018-01-11 13:17:31',0),(3905,1177,1433,3901,3903,'','0000006500',2376.00,'2017-06-13 00:00:00','2018-01-11 15:13:38','2018-01-11 13:19:44',0),(3913,1177,1433,3909,3911,'','0000013409',567.89,'2017-06-30 00:00:00','2018-01-11 15:16:24','2018-01-11 13:22:30',0),(3921,1177,1433,3917,3919,'','247',1161.76,'2017-06-06 00:00:00','2018-01-11 15:20:39','2018-01-11 13:26:45',0),(3931,1177,1433,3927,3929,'','2000000151',2265.41,'2017-07-03 00:00:00','2018-01-11 15:22:59','2018-01-11 13:29:05',0),(3939,1177,1433,3935,3937,'','0000001715',23082.71,'2017-06-12 00:00:00','2018-01-11 15:25:28','2018-01-11 13:31:34',0),(3949,1177,1433,3943,3945,'','0000008524',6696.00,'2017-06-27 00:00:00','2018-01-11 15:27:59','2018-01-11 13:34:05',0),(3957,1177,1433,3953,3955,'','0000002204',2842.56,'2017-06-19 00:00:00','2018-01-11 15:31:44','2018-01-11 13:37:50',0),(3965,1177,1433,3961,3963,'','0000003017',1555.20,'2017-06-19 00:00:00','2018-01-11 15:34:16','2018-01-11 13:40:22',0),(3975,1177,1439,3971,3973,'','0000000326',1440.00,'2017-06-05 00:00:00','2018-01-11 15:37:58','2018-01-11 13:44:04',0),(3983,1177,1445,3979,3981,'','0000022063',146016.00,'2017-09-26 00:00:00','2018-01-11 15:43:47','2018-01-11 13:49:53',0),(3985,1177,1445,3979,3981,'','0000022067',27258.01,'2017-09-26 00:00:00','2018-01-11 15:44:10','2018-01-11 13:50:15',0),(3987,1177,1445,3979,3981,'','0000022064',-6084.00,'2017-09-26 00:00:00','2018-01-11 15:44:45','2018-01-11 13:50:51',0),(3989,1177,1445,3979,3981,'','0000022068',-5637.48,'2017-09-26 00:00:00','2018-01-11 15:45:08','2018-01-11 13:51:14',0),(4003,1177,1445,3999,4001,'','0000014614',203.52,'2017-12-29 00:00:00','2018-01-11 15:52:38','2018-01-11 13:58:44',0),(4009,1177,1451,4005,4007,'','0000021850',1405.44,'2017-07-31 00:00:00','2018-01-11 15:55:43','2018-01-11 14:01:49',0),(4011,1177,1451,4005,4007,'','0000021863',809.68,'2017-07-31 00:00:00','2018-01-11 15:56:05','2018-01-11 14:02:10',0),(4013,1177,1451,4005,4007,'','0000022134',-42.17,'2017-10-09 00:00:00','2018-01-11 15:56:28','2018-01-11 14:02:34',0),(4023,1177,1457,4019,4021,'','0000021859',305.96,'2017-07-31 00:00:00','2018-01-11 16:24:02','2018-01-11 14:30:07',0),(4027,1177,1457,4019,4021,'','0000022133',-9.18,'2017-10-09 00:00:00','2018-01-11 16:24:49','2018-01-11 14:30:54',0),(4035,1177,1463,4031,4033,'','0000021860',148.55,'2017-07-31 00:00:00','2018-01-11 16:32:22','2018-01-11 14:38:28',0),(4037,1177,1463,4031,4033,'','0000022132',-4.45,'2017-10-09 00:00:00','2018-01-11 16:32:49','2018-01-11 14:38:55',0),(4045,1177,1469,4041,4043,'','0000021861',800.68,'2017-07-31 00:00:00','2018-01-11 16:35:28','2018-01-11 14:41:34',0),(4047,1177,1469,4041,4043,'','0000022131',-24.02,'2017-10-09 00:00:00','2018-01-11 16:35:55','2018-01-11 14:42:01',0),(4057,1177,1481,4053,4055,'','0000021864',206.64,'2017-07-31 00:00:00','2018-01-11 16:50:14','2018-01-11 14:56:20',0),(4059,1177,1481,4053,4055,'','0000022130',-6.20,'2017-10-09 00:00:00','2018-01-11 16:50:37','2018-01-11 14:56:42',0),(4067,1177,1487,4063,4065,'','0000022128',1145.34,'2017-10-09 00:00:00','2018-01-11 16:54:50','2018-01-11 15:00:56',0),(4069,1177,1487,4063,4065,'','0000022126',1134.00,'2017-10-09 00:00:00','2018-01-11 16:55:11','2018-01-11 15:01:17',0),(4071,1177,1487,4063,4065,'','0000022129',-145.15,'2017-10-09 00:00:00','2018-01-11 16:55:31','2018-01-11 15:01:37',0),(4073,1177,1487,4063,4065,'','0000022127',-34.02,'2017-10-09 00:00:00','2018-01-11 16:55:53','2018-01-11 15:01:59',0),(4085,1177,1487,4081,4083,'','950',439.30,'2017-08-25 00:00:00','2018-01-11 17:01:40','2018-01-11 15:07:46',0),(4095,1177,1499,4091,4093,'','0000022122',818.10,'2017-10-09 00:00:00','2018-01-11 17:24:05','2018-01-11 15:30:10',0),(4097,1177,1499,4091,4093,'','0000022118',1384.56,'2017-10-09 00:00:00','2018-01-11 17:24:31','2018-01-11 15:30:37',0),(4099,1177,1499,4091,4093,'','0000022119',-41.53,'2017-10-09 00:00:00','2018-01-11 17:24:51','2018-01-11 15:30:57',0),(4101,1177,1499,4091,4093,'','0000022123',-103.68,'2017-10-09 00:00:00','2018-01-11 17:25:14','2018-01-11 15:31:19',0),(4113,1177,1505,4109,4111,'','0000003236',2352.00,'2017-09-20 00:00:00','2018-01-12 10:00:06','2018-01-12 08:06:12',0),(4121,1177,1505,4117,4119,'','0000022055',154093.92,'2017-09-25 00:00:00','2018-01-12 10:06:38','2018-01-12 08:12:45',0),(4123,1177,1505,4117,4119,'','0000022061',16053.46,'2017-09-25 00:00:00','2018-01-12 10:07:13','2018-01-12 08:13:20',0),(4125,1177,1505,4117,4119,'','0000022057',1449.28,'2017-09-25 00:00:00','2018-01-12 10:07:41','2018-01-12 08:13:48',0),(4127,1177,1505,4117,4119,'','0000022059',12052.40,'2017-09-25 00:00:00','2018-01-12 10:08:06','2018-01-12 08:14:13',0),(4129,1177,1505,4117,4119,'','0000022056',-11477.09,'2017-09-25 00:00:00','2018-01-12 10:08:42','2018-01-12 08:14:49',0),(4131,1177,1505,4117,4119,'','0000022060',-2305.64,'2017-09-05 00:00:00','2018-01-12 10:09:10','2018-01-12 08:15:17',0),(4133,1177,1505,4117,4119,'','0000022062',-321.07,'2017-09-25 00:00:00','2018-01-12 10:09:32','2018-01-12 08:15:38',0),(4135,1177,1505,4117,4119,'','0000022058',-43.48,'2017-09-25 00:00:00','2018-01-12 10:10:04','2018-01-12 08:16:11',0),(4157,1177,1505,4153,4155,'','1000002797',9294.11,'2017-10-04 00:00:00','2018-01-12 10:29:34','2018-01-12 08:35:40',0),(4161,1177,1505,4153,4155,'','1000002780',21263.78,'2017-09-07 00:00:00','2018-01-12 10:31:35','2018-01-12 08:37:41',0),(4169,1177,1505,4165,4167,'','4000004778',8525.95,'2017-09-19 00:00:00','2018-01-12 10:34:12','2018-01-12 08:40:18',0),(4177,1177,1505,4173,4175,'','0100005359',12192.16,'2017-09-19 00:00:00','2018-01-12 10:37:04','2018-01-12 08:43:10',0),(4185,1177,1505,4181,4183,'','0000000903',2880.19,'2017-09-26 00:00:00','2018-01-12 10:39:26','2018-01-12 08:45:33',0),(4195,1177,1505,4191,4193,'','0000000028',1534.50,'2017-09-21 00:00:00','2018-01-12 10:44:31','2018-01-12 08:50:37',0),(4203,1177,1505,4199,4201,'','0000014176',270.64,'2017-10-31 00:00:00','2018-01-12 10:47:55','2018-01-12 08:54:02',0),(4211,1177,1505,4207,4209,'','0003001016',653.09,'2017-09-18 00:00:00','2018-01-12 10:51:28','2018-01-12 08:57:34',0),(4219,1177,1505,4215,4217,'','0000000323',2323.50,'2017-09-05 00:00:00','2018-01-12 10:57:19','2018-01-12 09:03:25',0),(4227,1177,1505,4223,4225,'','5000001179',11924.40,'2017-09-18 00:00:00','2018-01-12 10:59:44','2018-01-12 09:05:50',0),(4235,1177,1505,4231,4233,'','0000001356',2280.00,'2017-09-26 00:00:00','2018-01-12 11:04:33','2018-01-12 08:11:28',0),(4243,1177,1505,4239,4241,'','0000008858',5225.86,'2017-09-18 00:00:00','2018-01-12 11:08:51','2018-01-12 09:14:57',0),(4253,1177,1505,4249,4251,'','3100346444',1080.00,'2017-09-18 00:00:00','2018-01-12 11:13:31','2018-01-12 09:19:37',0),(4261,1177,1505,4257,4259,'','0100000341',1524.10,'2017-09-20 00:00:00','2018-01-12 11:16:24','2018-01-12 09:22:31',0),(4271,1177,1517,4267,4269,'','0000022142',4578.98,'2017-10-12 00:00:00','2018-01-12 12:00:58','2018-01-12 10:07:04',0),(4273,1177,1517,4267,4269,'','0000022145',30792.59,'2017-10-12 00:00:00','2018-01-12 12:01:26','2018-01-12 10:07:33',0),(4275,1177,1517,4267,4269,'','0000022143',100604.40,'2017-10-12 00:00:00','2018-01-12 12:01:49','2018-01-12 10:07:55',0),(4277,1177,1517,4267,4269,'','0000022151',8974.78,'2017-10-13 00:00:00','2018-01-12 12:02:13','2018-01-12 10:08:19',0),(4279,1177,1517,4267,4269,'','0000022144',-7863.89,'2017-10-12 00:00:00','2018-01-12 12:02:38','2018-01-12 10:08:45',0),(4281,1177,1517,4267,4269,'','0000022152',-1831.97,'2017-10-13 00:00:00','2018-01-12 12:03:06','2018-01-12 10:09:13',0),(4283,1177,1517,4267,4269,'','0000022146',-615.85,'2017-10-12 00:00:00','2018-01-12 12:03:30','2018-01-12 10:09:36',0),(4303,1177,1517,4299,4301,'','1000002764',12955.42,'2017-08-03 00:00:00','2018-01-12 12:25:51','2018-01-12 10:31:58',0),(4305,1177,1517,4299,4301,'','1000002796',11734.98,'2017-10-04 00:00:00','2018-01-12 12:26:20','2018-01-12 10:32:27',0),(4315,1177,1517,4311,4313,'','0100005412',8992.37,'2017-10-17 00:00:00','2018-01-12 12:31:04','2018-01-12 10:37:11',0),(4323,1177,1517,4319,4321,'','42',1552.32,'2017-10-10 00:00:00','2018-01-12 12:33:38','2018-01-12 10:39:44',0),(4331,1177,1517,4327,4329,'','0000014175',227.23,'2017-10-31 00:00:00','2018-01-12 12:43:44','2018-01-12 10:49:50',0),(4339,1177,1517,4335,4337,'','439',3623.40,'2017-09-14 00:00:00','2018-01-12 12:48:46','2018-01-12 10:54:53',0),(4347,1177,1517,4343,4345,'','0000004221',1263.60,'2017-10-10 00:00:00','2018-01-12 12:50:46','2018-01-12 10:56:53',0),(4355,1177,1517,4351,4353,'','0000000917',2656.74,'2017-10-03 00:00:00','2018-01-12 12:53:53','2018-01-12 10:59:59',0),(4363,1177,1517,4359,4361,'','5000001195',8796.48,'2017-10-09 00:00:00','2018-01-12 12:55:57','2018-01-12 11:02:03',0),(4373,1177,1517,4369,4371,'','1000019928',3978.00,'2017-10-10 00:00:00','2018-01-12 12:58:24','2018-01-12 11:04:30',0),(4383,1177,1517,4379,4381,'','5000000330',2816.40,'2017-09-08 00:00:00','2018-01-12 13:32:49','2018-01-12 11:38:55',0),(4391,1177,1517,4387,4389,'','0000008947',5215.44,'2017-10-02 00:00:00','2018-01-12 13:39:58','2018-01-12 11:46:05',0),(4399,1177,1525,4395,4397,'','0000022120',326.59,'2017-10-09 00:00:00','2018-01-12 14:07:18','2018-01-12 12:13:24',0),(4403,1177,1525,4395,4397,'','0000022121',-9.79,'2017-10-09 00:00:00','2018-01-12 14:08:40','2018-01-12 12:14:47',0),(4411,1177,1531,4407,4409,'','2000062277',2700.00,'2017-09-15 00:00:00','2018-01-12 14:25:58','2018-01-12 12:32:04',0),(4419,1177,1537,4415,4417,'','0000022124',305.96,'2017-10-09 00:00:00','2018-01-12 14:29:48','2018-01-12 12:35:55',0),(4421,1177,1537,4415,4417,'','0000022125',-9.18,'2017-10-09 00:00:00','2018-01-12 14:30:09','2018-01-12 12:36:16',0),(4431,1177,1543,4427,4429,'','0000022335',289177.74,'2017-11-22 00:00:00','2018-01-12 14:33:01','2018-01-12 12:39:08',0),(4433,1177,1543,4427,4429,'','0000022338',-23846.05,'2017-11-22 00:00:00','2018-01-12 14:33:29','2018-01-12 12:39:35',0),(4443,1177,1549,4439,4441,'','4451',14400.00,'2017-11-17 00:00:00','2018-01-12 14:36:38','2018-01-12 12:42:45',0),(4451,1177,1555,4447,4449,'','0000022236',113.65,'2017-10-31 00:00:00','2018-01-12 14:38:34','2018-01-12 12:44:40',0),(4453,1177,1555,4447,4449,'','0000022471',-3.41,'2017-12-11 00:00:00','2018-01-12 14:39:04','2018-01-12 12:45:11',0),(4459,1177,1561,4455,4457,'','4000009889',7451.71,'2017-11-24 00:00:00','2018-01-15 09:37:38','2018-01-15 07:43:47',0),(4467,1177,1561,4463,4465,'','0000022336',176122.94,'2017-11-22 00:00:00','2018-01-15 09:40:02','2018-01-15 07:46:11',0),(4469,1177,1561,4463,4465,'','0000022342',9834.38,'2017-11-22 00:00:00','2018-01-15 09:40:26','2018-01-15 07:46:35',0),(4471,1177,1561,4463,4465,'','0000022351',14521.00,'2017-11-23 00:00:00','2018-01-15 09:40:48','2018-01-15 07:46:57',0),(4473,1177,1561,4463,4465,'','0000022337',-13942.67,'2017-11-22 00:00:00','2018-01-15 09:41:11','2018-01-15 07:47:21',0),(4475,1177,1561,4463,4465,'','0000022343',-196.69,'2017-11-22 00:00:00','2018-01-15 09:41:36','2018-01-15 07:47:45',0),(4477,1177,1561,4463,4465,'','0000022357',-2360.69,'2017-11-23 00:00:00','2018-01-15 09:42:00','2018-01-15 07:48:09',0),(4495,1177,1561,4491,4493,'','2817',7040.99,'2017-11-03 00:00:00','2018-01-15 09:48:15','2018-01-15 07:54:24',0),(4499,1177,1561,4491,4493,'',' 2818',21263.78,'2017-11-03 00:00:00','2018-01-15 09:50:48','2018-01-15 07:56:57',0),(4507,1177,1561,4503,4505,'','0100005505',10808.23,'2017-11-22 00:00:00','2018-01-15 10:11:25','2018-01-15 08:17:34',0),(4515,1177,1561,4511,4513,'','0000000946',3359.84,'2017-11-24 00:00:00','2018-01-15 10:21:53','2018-01-15 08:28:02',0),(4523,1177,1561,4519,4521,'','61',1881.00,'2017-11-16 00:00:00','2018-01-15 10:25:46','2018-01-15 08:31:55',0),(4531,1177,1561,4527,4529,'','0000014616',389.24,'2017-12-29 00:00:00','2018-01-15 10:27:40','2018-01-15 08:33:49',0),(4537,1177,1561,4533,4535,'','0003001221',653.09,'2017-11-15 00:00:00','2018-01-15 10:29:44','2018-01-15 08:35:54',0),(4545,1177,1561,4541,4543,'','5000001244',10678.08,'2017-11-21 00:00:00','2018-01-15 10:32:39','2018-01-15 08:38:48',0),(4553,1177,1561,4549,4551,'','0000001807',16323.36,'2017-11-24 00:00:00','2018-01-15 10:35:29','2018-01-15 08:41:38',0),(4563,1177,1561,4559,4561,'','0000000403',4200.00,'2017-09-01 00:00:00','2018-01-15 10:38:07','2018-01-15 08:44:17',0),(4571,1177,1561,4567,4569,'','0000001368',2160.00,'2017-11-24 00:00:00','2018-01-15 10:41:30','2018-01-15 07:55:16',0),(4579,1177,1561,4575,4577,'','0000009082',8919.36,'2017-11-15 00:00:00','2018-01-15 10:53:32','2018-01-15 08:59:41',0),(4587,1177,1561,4583,4585,'','0000000372',2323.50,'2017-10-23 00:00:00','2018-01-15 10:56:21','2018-01-15 09:02:30',0),(4595,1177,1561,4591,4593,'','0000000831',2886.00,'2017-11-16 00:00:00','2018-01-15 10:58:22','2018-01-15 09:04:31',0),(4605,1177,1573,4601,4603,'','0000022476',682.81,'2017-11-12 00:00:00','2018-01-15 11:03:59','2018-01-15 09:10:08',0),(4607,1177,1573,4601,4603,'','0000022480',1431.00,'2017-12-11 00:00:00','2018-01-15 11:04:28','2018-01-15 09:10:37',0),(4609,1177,1573,4601,4603,'','0000022481',-42.94,'2017-12-11 00:00:00','2018-01-15 11:04:49','2018-01-15 09:10:58',0),(4611,1177,1573,4601,4603,'','0000022479',-86.11,'2017-12-11 00:00:00','2018-01-15 11:05:07','2018-01-15 09:11:16',0),(4635,1177,1579,4631,4633,'','363',17741.41,'2017-10-20 00:00:00','2018-01-15 11:29:15','2018-01-15 09:35:24',0),(4643,1177,1585,4639,4641,'','0000002907',1200.00,'2017-12-04 00:00:00','2018-01-15 11:32:30','2018-01-15 09:38:39',0),(4651,1177,1591,4647,4649,'','0000022467',988.99,'2017-12-11 00:00:00','2018-01-15 11:37:17','2018-01-15 09:43:27',0),(4653,1177,1591,4647,4649,'','0000022475',1405.44,'2017-12-11 00:00:00','2018-01-15 11:38:04','2018-01-15 09:44:14',0),(4655,1177,1591,4647,4649,'','0000022478',-42.17,'2017-12-11 00:00:00','2018-01-15 11:38:26','2018-01-15 09:44:35',0),(4657,1177,1591,4647,4649,'','0000022488',-125.34,'2017-12-13 00:00:00','2018-01-15 11:38:48','2018-01-15 09:44:57',0),(4671,1177,1597,4667,4669,'','0000022466',1145.34,'2017-12-11 00:00:00','2018-01-15 11:43:47','2018-01-15 09:49:56',0),(4673,1177,1597,4667,4669,'','0000022474',1134.00,'2017-12-11 00:00:00','2018-01-15 11:44:13','2018-01-15 09:50:22',0),(4675,1177,1597,4667,4669,'','0000022487',-145.15,'2017-12-13 00:00:00','2018-01-15 11:44:33','2018-01-15 09:50:43',0),(4677,1177,1597,4667,4669,'','0000022477',-34.02,'2017-12-11 00:00:00','2018-01-15 11:44:56','2018-01-15 09:51:06',0),(4683,1177,1597,4679,4681,'','0003001198',439.30,'2017-11-08 00:00:00','2018-01-15 11:51:12','2018-01-15 09:57:21',0),(4689,1177,1603,4685,4687,'','0000022472',148.55,'2017-12-11 00:00:00','2018-01-15 11:52:47','2018-01-15 09:58:56',0),(4691,1177,1603,4685,4687,'','0000022473',-4.45,'2017-12-11 00:00:00','2018-01-15 11:53:07','2018-01-15 09:59:16',0),(4697,1177,1609,4693,4695,'','0000022350',4837.79,'2017-11-23 00:00:00','2018-01-15 11:57:55','2018-01-15 10:04:04',0),(4699,1177,1609,4693,4695,'','0000022355',-1036.67,'2017-11-23 00:00:00','2018-01-15 11:58:18','2018-01-15 10:04:27',0),(4709,1177,1609,4705,4707,'','0000000947',1925.69,'2017-11-28 00:00:00','2018-01-15 12:02:37','2018-01-15 10:08:46',0),(4719,1177,1609,4715,4717,'','0000014615',240.23,'2017-12-29 00:00:00','2018-01-15 12:05:21','2018-01-15 10:11:31',0),(4725,1177,1609,4721,4723,'','0000004283',1074.19,'2017-11-22 00:00:00','2018-01-15 12:07:18','2018-01-15 10:13:28',0),(4733,1177,1609,4729,4731,'','0000000037',800.13,'2017-11-24 00:00:00','2018-01-15 12:10:06','2018-01-15 10:16:15',0),(4741,1177,1609,4737,4739,'','0000009093',3819.66,'2017-11-22 00:00:00','2018-01-15 12:12:11','2018-01-15 10:18:20',0),(4753,1177,1621,4749,4751,'','0000001755',1595.95,'2017-11-22 00:00:00','2018-01-15 12:16:20','2018-01-15 10:22:30',0),(4763,1177,1627,4759,4761,'','0000001169',1800.00,'2017-12-08 00:00:00','2018-01-15 12:18:55','2018-01-15 10:25:04',0),(4775,1177,1633,4769,4771,'','0000022469',1384.56,'2017-12-11 00:00:00','2018-01-15 12:32:53','2018-01-15 10:39:02',0),(4777,1177,1633,4769,4771,'','0000022461',818.10,'2017-12-11 00:00:00','2018-01-15 12:33:14','2018-01-15 10:39:24',0),(4779,1177,1633,4769,4771,'','0000022470',-41.53,'2017-12-11 00:00:00','2018-01-15 12:33:35','2018-01-15 10:39:44',0),(4781,1177,1633,4769,4771,'','0000022462',-103.68,'2017-12-11 00:00:00','2018-01-15 12:33:56','2018-01-15 10:40:05',0),(4787,1177,1639,4783,4785,'','3100348216',4664.14,'2017-12-04 00:00:00','2018-01-15 12:37:07','2018-01-15 10:43:16',0),(4795,1177,1645,4791,4793,'','0000022395',34687.18,'2017-11-29 00:00:00','2018-01-15 12:55:42','2018-01-15 11:01:51',0),(4797,1177,1645,4791,4793,'','0000022468',405.00,'2017-11-12 00:00:00','2018-01-15 12:56:02','2018-01-15 11:02:11',0),(4799,1177,1645,4791,4793,'','0000022396',-2381.92,'2017-11-29 00:00:00','2018-01-15 12:56:25','2018-01-15 11:02:34',0),(4809,1177,1651,4803,4807,'','0000022463',249.44,'2017-12-11 00:00:00','2018-01-15 13:00:23','2018-01-15 11:06:32',0),(4811,1177,1651,4803,4807,'','0000022484',-7.49,'2017-12-11 00:00:00','2018-01-15 13:00:42','2018-01-15 11:06:51',0),(4817,1177,1657,4813,4815,'','0000022464',326.59,'2017-12-11 00:00:00','2018-01-15 15:31:26','2018-01-15 13:37:35',0),(4819,1177,1657,4813,4815,'','0000022485',-9.79,'2017-12-11 00:00:00','2018-01-15 15:33:28','2018-01-15 13:39:38',0),(4825,1177,1663,4821,4823,'','0000022482',1134.00,'2017-12-11 00:00:00','2018-01-15 15:35:29','2018-01-15 13:41:38',0),(4827,1177,1663,4821,4823,'','0000022486',-33.90,'2017-12-11 00:00:00','2018-01-15 15:35:49','2018-01-15 13:41:59',0),(4835,1177,1669,4831,4833,'','17599',4800.00,'2017-12-21 00:00:00','2018-01-15 15:38:17','2018-01-15 13:44:27',0),(4843,1177,1675,4839,4841,'','1000000005',4800.00,'2017-12-06 00:00:00','2018-01-15 15:41:22','2018-01-15 13:47:31',0),(4881,1177,4875,4877,4879,'','1000042831',13351.80,'2017-05-22 00:00:00','2018-01-16 11:13:54','2018-01-16 09:20:04',0),(4883,1177,4875,4877,4879,'','0000042017',0.60,'2017-05-23 00:00:00','2018-01-16 11:15:12','2018-01-16 09:21:22',0),(4895,1177,4889,4891,4893,'','1000043660',13274.26,'2017-06-02 00:00:00','2018-01-16 11:25:18','2018-01-16 09:31:28',0),(4897,1177,4889,4891,4893,'','1000045151',3563.88,'2017-07-27 00:00:00','2018-01-16 11:25:49','2018-01-16 09:31:59',0),(4901,1177,4889,4891,4893,'','0000042087',-21.06,'2017-05-31 00:00:00','2018-01-16 11:26:33','2018-01-16 09:32:43',0),(4903,1177,4889,4891,4893,'','0000042224',-22871.68,'2017-06-30 00:00:00','2018-01-16 11:26:57','2018-01-16 09:33:08',0),(4909,1177,4905,4907,4911,'','0000042172',14233.98,'2017-06-20 00:00:00','2018-01-16 11:56:55','2018-01-16 08:57:15',0),(4913,1177,4905,4907,4911,'','0000042183',2974.30,'2017-06-26 00:00:00','2018-01-16 11:57:41','2018-01-16 10:03:52',0),(4915,1177,4905,4907,4911,'','1000044453',14303.71,'2017-06-30 00:00:00','2018-01-16 11:58:07','2018-01-16 10:04:17',0),(4917,1177,4905,4907,4911,'','1000044948',-681.14,'2017-07-19 00:00:00','2018-01-16 11:58:34','2018-01-16 10:04:44',0),(4925,1177,4919,4921,4923,'','3000000217',31762.57,'2017-06-27 00:00:00','2018-01-16 12:56:08','2018-01-16 11:02:18',0),(4931,1177,4919,4927,4929,'','1000044454',8589.76,'2017-06-30 00:00:00','2018-01-16 13:07:29','2018-01-16 11:13:39',0),(4933,1177,4919,4927,4929,'','1000045152',38381.22,'2017-07-27 00:00:00','2018-01-16 13:07:57','2018-01-16 11:14:07',0),(4935,1177,4919,4927,4929,'','0000042185',49307.59,'2017-06-27 00:00:00','2018-01-16 13:08:20','2018-01-16 11:14:30',0),(4937,1177,4919,4927,4929,'','0000042335',-40854.92,'2017-07-31 00:00:00','2018-01-16 13:08:46','2018-01-16 11:14:56',0),(4939,1177,4919,4927,4929,'','1000044949',-409.03,'2017-07-19 00:00:00','2018-01-16 13:09:04','2018-01-16 11:15:14',0),(4941,1177,4919,4927,4929,'','1000045622',-8.23,'2017-08-17 00:00:00','2018-01-16 13:09:48','2018-01-16 11:15:58',0),(4953,1177,4947,4949,4951,'','0000042328',41306.35,'2017-07-31 00:00:00','2018-01-16 13:22:16','2018-01-16 11:28:26',0),(4955,1177,4947,4949,4951,'','1000045777',5769.44,'2017-08-28 00:00:00','2018-01-16 13:22:40','2018-01-16 11:28:50',0),(4957,1177,4947,4949,4951,'','0000042466',-5761.21,'2017-08-31 00:00:00','2018-01-16 13:23:03','2018-01-16 11:29:13',0),(4967,1177,4961,4963,4965,'','0000053655',9280.37,'2017-09-14 00:00:00','2018-01-16 13:32:27','2018-01-16 11:38:38',0),(4975,1177,4961,4971,4973,'','1000046301',14680.61,'2017-09-21 00:00:00','2018-01-16 13:36:02','2018-01-16 11:42:12',0),(4987,1177,4981,4983,4985,'','0000053652',9380.96,'2017-09-14 00:00:00','2018-01-16 13:48:13','2018-01-16 11:54:24',0),(4995,1177,4981,4991,4993,'','1000046304',15518.98,'2017-09-21 00:00:00','2018-01-16 13:52:06','2018-01-16 11:58:16',0),(4997,1177,4981,4991,4993,'','1000046936',183.37,'2017-10-19 00:00:00','2018-01-16 13:52:36','2018-01-16 11:58:46',0),(5005,1177,4999,5001,5003,'','0000053653',9300.53,'2017-09-14 00:00:00','2018-01-16 13:57:30','2018-01-16 12:03:40',0),(5013,1177,4999,5009,5011,'','1000046305',13872.89,'2017-09-21 00:00:00','2018-01-16 14:20:25','2018-01-16 12:26:35',0),(5023,1177,5017,5019,5021,'','0000053656',9380.96,'2017-09-15 00:00:00','2018-01-16 14:24:43','2018-01-16 12:30:53',0),(5031,1177,5017,5027,5029,'','0000042503',7182.19,'2017-09-15 00:00:00','2018-01-16 14:28:04','2018-01-16 12:34:14',0),(5033,1177,5017,5027,5029,'','0000042504',28296.66,'2017-09-15 00:00:00','2018-01-16 14:28:36','2018-01-16 12:34:46',0),(5035,1177,5017,5027,5029,'','1000046303',14552.86,'2017-09-21 00:00:00','2018-01-16 14:28:57','2018-01-16 12:35:08',0),(5045,1177,5039,5041,5043,'','0000053657',9128.06,'2017-09-15 00:00:00','2018-01-16 17:04:15','2018-01-16 15:10:25',0),(5053,1177,5039,5049,5051,'','1000046302',14231.70,'2017-09-21 00:00:00','2018-01-16 17:06:27','2018-01-16 15:12:38',0),(5055,1177,5039,5049,5051,'','1000046937',22.43,'2017-10-19 00:00:00','2018-01-16 17:06:50','2018-01-16 15:13:00',0),(5065,1177,5059,5061,5063,'','0000053658',20235.38,'2017-09-20 00:00:00','2018-01-16 17:09:49','2018-01-16 15:16:00',0),(5073,1177,5059,5069,5071,'','1000046680',26819.65,'2017-09-29 00:00:00','2018-01-16 17:12:58','2018-01-16 15:19:08',0),(5075,1177,5059,5069,5071,'','0000042521',66297.77,'2017-09-25 00:00:00','2018-01-16 17:13:27','2018-01-16 15:19:37',0),(5077,1177,5059,5069,5071,'','0000042550',21806.42,'2017-09-29 00:00:00','2018-01-16 17:13:57','2018-01-16 15:20:07',0),(5079,1177,5059,5069,5071,'','1000046938',58.10,'2017-10-19 00:00:00','2018-01-16 17:14:27','2018-01-16 15:20:37',0),(5091,1177,5085,5087,5089,'','0000053889',5537.09,'2017-09-29 00:00:00','2018-01-17 11:12:46','2018-01-17 09:18:57',0),(5095,1177,5085,5087,5089,'','0000053890',37400.00,'2017-09-29 00:00:00','2018-01-17 11:14:29','2018-01-17 09:20:40',0),(5101,1177,5085,5097,5099,'','1000046681',7920.50,'2017-09-29 00:00:00','2018-01-17 11:18:28','2018-01-17 09:24:39',0),(5103,1177,5085,5097,5099,'','1000047166',15380.62,'2017-10-27 00:00:00','2018-01-17 11:18:52','2018-01-17 09:25:03',0),(5105,1177,5085,5097,5099,'','0000042590',-107597.18,'2017-09-29 00:00:00','2018-01-17 11:19:37','2018-01-17 09:25:48',0),(5113,1177,5107,5109,5111,'','0000042616',13464.85,'2017-10-09 00:00:00','2018-01-17 15:33:30','2018-01-17 13:39:41',0),(5115,1177,5107,5109,5111,'','1000047164',13472.88,'2017-10-27 00:00:00','2018-01-17 15:33:53','2018-01-17 13:40:04',0),(5123,1177,5107,5119,5121,'','0000054368',9423.38,'2017-10-09 00:00:00','2018-01-17 15:43:08','2018-01-17 13:49:19',0),(5125,1177,5107,5119,5121,'','3000000258',9423.38,'2017-10-11 00:00:00','2018-01-17 15:43:36','2018-01-17 13:49:47',0),(5135,1177,5129,5131,5133,'','3000000268',15896.44,'2017-10-16 00:00:00','2018-01-17 15:52:38','2018-01-17 13:58:49',0),(5137,1177,5129,5131,5133,'','0000054957',5246.87,'2017-11-30 00:00:00','2018-01-17 15:53:08','2018-01-17 13:59:19',0),(5147,1177,5129,5143,5145,'','1000047878',9841.73,'2017-11-22 00:00:00','2018-01-17 15:58:00','2018-01-17 14:04:11',0),(5149,1177,5129,5143,5145,'','0000042643',21358.50,'2017-10-16 00:00:00','2018-01-17 15:58:25','2018-01-17 14:04:37',0),(5151,1177,5129,5143,5145,'','0000042662',21128.93,'2017-10-26 00:00:00','2018-01-17 15:58:48','2018-01-17 14:05:00',0),(5153,1177,5129,5143,5145,'','1000047165',41188.74,'2017-10-27 00:00:00','2018-01-17 15:59:10','2018-01-17 14:05:22',0),(5155,1177,5129,5143,5145,'','1000047498',21157.80,'2017-10-31 00:00:00','2018-01-17 15:59:32','2018-01-17 14:05:44',0),(5157,1177,5129,5143,5145,'','1000047954',55.07,'2017-11-23 00:00:00','2018-01-17 15:59:58','2018-01-17 14:06:09',0),(5171,1177,5165,5167,5169,'','1000047499',22090.20,'2017-10-31 00:00:00','2018-01-18 10:03:56','2018-01-18 08:10:08',0),(5173,1177,5165,5167,5169,'','1000047879',44854.10,'2017-11-22 00:00:00','2018-01-18 10:04:19','2018-01-18 08:10:31',0),(5175,1177,5165,5167,5169,'','0000042703',-113554.16,'2017-10-31 00:00:00','2018-01-18 10:05:00','2018-01-18 08:11:12',0),(5183,1177,5165,5179,5181,'','3000000275',15838.57,'2017-10-25 00:00:00','2018-01-18 10:16:17','2018-01-18 08:22:29',0),(5185,1177,5165,5179,5181,'','3000000302',29096.24,'2017-11-10 00:00:00','2018-01-18 10:17:00','2018-01-18 08:23:12',0),(5199,1177,5193,5195,5197,'','0000042676',40436.10,'2017-10-31 00:00:00','2018-01-18 10:27:27','2018-01-18 08:33:39',0),(5209,1177,5203,5205,5207,'','3000000299',13612.44,'2017-11-08 00:00:00','2018-01-18 10:43:22','2018-01-18 08:49:34',0),(5217,1177,5203,5213,5215,'','1000047877',21758.99,'2017-11-22 00:00:00','2018-01-18 10:48:00','2018-01-18 08:54:12',0),(5227,1177,5221,5223,5225,'','3000000301',20899.37,'2017-11-09 00:00:00','2018-01-18 10:53:38','2018-01-18 08:59:50',0),(5235,1177,5221,5231,5233,'','1000047874',31826.15,'2017-11-22 00:00:00','2018-01-18 11:00:16','2018-01-18 09:06:28',0),(5237,1177,5221,5231,5233,'','1000047763',20884.72,'2017-11-13 00:00:00','2018-01-18 11:00:38','2018-01-18 09:06:50',0),(5241,1177,5221,5231,5233,'','0000042742',31600.73,'2017-11-09 00:00:00','2018-01-18 11:01:19','2018-01-18 09:07:31',0),(5247,1177,5165,5167,5169,'','0000042741',44021.54,'2017-11-09 00:00:00','2018-01-18 11:14:00','2018-01-18 09:20:12',0),(5249,1177,5203,5213,5215,'','0000042739',21403.14,'2017-11-08 00:00:00','2018-01-18 11:22:12','2018-01-18 09:28:24',0),(5257,1177,5251,5253,5255,'','1000047876',20457.52,'2017-11-22 00:00:00','2018-01-18 11:31:21','2018-01-18 09:37:32',0),(5267,1177,5261,5263,5265,'','3000000304',14155.68,'2017-11-10 00:00:00','2018-01-18 11:52:36','2018-01-18 09:58:47',0),(5275,1177,5261,5271,5273,'','1000047880',18873.80,'2017-11-22 00:00:00','2018-01-18 11:54:50','2018-01-18 10:01:02',0),(5297,1177,5289,5293,5295,'','0000042767',69368.58,'2017-11-20 00:00:00','2018-01-18 15:19:21','2018-01-18 13:25:33',0),(5299,1177,5289,5293,5295,'','1000048081',35744.78,'2017-11-28 00:00:00','2018-01-18 15:19:47','2018-01-18 13:26:00',0),(5301,1177,5289,5293,5295,'','0000042820',-219366.83,'2017-11-30 00:00:00','2018-01-18 15:20:12','2018-01-18 13:26:24',0),(5307,1177,5289,5291,5305,'','3000000310',35665.56,'2017-11-17 00:00:00','2018-01-18 15:23:24','2018-01-18 13:29:37',0),(5317,1177,5311,5313,5315,'','3000000311',22766.27,'2017-11-17 00:00:00','2018-01-19 09:51:44','2018-01-19 07:57:57',0),(5325,1177,5311,5321,5323,'','1000047875',35954.68,'2017-11-22 00:00:00','2018-01-19 09:54:29','2018-01-19 08:00:42',0),(5327,1177,5311,5321,5323,'','0000042757',18537.68,'2017-11-14 00:00:00','2018-01-19 09:54:54','2018-01-19 08:01:07',0),(5329,1177,5311,5321,5323,'','1000048721',38.10,'2017-12-20 00:00:00','2018-01-19 09:55:17','2018-01-19 08:01:29',0),(5339,1177,5333,5335,5337,'','0000054955',12445.21,'2017-11-30 00:00:00','2018-01-19 10:05:06','2018-01-19 08:11:19',0),(5341,1177,5333,5335,5337,'','5000000771',14013.72,'2017-12-01 00:00:00','2018-01-19 10:05:35','2018-01-19 08:11:48',0),(5349,1177,5333,5345,5347,'','0000042843',6030.48,'2017-11-30 00:00:00','2018-01-19 10:09:50','2018-01-19 08:16:03',0),(5351,1177,5333,5345,5347,'','1000048722',12.96,'2017-12-20 00:00:00','2018-01-19 10:10:15','2018-01-19 08:16:28',0),(5361,1177,5355,5357,5359,'','5000000772',17352.84,'2017-12-01 00:00:00','2018-01-19 10:20:39','2018-01-19 08:26:52',0),(5371,1177,5355,5365,5367,'','1000049119',26758.85,'2017-12-22 00:00:00','2018-01-19 10:25:06','2018-01-19 08:31:19',0),(5381,1177,5375,5377,5379,'','5000000779',18684.64,'2017-12-06 00:00:00','2018-01-19 12:51:27','2018-01-19 10:57:40',0),(5389,1177,5375,5385,5387,'','1000049120',29445.20,'2017-12-07 00:00:00','2018-01-19 12:54:18','2018-01-19 11:00:31',0),(5399,1177,5393,5395,5397,'','5000000785',36789.88,'2017-12-11 00:00:00','2018-01-19 13:00:57','2018-01-19 11:07:10',0),(5407,1177,5393,5403,5405,'','0000042860',29131.96,'2017-12-07 00:00:00','2018-01-19 13:03:05','2018-01-19 11:09:18',0),(5409,1177,5393,5403,5405,'','1000049302',56468.58,'2017-12-29 00:00:00','2018-01-19 13:03:28','2018-01-19 11:09:41',0),(5419,1177,5413,5415,5417,'','5000000792',14050.42,'2017-12-14 00:00:00','2018-01-19 13:11:31','2018-01-19 11:17:44',0),(5427,1177,5413,5423,5425,'','0000042870',56077.44,'2017-12-12 00:00:00','2018-01-19 13:13:43','2018-01-19 11:19:56',0),(5429,1177,5413,5423,5425,'','1000049121',21952.19,'2017-12-22 00:00:00','2018-01-19 13:14:07','2018-01-19 11:20:20',0),(5439,1177,5433,5435,5437,'','5000000793',13325.37,'2017-12-14 00:00:00','2018-01-19 13:19:25','2018-01-19 11:25:38',0),(5447,1177,5433,5443,5445,'','0000042922',28269.44,'2017-12-22 00:00:00','2018-01-19 13:21:23','2018-01-19 11:27:36',0),(5449,1177,5433,5443,5445,'','1000049124',18953.68,'2017-12-22 00:00:00','2018-01-19 13:21:45','2018-01-19 11:27:58',0),(5459,1177,5453,5455,5457,'','5000000791',27113.84,'2017-12-14 00:00:00','2018-01-19 13:30:05','2018-01-19 11:36:18',0),(5467,1177,5453,5463,5465,'','0000042888',40345.21,'2017-12-18 00:00:00','2018-01-19 13:33:33','2018-01-19 11:39:46',0),(5471,1177,5453,5463,5465,'','1000049303',40709.24,'2017-12-29 00:00:00','2018-01-19 13:34:23','2018-01-19 11:40:36',0),(5473,1177,5453,5463,5465,'','1000049122',20454.88,'2017-12-22 00:00:00','2018-01-19 13:34:50','2018-01-19 11:41:03',0),(5483,1177,5477,5479,5481,'','5000000798',18152.66,'2017-12-19 00:00:00','2018-01-19 13:51:33','2018-01-19 11:57:46',0),(5491,1177,5477,5487,5489,'','0000042848',47316.10,'2017-12-04 00:00:00','2018-01-19 13:53:28','2018-01-19 11:59:41',0),(5493,1177,5477,5487,5489,'','0000042884',41533.93,'2017-12-18 00:00:00','2018-01-19 13:54:00','2018-01-19 12:00:13',0),(5495,1177,5477,5487,5489,'','1000049304',27982.68,'2017-12-29 00:00:00','2018-01-19 13:54:25','2018-01-19 12:00:38',0),(5497,1177,5477,5487,5489,'','1000049460',954.96,'2017-12-29 00:00:00','2018-01-19 13:54:44','2018-01-19 12:00:57',0),(5499,1177,5477,5487,5489,'','0000042952',-242674.08,'2017-12-29 00:00:00','2018-01-19 13:55:09','2018-01-19 12:01:22',0),(5523,1177,4889,5519,5521,'','0000001588',15687.76,'2017-06-05 00:00:00','2018-01-22 11:16:45','2018-01-22 09:23:01',0),(5529,1177,4889,5519,5521,'','0000001589',392.20,'2017-06-05 00:00:00','2018-01-22 11:18:22','2018-01-22 09:24:38',0),(5531,1177,4905,5525,5527,'','0000001598',430.20,'2017-06-20 00:00:00','2018-01-22 11:19:30','2018-01-22 09:25:45',0),(5533,1177,4905,5525,5527,'','0000001597',17208.26,'2017-06-20 00:00:00','2018-01-22 11:19:52','2018-01-22 09:26:07',0),(5539,1177,4919,5535,5537,'','0000001617',81684.54,'2017-07-03 00:00:00','2018-01-22 11:29:44','2018-01-22 09:36:00',0),(5541,1177,4919,5535,5537,'','0000001618',2042.11,'2017-07-03 00:00:00','2018-01-22 11:30:03','2018-01-22 09:36:19',0),(5547,1177,4947,5543,5545,'','0000001640',1032.66,'2017-08-01 00:00:00','2018-01-22 11:31:34','2018-01-22 09:37:49',0),(5549,1177,4947,5543,5545,'','0000001639',41306.35,'2017-08-01 00:00:00','2018-01-22 11:31:52','2018-01-22 09:38:08',0),(5555,1177,4961,5551,5553,'','0000001660',23441.41,'2017-09-12 00:00:00','2018-01-22 11:49:12','2018-01-22 09:55:28',0),(5557,1177,4961,5551,5553,'','0000001661',586.03,'2017-09-12 00:00:00','2018-01-22 11:49:33','2018-01-22 09:55:48',0),(5563,1177,4981,5559,5561,'','0000001663',608.66,'2017-09-12 00:00:00','2018-01-22 11:50:32','2018-01-22 09:56:48',0),(5565,1177,4981,5559,5561,'','0000001662',24346.48,'2017-09-12 00:00:00','2018-01-22 11:50:51','2018-01-22 09:57:06',0),(5571,1177,4999,5567,5569,'','0000001665',585.85,'2017-09-12 00:00:00','2018-01-22 11:51:51','2018-01-22 09:58:07',0),(5573,1177,4999,5567,5569,'','0000001664',23433.92,'2017-09-12 00:00:00','2018-01-22 11:52:09','2018-01-22 09:58:25',0),(5579,1177,5017,5575,5577,'','0000001667',586.70,'2017-09-12 00:00:00','2018-01-22 11:57:08','2018-01-22 10:03:24',0),(5581,1177,5017,5575,5577,'','0000001666',23468.22,'2017-09-12 00:00:00','2018-01-22 11:57:28','2018-01-22 10:03:44',0),(5587,1177,5039,5583,5585,'','0000001669',592.39,'2017-09-12 00:00:00','2018-01-22 11:58:40','2018-01-22 10:04:56',0),(5589,1177,5039,5583,5585,'','0000001668',23695.49,'2017-09-12 00:00:00','2018-01-22 11:59:00','2018-01-22 10:05:16',0),(5595,1177,5059,5591,5593,'','0000001694',117116.77,'2017-10-09 00:00:00','2018-01-22 12:00:23','2018-01-22 10:06:39',0),(5597,1177,5059,5591,5593,'','0000001695',2927.92,'2017-10-09 00:00:00','2018-01-22 12:13:20','2018-01-22 10:19:36',0),(5603,1177,5085,5599,5601,'','0000001696',35381.82,'2017-10-09 00:00:00','2018-01-22 12:14:24','2018-01-22 10:20:39',0),(5605,1177,5085,5599,5601,'','0000001697',884.54,'2017-10-09 00:00:00','2018-01-22 12:14:42','2018-01-22 10:20:57',0),(5611,1177,5107,5607,5609,'','0000001698',23070.50,'2017-10-09 00:00:00','2018-01-22 12:20:33','2018-01-22 10:26:48',0),(5613,1177,5107,5607,5609,'','0000001699',576.77,'2017-10-09 00:00:00','2018-01-22 12:20:56','2018-01-22 10:27:12',0),(5619,1177,5129,5615,5617,'','0000001705',1316.22,'2017-11-02 00:00:00','2018-01-22 13:50:58','2018-01-22 11:57:14',0),(5623,1177,5129,5615,5617,'','0000001704',52648.81,'2017-11-02 00:00:00','2018-01-22 13:51:41','2018-01-22 11:57:57',0),(5629,1177,5165,5625,5627,'','0000001707',1753.13,'2017-11-02 00:00:00','2018-01-22 13:54:35','2018-01-22 12:00:51',0),(5631,1177,5165,5625,5627,'','0000001706',70124.98,'2017-11-02 00:00:00','2018-01-22 13:54:52','2018-01-22 12:01:08',0),(5637,1177,5193,5633,5635,'','0000001708',12450.76,'2017-11-02 00:00:00','2018-01-22 13:56:15','2018-01-22 12:02:30',0),(5639,1177,5193,5633,5635,'','0000001709',311.27,'2017-11-02 00:00:00','2018-01-22 13:56:40','2018-01-22 12:02:56',0),(5645,1177,5203,5641,5643,'','0000001715',881.98,'2017-11-13 00:00:00','2018-01-22 15:58:28','2018-01-22 14:04:44',0),(5647,1177,5203,5641,5643,'','0000001714',35278.88,'2017-11-13 00:00:00','2018-01-22 15:58:48','2018-01-22 14:05:04',0),(5653,1177,5221,5649,5651,'','0000001717',1322.60,'2017-11-13 00:00:00','2018-01-22 15:59:53','2018-01-22 14:06:09',0),(5655,1177,5221,5649,5651,'','0000001716',52904.34,'2017-11-13 00:00:00','2018-01-22 16:00:13','2018-01-22 14:06:29',0),(5661,1177,5251,5657,5659,'','0000001718',73680.59,'2017-11-13 00:00:00','2018-01-22 16:03:17','2018-01-22 14:09:32',0),(5665,1177,5251,5657,5659,'','0000001719',1842.01,'2017-11-13 00:00:00','2018-01-22 16:03:45','2018-01-22 14:10:01',0),(5671,1177,5261,5667,5669,'','0000001721',824.18,'2017-11-13 00:00:00','2018-01-22 16:17:46','2018-01-22 14:24:02',0),(5673,1177,5261,5667,5669,'','0000001720',32967.17,'2017-11-13 00:00:00','2018-01-22 16:18:06','2018-01-22 14:24:22',0),(5679,1177,5281,5675,5677,'','0000001723',617.05,'2017-11-13 00:00:00','2018-01-22 16:19:29','2018-01-22 14:25:45',0),(5681,1177,5281,5675,5677,'','0000001722',24681.94,'2017-11-13 00:00:00','2018-01-22 16:19:48','2018-01-22 14:26:03',0),(5687,1177,5289,5683,5685,'','0000001728',70398.05,'2017-11-17 00:00:00','2018-01-22 16:22:46','2018-01-22 14:29:02',0),(5689,1177,5289,5683,5685,'','0000001729',1759.96,'2017-11-17 00:00:00','2018-01-22 16:23:16','2018-01-22 14:29:32',0),(5695,1177,5311,5691,5693,'','0000001730',58532.58,'2017-11-17 00:00:00','2018-01-22 16:34:09','2018-01-22 14:40:25',0),(5697,1177,5311,5691,5693,'','0000001731',1463.32,'2017-11-17 00:00:00','2018-01-22 16:34:30','2018-01-22 14:40:46',0),(5703,1177,5333,5699,5701,'','0000001750',34907.53,'2017-12-14 00:00:00','2018-01-22 16:36:18','2018-01-22 14:42:34',0),(5705,1177,5333,5699,5701,'','0000001751',872.69,'2017-12-04 00:00:00','2018-01-22 16:36:41','2018-01-22 14:42:56',0),(5711,1177,5355,5707,5709,'','0000001752',44381.83,'2017-12-04 00:00:00','2018-01-22 16:39:47','2018-01-22 14:46:02',0),(5713,1177,5355,5707,5709,'','0000001753',1109.54,'2017-12-04 00:00:00','2018-01-22 16:40:08','2018-01-22 14:46:24',0),(5719,1177,5375,5715,5717,'','0000001760',48178.02,'2017-12-07 00:00:00','2018-01-22 16:41:20','2018-01-22 14:47:35',0),(5721,1177,5375,5715,5717,'','0000001761',1204.45,'2017-12-07 00:00:00','2018-01-22 16:41:40','2018-01-22 14:47:55',0),(5727,1177,5393,5723,5725,'','0000001764',93578.93,'2017-12-12 00:00:00','2018-01-22 16:42:48','2018-01-22 14:49:03',0),(5729,1177,5393,5723,5725,'','0000001765',2339.47,'2017-12-12 00:00:00','2018-01-22 16:43:06','2018-01-22 14:49:22',0),(5735,1177,5413,5731,5733,'','0000001766',35645.17,'2017-12-14 00:00:00','2018-01-22 16:53:51','2018-01-22 15:00:07',0),(5737,1177,5413,5731,5733,'','0000001767',891.13,'2017-12-14 00:00:00','2018-01-22 16:54:44','2018-01-22 15:01:00',0),(5743,1177,5433,5739,5741,'','0000001768',33794.06,'2017-12-14 00:00:00','2018-01-22 16:55:42','2018-01-22 15:01:58',0),(5745,1177,5433,5739,5741,'','0000001769',844.85,'2017-12-14 00:00:00','2018-01-22 16:56:01','2018-01-22 15:02:17',0),(5751,1177,5453,5747,5749,'','0000001770',67983.50,'2017-12-14 00:00:00','2018-01-22 17:00:30','2018-01-22 15:06:46',0),(5753,1177,5453,5747,5749,'','0000001771',1699.58,'2017-12-14 00:00:00','2018-01-22 17:00:53','2018-01-22 15:07:08',0),(5759,1177,5477,5755,5757,'','0000001792',46773.23,'2017-12-20 00:00:00','2018-01-22 17:01:48','2018-01-22 15:08:04',0),(5761,1177,5477,5755,5757,'','0000001793',1169.33,'2017-12-20 00:00:00','2018-01-22 17:02:08','2018-01-22 15:08:24',0),(5767,1177,4875,5505,5763,'','0000042017',0.60,'2017-05-23 00:00:00','2018-01-23 14:32:11','2018-01-23 12:38:28',0),(5769,1177,4875,5505,5763,'','1000042831',13351.80,'2017-05-22 00:00:00','2018-01-23 14:32:37','2018-01-23 12:38:54',0),(5919,1177,5883,5885,5887,'','0000001824',9090.91,'2018-01-16 00:00:00','2018-01-31 12:28:16','2018-01-31 10:34:40',0),(5921,1177,5883,5885,5887,'','0000001825',454.55,'2018-01-16 00:00:00','2018-01-31 12:28:41','2018-01-31 10:35:05',0),(5923,1177,5895,5897,5899,'','0000001832',178.18,'2018-01-29 12:33:00','2018-01-31 12:33:47','2018-02-21 13:17:23',0),(5925,1177,5895,5897,5899,'','0000001833',2.23,'2018-01-29 12:33:00','2018-01-31 12:34:55','2018-02-21 13:17:17',0),(5929,1177,5895,5897,5899,'','0000001834',72.00,'2018-01-29 12:33:00','2018-01-31 12:35:52','2018-02-21 13:17:12',0),(5949,1177,5913,5943,5947,'','0000022690',-1618.21,'2018-01-30 00:00:00','2018-01-31 12:45:18','2018-01-31 10:51:41',0),(5951,1177,5913,5943,5947,'','0000022688',-1618.21,'2018-01-29 00:00:00','2018-01-31 12:46:23','2018-01-31 10:52:47',0),(5953,1177,5913,5943,5947,'','0000022687',64728.60,'2018-01-29 00:00:00','2018-01-31 12:46:52','2018-01-31 10:53:16',0),(5955,1177,5913,5943,5947,'','0000022689',64728.60,'2018-01-30 00:00:00','2018-01-31 12:47:15','2018-01-31 10:53:39',0),(5967,1177,5913,5915,5917,'','0000001830',200456.16,'2018-01-26 00:00:00','2018-01-31 13:31:15','2018-01-31 11:37:39',0),(5969,1177,5913,5915,5917,'','0000001831',2505.71,'2018-01-26 00:00:00','2018-01-31 13:31:34','2018-01-31 11:37:58',0),(5977,1177,5889,5935,5975,'','0000022600',16827.96,'2018-01-04 00:00:00','2018-01-31 13:36:39','2018-01-31 11:43:03',0),(5981,1177,5901,5939,5979,'','0000022625',1097.71,'2018-01-12 00:00:00','2018-01-31 13:38:15','2018-01-31 11:44:39',0),(5983,1177,5477,5755,5757,'','0000022701',18848.03,'2018-01-31 00:00:00','2018-02-01 09:15:15','2018-02-01 07:21:39',0),(5989,1177,1675,1677,1679,'','0000001827',60.00,'2018-01-22 00:00:00','2018-02-07 12:08:50','2018-02-07 10:15:20',0),(5993,1177,1669,1671,1673,'','0000001821',60.00,'2018-01-11 00:00:00','2018-02-07 12:10:33','2018-02-07 10:17:03',0),(5997,1177,1651,1653,1655,'','0000001819',3.12,'2018-01-11 00:00:00','2018-02-07 12:13:04','2018-02-07 10:19:35',0),(6005,1177,1639,1641,1643,'','0000001818',58.30,'2018-01-11 00:00:00','2018-02-07 12:17:46','2018-02-07 10:24:17',0),(6009,1177,1627,1629,1631,'','0000001817',22.50,'2018-01-11 00:00:00','2018-02-07 12:19:27','2018-02-07 10:25:58',0),(6013,1177,1621,1623,1625,'','0000001816',19.94,'2018-01-11 00:00:00','2018-02-07 12:20:52','2018-02-07 10:27:22',0),(6017,1177,1603,1605,1607,'','0000001822',1.86,'2018-01-11 00:00:00','2018-02-07 12:23:31','2018-02-07 10:30:01',0),(6027,1177,1597,1599,1601,'','0000001815',33.98,'2018-01-11 00:00:00','2018-02-07 12:27:36','2018-02-07 10:34:06',0),(6031,1177,1591,1593,1595,'','0000001814',29.93,'2018-01-11 00:00:00','2018-02-07 12:29:03','2018-02-07 10:35:33',0),(6035,1177,1579,1581,1583,'','0000001813',206.24,'2018-01-11 00:00:00','2018-02-07 12:34:50','2018-02-07 10:41:21',0),(6039,1177,1573,1575,1577,'','0000001812',26.42,'2018-01-11 00:00:00','2018-02-07 12:37:33','2018-02-07 10:44:03',0),(6043,1177,1347,1349,1351,'','0000001828',621.47,'2018-01-22 00:00:00','2018-02-07 12:40:04','2018-02-07 10:46:35',0),(6047,1177,1275,1277,1279,'','0000001810',135.54,'2018-01-11 00:00:00','2018-02-07 12:41:58','2018-02-07 10:48:28',0),(6059,1177,6053,6055,6057,'','0000001823',6529.50,'2018-01-16 00:00:00','2018-02-07 12:55:17','2018-02-07 11:01:47',0),(6075,1177,5913,5945,6073,'',' 0000009407 ',70409.88,'2018-01-30 12:18:00','2018-02-08 12:18:39','2018-02-08 10:25:10',0),(6109,1177,6079,6081,6083,'','0000001844',47245.00,'2018-02-09 17:07:00','2018-02-13 17:08:03','2018-02-14 12:49:48',0),(6111,1177,6079,6081,6083,'','0000001845',944.00,'2018-02-09 17:07:00','2018-02-13 17:08:57','2018-02-14 12:49:42',0),(6113,1177,6085,6087,6089,'','0000001846',34266.84,'2018-02-09 17:11:00','2018-02-13 17:10:34','2018-03-02 07:54:46',0),(6115,1177,6085,6087,6089,'','0000001847',685.33,'2018-02-09 17:11:00','2018-02-13 17:11:21','2018-03-02 07:54:40',0),(6123,1177,5889,5891,5893,'','0000001835',53581.92,'2018-02-07 00:00:00','2018-02-21 13:54:45','2018-02-21 11:52:49',0),(6125,1177,5889,5891,5893,'','0000001836',669.77,'2018-02-07 00:00:00','2018-02-21 13:55:04','2018-02-21 11:52:32',0),(6131,1177,5889,6127,6129,'','1000002869',22531.16,'2018-02-09 13:59:00','2018-02-21 13:59:35','2018-02-21 11:29:12',0),(6137,1177,5895,6133,6135,'','0000022599',178.18,'2018-01-04 14:06:00','2018-02-21 14:06:26','2018-02-21 11:54:40',0),(6139,1177,5895,6133,6135,'','0000022761',-10.69,'2018-02-13 14:06:00','2018-02-21 14:06:56','2018-02-21 11:54:27',0),(6147,1177,5901,5903,5905,'','0000001839',288.00,'2018-02-07 15:02:00','2018-02-21 15:01:42','2018-02-21 13:08:21',0),(6149,1177,5901,5903,5905,'','0000001837',1667.41,'2018-02-07 15:02:00','2018-02-21 15:02:04','2018-02-21 13:08:43',0),(6151,1177,5901,5903,5905,'','0000001838',20.84,'2018-02-07 15:02:00','2018-02-21 15:02:18','2018-02-21 13:08:58',0),(6153,1177,5901,5939,5979,'','0000022779',-71.71,'2018-02-16 15:06:00','2018-02-21 15:06:19','2018-02-21 13:12:58',0),(6155,1177,5901,5939,5979,'','0000022778',569.70,'2018-02-16 15:06:00','2018-02-21 15:06:38','2018-02-21 13:13:17',0),(6157,1177,5907,5909,5911,'','0000001853',24000.00,'2018-02-14 15:22:00','2018-02-21 15:21:48','2018-02-21 13:28:27',0),(6159,1177,5907,5909,5911,'','0000001854',300.00,'2018-02-14 15:22:00','2018-02-21 15:22:05','2018-02-21 13:28:44',0),(6165,1177,6053,6161,6163,'','0000022661',-378.00,'2018-01-23 15:27:00','2018-02-21 15:26:50','2018-02-21 13:33:30',0),(6167,1177,6053,6161,6163,'','0000022629',6300.00,'2018-01-15 15:27:00','2018-02-21 15:27:08','2018-02-21 13:33:47',0),(6169,1177,6097,6099,6101,'','0000001850',3423.02,'2018-02-13 15:43:00','2018-02-21 15:43:06','2018-02-21 13:49:45',0),(6171,1177,6097,6099,6101,'','0000001849',273842.00,'2018-02-13 15:43:00','2018-02-21 15:43:24','2018-02-21 13:50:03',0),(6177,1177,6097,6173,6175,'','0000003325',1924.61,'2018-02-15 15:58:00','2018-02-21 15:57:51','2018-02-21 14:04:30',0),(6183,1177,6097,6179,6181,'','000000107',1809.00,'2018-02-19 15:59:00','2018-02-21 15:59:27','2018-02-21 14:06:07',0),(6189,1177,6097,6185,6187,'','0000000939',3096.00,'2018-02-16 16:01:00','2018-02-21 16:01:29','2018-02-21 14:08:08',0),(6195,1177,6097,6191,6193,'','0000001378',2400.00,'2018-02-16 16:03:00','2018-02-21 16:02:45','2018-02-21 14:09:24',0),(6201,1177,6097,6197,6199,'','0000004368',2268.00,'2018-02-16 16:04:00','2018-02-21 16:03:59','2018-02-21 14:10:38',0),(6207,1177,6097,6203,6205,'','0000009446',6508.51,'2018-02-15 16:05:00','2018-02-21 16:04:54','2018-02-21 14:11:33',0),(6213,1177,6097,6209,6211,'','0100000654',1111.32,'2018-02-01 16:06:00','2018-02-21 16:06:03','2018-02-21 14:12:42',0),(6215,1177,6103,6105,6107,'','0000001851',17550.00,'2018-02-13 16:07:00','2018-02-21 16:07:22','2018-02-21 14:14:01',0),(6217,1177,6103,6105,6107,'','0000001852',877.50,'2018-02-13 16:07:00','2018-02-21 16:07:39','2018-02-21 14:14:18',0),(6219,1177,6117,6119,6121,'','0000001855',13636.37,'2018-02-14 16:09:00','2018-02-21 16:08:39','2018-02-21 14:15:18',0),(6221,1177,6117,6119,6121,'','0000001856',681.82,'2018-02-14 16:09:00','2018-02-21 16:08:56','2018-02-21 14:15:35',0),(6223,1177,6091,6093,6095,'','0000001857',50458.90,'2018-02-19 16:12:00','2018-02-21 16:11:56','2018-02-21 14:18:36',0),(6225,1177,6091,6093,6095,'','0000001858',1009.18,'2018-02-19 16:12:00','2018-02-21 16:12:25','2018-02-21 14:19:04',0),(6303,1177,5889,5935,5975,'','0000022720',-504.84,'2018-02-01 14:06:00','2018-02-23 14:06:22','2018-02-23 12:13:02',0),(6305,1177,5889,5935,5975,'','0000022786',-426.68,'2018-02-21 14:06:00','2018-02-23 14:09:48','2018-02-23 12:16:28',0),(6307,1177,5889,5935,5975,'','0000022785',14222.80,'2018-02-21 14:06:00','2018-02-23 14:10:58','2018-02-23 12:17:38',0),(6311,1177,5901,5939,5979,'','0000022722',-32.93,'2018-02-01 14:16:00','2018-02-23 14:15:51','2018-02-23 12:22:31',0),(6317,1177,6097,6313,6315,'','0000022723',16313.57,'2018-02-02 10:02:00','2018-02-26 10:02:51','2018-02-26 08:09:32',0),(6319,1177,6097,6313,6315,'','0000022795',-40.13,'2018-02-22 10:02:00','2018-02-26 10:03:20','2018-02-26 08:10:01',0),(6321,1177,6097,6313,6315,'','0000022793',-366.89,'2018-02-22 10:02:00','2018-02-26 10:03:39','2018-02-26 08:10:20',0),(6323,1177,6097,6313,6315,'','0000022801',-2530.09,'2018-02-22 10:02:00','2018-02-26 10:04:14','2018-02-26 08:10:55',0),(6325,1177,6097,6313,6315,'','0000022791',182792.39,'2018-02-21 10:02:00','2018-02-26 10:04:35','2018-02-26 08:11:16',0),(6327,1177,6097,6313,6315,'','0000022794',1337.78,'2018-02-22 10:02:00','2018-02-26 10:04:54','2018-02-26 08:11:35',0),(6329,1177,6097,6313,6315,'','0000022790',12229.78,'2018-02-21 10:02:00','2018-02-26 10:05:19','2018-02-26 08:11:59',0),(6331,1177,6097,6313,6315,'','0000022792',-19085.06,'2018-02-22 10:02:00','2018-02-26 10:05:45','2018-02-26 08:12:25',0),(6337,1177,6097,6333,6335,'','0000001899',20841.32,'2018-02-21 10:09:00','2018-02-26 10:08:59','2018-02-26 08:15:40',0),(6345,1177,6097,6341,6343,'','0000000038',7500.00,'2018-02-16 10:10:00','2018-02-26 10:10:47','2018-02-26 08:17:28',0),(6351,1177,6097,6347,6349,'','4000010204',4576.64,'2018-02-20 10:14:00','2018-02-26 10:13:46','2018-02-26 08:20:27',0),(6357,1177,6097,6353,6355,'','0000004771',2217.90,'2018-02-16 10:21:00','2018-02-26 10:21:21','2018-02-26 08:28:02',0),(6363,1177,6097,6359,6361,'','0000003373',1016.06,'2018-02-16 10:22:00','2018-02-26 10:22:35','2018-02-26 08:29:16',0),(6365,1177,1645,1647,1649,'','0000001840',438.65,'2018-02-08 10:36:00','2018-02-26 10:36:22','2018-02-26 08:43:03',0),(6367,1177,1633,1635,1637,'','0000001841',26.99,'2018-02-08 10:37:00','2018-02-26 10:37:17','2018-02-26 08:43:58',0),(6369,1177,1567,1569,1571,'','0000001843',900.00,'2018-02-08 10:38:00','2018-02-26 10:37:50','2018-02-26 08:44:30',0),(6371,1177,1543,1545,1547,'','0000001848',3614.44,'2018-02-12 10:38:00','2018-02-26 10:38:25','2018-02-26 08:45:06',0),(6373,1177,1511,1513,1515,'','0000001842',900.00,'2018-02-08 10:39:00','2018-02-26 10:38:57','2018-02-26 08:45:37',0),(6375,1177,1293,1295,1297,'','0000001829',49.50,'2018-01-25 10:39:00','2018-02-26 10:39:40','2018-02-26 08:46:21',0),(6429,1177,5907,5941,6287,'','0000017143',24000.00,'2018-02-22 15:04:00','2018-02-26 15:04:30','2018-02-26 13:11:11',0),(6437,1177,6079,6433,6435,'','5000000921',18698.90,'2018-02-08 12:23:00','2018-02-27 12:23:24','2018-02-27 10:30:05',0),(6445,1177,6085,6441,6443,'','5000000920',13623.18,'2018-02-08 12:38:00','2018-02-27 12:38:20','2018-02-27 10:45:01',0),(6463,1177,6079,6459,6461,'','1000050459',28877.51,'2018-02-23 10:52:00','2018-02-28 10:52:09','2018-02-28 08:58:50',0),(6469,1177,6085,6465,6467,'','1000050445',20373.79,'2018-02-22 10:54:00','2018-02-28 10:54:02','2018-02-28 09:00:43',0),(6471,1177,5889,5935,5975,'','0000022597',154441.86,'2018-01-04 15:34:00','2018-02-28 15:34:36','2018-02-28 13:41:18',0),(6473,1177,5889,5935,5975,'','0000022619',-15651.14,'2018-01-10 15:34:00','2018-02-28 15:35:04','2018-02-28 13:41:46',0),(6475,1177,5889,5935,5975,'','0000022620',-253.48,'2018-01-11 15:34:00','2018-02-28 15:35:46','2018-02-28 13:42:27',0),(6477,1177,5889,5935,5975,'','0000022618',4224.60,'2018-01-09 15:34:00','2018-02-28 15:36:07','2018-02-28 13:42:48',0),(6491,1177,1657,1659,1661,'','0000001820',4.08,'2018-01-11 17:12:00','2018-02-28 17:12:47','2018-02-28 15:19:28',0),(6499,1177,1615,1617,1619,'','0000001859',909.06,'2018-02-22 17:17:00','2018-02-28 17:17:43','2018-02-28 15:24:25',0),(6501,1177,6091,6449,6451,'','5000000927',20258.40,'2018-02-16 17:21:00','2018-02-28 17:21:17','2018-02-28 15:27:58',0),(6507,1177,6289,6503,6505,'','5000000935',19723.34,'2018-02-27 17:25:00','2018-02-28 17:25:23','2018-02-28 15:32:05',0),(6517,1177,6511,6513,6515,'','0000056465',14869.98,'2018-02-28 17:32:00','2018-02-28 17:31:47','2018-02-28 15:38:29',0),(6533,1177,6085,6087,6089,'','0000001862',-269.87,'2018-02-28 10:54:00','2018-03-02 10:54:33','2018-03-02 09:01:15',0),(6537,1177,6091,6093,6095,'','0000001863',280.02,'2018-02-28 10:58:00','2018-03-02 10:58:04','2018-03-02 09:04:46',0),(6539,1177,6079,6081,6083,'','0000001861',330.89,'2018-02-28 11:01:00','2018-03-02 11:00:55','2018-03-02 09:07:37',0),(6545,1177,6097,6541,6543,'','0000015022',616.70,'2018-02-28 00:00:00','2018-03-06 13:39:23','2018-03-06 10:41:29',0),(6551,1177,6267,6549,6553,'','1000001694',29102.40,'2018-03-06 12:33:00','2018-03-07 12:33:48','2018-03-07 09:34:12',0),(6561,1177,6267,6557,6559,'','1000000009',15930.00,'2018-03-06 12:36:00','2018-03-07 12:35:55','2018-03-07 10:42:39',0),(6569,1177,6097,6565,6567,'','0000000978',3840.46,'2018-02-15 12:48:00','2018-03-07 12:48:01','2018-03-07 10:54:46',0),(6575,1177,6279,6281,6283,'','0000001868',3960.00,'2018-03-02 10:05:00','2018-03-08 10:05:25','2018-03-08 07:15:22',0),(6577,1177,6279,6281,6283,'','0000001869',49.50,'2018-03-02 10:05:00','2018-03-08 10:16:54','2018-03-08 08:23:39',0),(6581,1177,6273,6275,6277,'','0000001866',29337.46,'2018-03-02 10:18:00','2018-03-08 10:18:18','2018-03-08 08:25:03',0),(6583,1177,6273,6275,6277,'','0000001867',366.72,'2018-03-02 10:18:00','2018-03-08 10:18:35','2018-03-08 08:25:19',0),(6589,1177,6267,6269,6271,'','0000001864',45032.40,'2018-03-02 10:20:00','2018-03-08 10:20:30','2018-03-08 08:27:15',0),(6591,1177,6267,6269,6271,'','0000001865',562.91,'2018-03-02 10:20:00','2018-03-08 10:20:47','2018-03-08 08:27:31',0),(6601,1177,6273,6597,6599,'','0000003333',18071.87,'2018-03-02 13:36:00','2018-03-08 13:35:54','2018-03-08 11:42:39',0),(6603,1177,6273,6597,6599,'','0000003341',11265.58,'2018-03-07 13:36:00','2018-03-08 13:36:16','2018-03-08 11:43:01',0),(6613,1177,6091,6609,6611,'','1000050835',30480.52,'2018-02-28 11:26:00','2018-03-09 11:26:28','2018-03-09 09:33:13',0),(6643,1177,6279,6639,6641,'','0000001717',3960.00,'2018-03-09 10:31:00','2018-03-13 10:31:07','2018-03-13 08:37:53',0),(6689,1177,6289,6291,6293,'','1882',47362.24,'2018-03-16 17:41:00','2018-03-19 17:42:10','2018-03-19 15:48:59',0),(6691,1177,6289,6291,6293,'','1883',947.23,'2018-03-16 17:43:00','2018-03-19 17:42:53','2018-03-19 15:49:42',0),(6693,1177,6511,6527,6529,'','1880',40948.18,'2018-03-16 17:48:00','2018-03-19 17:48:11','2018-03-19 15:55:00',0),(6695,1177,6511,6527,6529,'','1881',818.98,'2018-03-16 17:48:00','2018-03-19 18:00:56','2018-03-19 16:07:45',0),(6697,1177,6665,6667,6669,'','1884',46860.86,'2018-03-16 18:06:00','2018-03-19 18:06:28','2018-03-19 16:13:17',0),(6699,1177,6665,6667,6669,'','1885',937.21,'2018-03-16 18:06:00','2018-03-19 18:08:02','2018-03-19 16:14:51',0),(6701,1177,6671,6673,6675,'','1886',44751.00,'2018-03-16 18:18:00','2018-03-19 18:18:40','2018-03-19 16:25:29',0),(6703,1177,6671,6673,6675,'','1887',895.02,'2018-03-16 18:18:00','2018-03-19 18:18:59','2018-03-19 16:25:48',0),(6705,1177,6677,6679,6681,'','1888',47087.15,'2018-03-16 18:22:00','2018-03-19 18:21:59','2018-03-19 16:28:48',0),(6707,1177,6677,6679,6681,'','1889',941.75,'2018-03-16 18:22:00','2018-03-19 18:22:20','2018-03-19 16:29:09',0),(6709,1177,6683,6685,6687,'','1890',35350.04,'2018-03-16 18:27:00','2018-03-19 18:27:06','2018-03-19 16:33:55',0),(6711,1177,6683,6685,6687,'','1891',707.02,'2018-03-16 18:27:00','2018-03-19 18:27:30','2018-03-19 16:34:19',0),(6713,1177,6615,6617,6619,'','0000001875',4767.49,'2018-03-13 12:09:00','2018-03-20 12:09:02','2018-03-20 10:15:51',0),(6715,1177,6615,6617,6619,'','0000001874',381399.78,'2018-03-13 12:09:00','2018-03-20 12:09:18','2018-03-20 10:16:07',0),(6721,1177,6621,6623,6625,'','0000001877',45.00,'2018-03-13 12:15:00','2018-03-20 12:15:13','2018-03-20 10:22:02',0),(6723,1177,6621,6623,6625,'','0000001876',3600.00,'2018-03-13 12:15:00','2018-03-20 12:15:29','2018-03-20 10:22:18',0),(6729,1177,6627,6629,6631,'','0000001879',152.69,'2018-03-13 12:19:00','2018-03-20 12:19:11','2018-03-20 10:26:00',0),(6731,1177,6627,6629,6631,'','0000001878',12215.28,'2018-03-13 12:19:00','2018-03-20 12:19:25','2018-03-20 10:26:14',0),(6743,1177,6621,6739,6741,'','0000000018',3600.00,'2018-03-22 13:45:00','2018-03-23 13:45:11','2018-03-23 11:52:01',0),(6751,1177,6615,6747,6749,'','0000022945',-3994.64,'2018-03-22 13:49:00','2018-03-23 13:48:43','2018-03-23 11:55:33',0),(6753,1177,6615,6747,6749,'','0000022944',26348.29,'2018-03-22 13:49:00','2018-03-23 13:49:17','2018-03-23 11:56:07',0),(6787,1177,6615,6783,6785,'','455',4647.05,'2018-03-01 15:36:00','2018-03-23 15:36:22','2018-03-23 13:43:12',0),(6795,1177,6615,6791,6793,'','0000009569',9432.43,'2018-03-12 15:39:00','2018-03-23 15:38:44','2018-03-23 13:45:35',0),(6803,1177,6615,6799,6801,'','0000004418',1633.50,'2018-03-20 15:41:00','2018-03-23 15:40:43','2018-03-23 13:47:33',0),(6811,1177,6615,6807,6809,'','5000001396',12878.11,'2018-03-13 15:42:00','2018-03-23 15:42:43','2018-03-23 13:49:33',0),(6819,1177,6615,6815,6817,'','118',2133.07,'2018-03-23 15:45:00','2018-03-23 15:45:06','2018-03-23 13:51:56',0),(6827,1177,6615,6823,6825,'','0000000984',2883.14,'2018-03-19 15:46:00','2018-03-23 15:46:35','2018-03-23 13:53:26',0),(6835,1177,6615,6831,6833,'','1000002898',2535.55,'2018-03-21 15:48:00','2018-03-23 15:48:10','2018-03-23 13:55:00',0),(6839,1177,6615,6747,6749,'','0000022931',-341.14,'2018-03-21 15:51:00','2018-03-23 15:50:43','2018-03-23 13:57:33',0),(6841,1177,6615,6747,6749,'','0000022933',-366.59,'2018-03-21 15:51:00','2018-03-23 15:51:17','2018-03-23 13:58:07',0),(6843,1177,6615,6747,6749,'','0000022929',11371.20,'2018-03-20 15:51:00','2018-03-23 15:51:46','2018-03-23 13:58:36',0),(6845,1177,6615,6747,6749,'','0000022927',254726.92,'2018-03-20 15:51:00','2018-03-23 15:53:31','2018-03-23 14:00:21',0),(6847,1177,6615,6747,6749,'','0000022928',12219.44,'2018-03-20 15:51:00','2018-03-23 15:53:51','2018-03-23 14:00:41',0),(6849,1177,6615,6747,6749,'','0000022932',-26597.69,'2018-03-21 15:51:00','2018-03-23 15:54:15','2018-03-23 14:01:05',0),(6861,1177,6615,6857,6859,'','0100005835',12091.67,'2018-03-23 13:16:00','2018-03-26 13:16:07','2018-03-26 10:22:58',0),(6865,1177,6665,6775,6777,'','5000000965',18872.06,'2018-03-15 13:41:00','2018-03-27 13:41:32','2018-03-27 10:48:24',0),(6875,1177,6869,6871,6873,'','0000001892',1642.90,'2018-03-21 13:46:00','2018-03-27 13:46:42','2018-03-27 10:53:34',0),(6877,1177,6869,6871,6873,'','0000001893',20.54,'2018-03-21 13:46:00','2018-03-27 13:47:00','2018-03-27 10:53:51',0),(6883,1177,5901,5903,5905,'','0000001909',146.69,'2018-03-22 13:49:00','2018-03-27 13:49:54','2018-03-27 10:56:46',0),(6893,1177,6869,6889,6891,'','6448',1642.90,'2018-03-09 14:08:00','2018-03-27 14:08:17','2018-03-27 11:15:09',0),(6905,1177,1609,1611,1613,'','0000001917',365.86,'2018-03-23 09:43:00','2018-03-29 09:43:39','2018-03-29 07:56:26',0),(6907,1177,1365,1367,1369,'','0000001916',4768.28,'2018-03-23 09:44:00','2018-03-29 09:44:39','2018-03-29 07:55:51',0),(6921,1177,6915,6917,6919,'','0000001913',47737.68,'2018-03-23 11:31:00','2018-03-29 11:30:55','2018-03-29 08:37:47',0),(6923,1177,6915,6917,6919,'','0000001918',3503.86,'2018-03-26 11:31:00','2018-03-29 11:31:17','2018-03-29 08:38:10',0),(6929,1177,6897,6925,6927,'','0000001914',30625.80,'2018-03-23 11:32:00','2018-03-29 11:32:33','2018-03-29 08:39:25',0),(6931,1177,6897,6925,6927,'','0000001915',1976.84,'2018-03-23 11:32:00','2018-03-29 11:33:05','2018-03-29 08:39:57',0),(6935,1177,1445,1447,1449,'','1919',2168.47,'2018-03-28 13:28:00','2018-04-03 13:28:23','2018-04-03 10:35:17',0),(6943,1177,6511,6939,6941,'','1000051386',25620.38,'2018-03-26 13:35:00','2018-04-03 13:34:54','2018-04-03 10:41:48',0),(6951,1177,6289,6947,6949,'','1000051385',27640.27,'2018-03-26 13:38:00','2018-04-03 13:37:45','2018-04-03 10:44:39',0),(6955,1177,5889,5891,5893,'','0000001926',1019.27,'2018-04-03 12:11:00','2018-04-16 12:10:56','2018-04-16 09:17:54',0),(6959,1177,5889,5891,5893,'','0000001925',81541.00,'2018-04-03 12:11:00','2018-04-16 12:12:31','2018-04-16 09:19:30',0),(6963,1177,6633,6635,6637,'','0000001928',3007.79,'2018-04-03 12:14:00','2018-04-16 12:14:26','2018-04-16 09:21:25',0),(6965,1177,6633,6635,6637,'','0000001927',240623.05,'2018-04-03 12:14:00','2018-04-16 12:14:48','2018-04-16 09:21:47',0),(6971,1177,6867,6911,6913,'','0000001934',4766.23,'2018-04-03 12:17:00','2018-04-16 12:16:55','2018-04-16 09:23:54',0),(6973,1177,6867,6911,6913,'','0000001933',381298.57,'2018-04-03 12:17:00','2018-04-16 12:17:11','2018-04-16 09:24:10',0),(7003,1177,6981,6999,7001,'','0000001930',681.82,'2018-04-03 12:43:00','2018-04-16 12:43:32','2018-04-16 09:50:31',0),(7005,1177,6981,6999,7001,'','0000001929',13636.37,'2018-04-03 12:43:00','2018-04-16 12:43:52','2018-04-16 09:50:51',0),(7015,1177,6983,7011,7013,'','0000001932',681.82,'2018-04-03 12:47:00','2018-04-16 12:47:09','2018-04-16 09:54:08',0),(7017,1177,6983,7011,7013,'','0000001931',13636.37,'2018-04-03 12:47:00','2018-04-16 12:47:24','2018-04-16 09:54:23',0),(7033,1177,6991,7029,7031,'','0000001898',3.83,'2018-03-21 12:51:00','2018-04-16 12:51:07','2018-04-16 09:58:06',0),(7035,1177,6991,7029,7031,'','0000001921',3.83,'2018-03-29 12:51:00','2018-04-16 12:51:30','2018-04-16 09:58:29',0),(7037,1177,6991,7029,7031,'','0000001899',36.00,'2018-03-21 12:51:00','2018-04-16 12:51:59','2018-04-16 09:53:15',0),(7039,1177,6991,7029,7031,'','0000001897',305.96,'2018-03-21 12:51:00','2018-04-16 12:53:31','2018-04-16 10:00:30',0),(7061,1177,6993,7049,7059,'','0000001922',2.22,'2018-03-29 13:45:00','2018-04-16 13:45:40','2018-04-16 10:52:39',0),(7063,1177,6993,7049,7059,'','0000001901',2.22,'2018-03-21 13:45:00','2018-04-16 13:45:58','2018-04-16 10:52:57',0),(7065,1177,6993,7049,7059,'','0000001902',36.00,'2018-03-21 13:45:00','2018-04-16 13:46:30','2018-04-16 10:53:29',0),(7067,1177,6993,7049,7059,'','0000001900',178.18,'2018-03-21 13:45:00','2018-04-16 13:46:47','2018-04-16 10:53:46',0),(7079,1177,6995,7051,7077,'','0000001904',1.85,'2018-03-21 13:51:00','2018-04-16 13:50:48','2018-04-16 10:57:47',0),(7081,1177,6995,7051,7077,'','0000001905',36.00,'2018-03-21 13:51:00','2018-04-16 13:51:14','2018-04-16 10:58:13',0),(7083,1177,6995,7051,7077,'','0000001923',1.85,'2018-03-29 13:51:00','2018-04-16 13:51:33','2018-04-16 10:58:32',0),(7085,1177,6995,7051,7077,'','0000001903',148.56,'2018-03-21 13:51:00','2018-04-16 13:51:52','2018-04-16 10:58:51',0),(7097,1177,7055,7057,7095,'','0000001924',3.12,'2018-03-29 13:56:00','2018-04-16 13:56:15','2018-04-16 11:03:14',0),(7099,1177,7055,7057,7095,'','0000001906',249.44,'2018-03-21 13:56:00','2018-04-16 13:56:32','2018-04-16 11:03:31',0),(7101,1177,7055,7057,7095,'','0000001908',36.00,'2018-03-21 13:56:00','2018-04-16 13:56:46','2018-04-16 11:03:45',0),(7103,1177,7055,7057,7095,'','0000001907',3.12,'2018-03-21 13:56:00','2018-04-16 13:57:01','2018-04-16 11:04:00',0),(7117,1177,6079,7113,7115,'','0000023061',29220.11,'2018-04-12 14:48:00','2018-04-16 14:47:42','2018-04-16 11:54:40',0),(7119,1177,6079,7113,7115,'','0000023062',-876.60,'2018-04-13 14:49:00','2018-04-16 14:48:48','2018-04-16 11:55:46',0),(7125,1177,6079,7121,7123,'','4000005541',8525.95,'2018-04-02 14:52:00','2018-04-16 14:52:08','2018-04-16 11:59:07',0),(7131,1177,6079,7127,7129,'','1000002912',43794.95,'2018-04-12 14:54:00','2018-04-16 14:53:38','2018-04-16 12:00:37',0),(7137,1177,6633,7133,7135,'','0000023059',28040.04,'2018-04-12 15:13:00','2018-04-16 15:13:34','2018-04-16 12:20:33',0),(7139,1177,6633,7133,7135,'','0000023057',212284.80,'2018-04-12 15:13:00','2018-04-16 15:15:09','2018-04-16 12:22:08',0),(7145,1177,6991,7141,7143,'','0000022998',305.96,'2018-03-30 15:16:00','2018-04-16 15:16:24','2018-04-16 12:23:22',0),(7151,1177,6993,7147,7149,'','0000022995',178.18,'2018-03-30 15:19:00','2018-04-16 15:19:31','2018-04-16 12:26:29',0),(7157,1177,6995,7153,7155,'','0000022996',148.55,'2018-03-30 15:20:00','2018-04-16 15:20:26','2018-04-16 12:27:25',0),(7163,1177,7055,7159,7161,'','0000022997',249.44,'2018-03-30 15:21:00','2018-04-16 15:21:28','2018-04-16 12:28:27',0),(7165,1177,6633,7133,7135,'','0000023060',-4806.86,'2018-04-12 15:23:00','2018-04-16 15:22:52','2018-04-16 12:29:51',0),(7167,1177,6633,7133,7135,'','0000023058',-19595.52,'2018-04-12 15:23:00','2018-04-16 15:23:14','2018-04-16 12:30:13',0),(7169,1177,6991,7141,7143,'','0000023003',-9.18,'2018-03-30 15:24:00','2018-04-16 15:24:09','2018-04-16 12:31:07',0),(7171,1177,6993,7147,7149,'','0000023001',-5.34,'2018-03-30 15:25:00','2018-04-16 15:24:47','2018-04-16 12:31:45',0),(7173,1177,6995,7153,7155,'','0000023004',-4.45,'2018-03-30 15:25:00','2018-04-16 15:25:30','2018-04-16 12:32:29',0),(7175,1177,7055,7159,7161,'','0000023000',-7.49,'2018-03-30 15:26:00','2018-04-16 15:26:13','2018-04-16 12:33:12',0),(7179,1177,6985,7023,7177,'','0000001895',4.08,'2018-03-21 15:29:00','2018-04-16 15:29:09','2018-04-16 12:36:08',0),(7181,1177,6985,7023,7177,'','0000001894',326.59,'2018-03-21 15:29:00','2018-04-16 15:29:27','2018-04-16 12:36:26',0),(7183,1177,6985,7023,7177,'','0000001920',4.08,'2018-03-29 15:29:00','2018-04-16 15:29:45','2018-04-16 12:36:43',0),(7185,1177,6985,7023,7177,'','0000001896',36.00,'2018-03-21 15:29:00','2018-04-16 15:30:02','2018-04-16 12:37:01',0),(7197,1177,6987,7025,7195,'','0000001937',144.00,'2018-04-03 15:34:00','2018-04-16 15:34:35','2018-04-16 12:41:34',0),(7199,1177,6987,7025,7195,'','0000001936',22.56,'2018-04-03 15:34:00','2018-04-16 15:34:51','2018-04-16 12:41:49',0),(7201,1177,6987,7025,7195,'','0000001935',1805.18,'2018-04-03 15:34:00','2018-04-16 15:35:06','2018-04-16 12:42:05',0),(7209,1177,1481,1483,1485,'','0000001811',2.58,'2018-01-11 15:37:00','2018-04-16 15:37:29','2018-04-16 12:44:28',0);

--
-- Table structure for table `crm_order`
--

CREATE TABLE `crm_order` (
  `id` bigint(20) unsigned NOT NULL DEFAULT '0',
  `user_id` bigint(20) unsigned NOT NULL DEFAULT '0',
  `project_id` bigint(20) unsigned NOT NULL DEFAULT '0',
  `document_id` bigint(20) unsigned NOT NULL DEFAULT '0',
  `amount` decimal(14,2) NOT NULL DEFAULT '0.00',
  `code` varchar(32) NOT NULL DEFAULT '',
  `title` varchar(255) NOT NULL DEFAULT '',
  `order_date` datetime NOT NULL,
  `create_at` datetime NOT NULL,
  `update_at` timestamp NOT NULL DEFAULT CURRENT_TIMESTAMP,
  `status` int(10) unsigned NOT NULL DEFAULT '0',
  PRIMARY KEY (`id`),
  KEY `user_id` (`user_id`),
  KEY `project_id` (`project_id`),
  KEY `create_at` (`create_at`),
  KEY `document_id` (`document_id`)
) ENGINE=InnoDB DEFAULT CHARSET=utf8;

--
-- Dumping data for table `crm_order`
--

INSERT INTO `crm_order` (`id`, `user_id`, `project_id`, `document_id`, `amount`, `code`, `title`, `order_date`, `create_at`, `update_at`, `status`) VALUES (1243,1177,1239,1241,6002.40,'','Малки и средни предприятия','2017-01-01 11:24:00','2018-01-03 11:25:03','2018-01-03 08:25:41',0),(1249,1177,1245,1247,24600.00,'','Годишни награди на имоти.нет','2017-01-01 11:32:00','2018-01-03 11:32:47','2018-01-03 09:38:45',0),(1255,1177,1251,1253,12028.35,'','Computer World','2017-01-01 00:00:00','2018-01-03 11:39:20','2018-01-04 07:23:31',0),(1261,1177,1257,1259,8443.89,'','Частно банкиране','2017-01-01 11:42:00','2018-01-03 11:42:51','2018-01-03 09:48:49',0),(1267,1177,1263,1265,308.16,'','Обява за търг','2017-01-01 11:44:00','2018-01-03 11:44:46','2018-01-03 09:50:44',0),(1273,1177,1269,1271,6886.92,'','Обява за търг','2017-01-01 11:46:00','2018-01-03 11:46:42','2018-01-03 09:52:41',0),(1279,1177,1275,1277,11114.21,'','Потребителски кредити, Кредитни карти и Частно банкиране','2017-02-01 11:48:00','2018-01-03 11:49:10','2018-01-03 09:55:08',0),(1285,1177,1281,1283,39372.30,'','в-к Банкер и сп. Банкер Спешъл','2017-02-01 11:52:00','2018-01-03 11:52:15','2018-01-03 09:58:14',0),(1291,1177,1287,1289,1476.00,'','Младежи и студенти във в-к Стандарт','2017-02-28 11:54:00','2018-01-03 11:54:43','2018-01-03 10:00:42',0),(1297,1177,1293,1295,4059.00,'','Частно банкиране в сп. Unique Estates','2017-02-01 11:56:00','2018-01-03 11:57:00','2018-01-03 10:02:59',0),(1303,1177,1299,1301,1022.25,'','Обява за търг във в.  24 часа, Труд и Посоки','2017-02-24 12:01:00','2018-01-03 12:01:46','2018-01-03 10:07:44',0),(1309,1177,1305,1307,1046.10,'','Обява за търг във в 24 часа, Труд и Ало, Сливен','2017-02-27 12:04:00','2018-01-03 12:04:48','2018-01-03 10:10:46',0),(1315,1177,1311,1313,9623.69,'','Premium Essentials Guide','2017-02-02 12:07:00','2018-01-03 12:07:37','2018-01-03 10:13:35',0),(1321,1177,1317,1319,390999.20,'','Потребителски кредити','2017-03-01 00:00:00','2018-01-03 12:10:07','2018-01-03 10:16:05',0),(1327,1177,1323,1325,40000.00,'','Онлайн потребителски кредити','2017-03-01 00:00:00','2018-01-03 12:12:14','2018-01-03 10:18:13',0),(1333,1177,1329,1331,390999.72,'','Ипотечни кредити','2017-02-01 00:00:00','2018-01-03 12:14:41','2018-01-03 10:20:40',0),(1339,1177,1335,1337,965.75,'','Обява за търг във в 24 часа, Труд и Хасковска Марица','2017-03-24 00:00:00','2018-01-03 12:17:57','2018-01-03 09:18:17',0),(1345,1177,1341,1343,7198.79,'','Обява за търг във в 24 часа, Труд и Стандарт','2017-03-01 00:00:00','2018-01-03 12:20:57','2018-01-03 10:26:55',0),(1351,1177,1347,1349,50960.96,'','Нови офиси','2017-04-01 12:22:00','2018-01-03 12:23:08','2018-01-03 10:29:07',0),(1357,1177,1353,1355,2639.58,'','Обява за търг във в Капитал Дейли и Утро Русе','2017-03-01 00:00:00','2018-01-03 12:25:32','2018-01-03 10:31:30',0),(1363,1177,1359,1361,892.70,'','Обява за тър във в 24 часа, Труд - Видин и Ние Видин','2017-04-01 00:00:00','2018-01-03 12:27:53','2018-01-03 10:33:51',0),(1369,1177,1365,1367,390999.98,'','Младежки и студентски кредити','2017-04-01 00:00:00','2018-01-03 12:31:06','2018-01-03 10:37:05',0),(1375,1177,1371,1373,2685.49,'','Обява за търг във в Капитал Дейли и Черно море','2017-04-01 00:00:00','2018-01-03 12:33:54','2018-01-03 10:39:53',0),(1383,1177,1379,1381,283.81,'','Обява за търг във в. Отзвук - Смолян','2017-04-01 00:00:00','2018-01-03 13:04:14','2018-01-03 11:10:13',0),(1389,1177,1385,1387,349.61,'','Обява за търг във в.Конкурент','2017-04-01 00:00:00','2018-01-03 13:06:16','2018-01-03 11:12:15',0),(1395,1177,1391,1393,229999.64,'','Потребителски кредити','2017-04-01 00:00:00','2018-01-03 13:08:04','2018-01-03 11:14:03',0),(1401,1177,1397,1399,199999.92,'','Ипотечни кредити','2017-05-01 13:10:00','2018-01-03 13:10:07','2018-01-03 11:16:06',0),(1407,1177,1403,1405,199999.16,'','Бизнес кредити','2017-05-01 00:00:00','2018-01-03 13:17:32','2018-01-03 10:19:29',0),(1413,1177,1409,1411,390511.72,'','Жилищни и ипотечни кредити','2017-06-01 00:00:00','2018-01-03 13:24:23','2018-01-03 11:30:21',0),(1419,1177,1415,1417,3367.94,'','Младежи и студенти за издание на сп. «Примиум лайфстайл»','2017-06-01 00:00:00','2018-01-03 13:26:16','2018-01-03 11:32:14',0),(1425,1177,1421,1423,2991.82,'','Обява за търг във в Капитал Дейли и Марица Пловдив','2017-06-01 00:00:00','2018-01-03 13:29:00','2018-01-03 11:34:59',0),(1431,1177,1427,1429,199950.67,'','Младежи и студенти','2017-06-01 00:00:00','2018-01-03 13:30:43','2018-01-03 11:36:41',0),(1437,1177,1433,1435,299317.11,'','Потребителски кредити','2017-06-01 00:00:00','2018-01-03 13:32:38','2018-01-03 11:38:37',0),(1443,1177,1439,1441,1476.00,'','ENTERPRISE','2017-05-01 00:00:00','2018-01-03 13:34:40','2018-01-03 11:40:38',0),(1449,1177,1445,1447,177814.47,'','Х Фактор по Нова ТВ','2017-07-01 00:00:00','2018-01-03 13:36:33','2018-01-03 11:42:31',0),(1455,1177,1451,1453,2678.94,'','Обява за търг във в. Капитал Дейли и Утро, гр. Русе','2017-07-01 00:00:00','2018-01-03 13:39:13','2018-01-03 11:45:11',0),(1461,1177,1457,1459,349.61,'','Обява за търг във в.Конкурент','2017-07-01 00:00:00','2018-01-03 15:06:17','2018-01-03 13:12:15',0),(1467,1177,1463,1465,188.27,'','Обява за търг във в. Ало! Сливен','2017-07-01 00:00:00','2018-01-03 15:08:10','2018-01-03 13:14:08',0),(1473,1177,1469,1471,892.70,'','Обява за търг във в. 24 часа, Труд - Видин и Ние Видин','2017-07-01 00:00:00','2018-01-03 15:10:26','2018-01-03 13:16:24',0),(1479,1177,1475,1477,3983.48,'','SEM Onboarding','2017-07-01 00:00:00','2018-01-03 15:11:47','2018-01-03 13:17:45',0),(1485,1177,1481,1483,247.81,'','Обява за търг във в. Отзвук Смолян','2017-07-01 00:00:00','2018-01-03 15:13:39','2018-01-03 13:19:37',0),(1491,1177,1487,1489,2930.60,'','Обява за търг във в. Капитал Дейли и Марица Пловдив','2017-07-01 00:00:00','2018-01-03 15:15:29','2018-01-03 13:21:27',0),(1497,1177,1493,1495,19983.22,'','Онлайн заявки за Потребителски кредит','2017-07-01 00:00:00','2018-01-03 15:17:05','2018-01-03 13:23:03',0),(1503,1177,1499,1501,2401.73,'','Обява за търг във в Капитал Дейли и Черно море','2017-07-01 00:00:00','2018-01-03 15:19:05','2018-01-03 13:25:03',0),(1509,1177,1505,1507,280197.27,'','Потребителски кредити','2017-07-01 00:00:00','2018-01-03 15:22:35','2018-01-03 13:28:33',0),(1515,1177,1511,1513,19800.00,'','Онлайн заявки за Потребителски кредит','2017-07-01 00:00:00','2018-01-03 15:24:20','2018-01-03 13:30:18',0),(1523,1177,1517,1519,229999.99,'','Младежи и студенти','2017-09-01 00:00:00','2018-01-03 15:28:21','2018-01-03 13:34:19',0),(1529,1177,1525,1527,406.76,'','Обява за търг във в. Добруджанска трибуна','2017-09-01 00:00:00','2018-01-03 15:30:00','2018-01-03 13:35:59',0),(1535,1177,1531,1533,2767.50,'','Капитал – Земеделие','2017-07-01 00:00:00','2018-01-03 15:31:34','2018-01-03 13:37:32',0),(1541,1177,1537,1539,349.61,'','Обява за търг във в.Конкурент','2017-09-01 00:00:00','2018-01-03 15:33:43','2018-01-03 13:39:42',0),(1547,1177,1543,1545,296407.18,'','Директ и Смарт','2017-11-01 00:00:00','2018-01-03 15:36:19','2018-01-03 13:42:18',0),(1553,1177,1549,1551,14760.00,'','ДСК Директ и Смарт','2017-10-01 00:00:00','2018-01-03 15:38:42','2018-01-03 13:44:41',0),(1559,1177,1555,1557,127.89,'','Обява за търг във в. Отзвук Смолян','2017-10-01 00:00:00','2018-01-03 15:40:47','2018-01-03 13:46:45',0),(1565,1177,1561,1563,320158.12,'','Кредитни карти','2017-10-01 00:00:00','2018-01-03 15:42:56','2018-01-03 13:48:54',0),(1571,1177,1567,1569,19800.00,'','Кредитни карти','2017-11-01 00:00:00','2018-01-03 15:44:36','2018-01-03 13:50:35',0),(1577,1177,1573,1575,2454.66,'','Обява за търг във в. Капитал Дейли, в. Черноморски фар','2017-10-01 00:00:00','2018-01-03 15:53:00','2018-01-03 13:58:59',0),(1583,1177,1579,1581,18136.15,'','Нов Офис Варна','2017-10-01 00:00:00','2018-01-03 15:54:53','2018-01-03 14:00:52',0),(1589,1177,1585,1587,1230.00,'','Справочник със Списък за растителна защита, 2018г.','2017-10-01 00:00:00','2018-01-03 15:57:00','2018-01-03 14:02:58',0),(1595,1177,1591,1593,2634.29,'','Обява за търг във в Капитал Дейли и Утро','2017-10-01 00:00:00','2018-01-03 16:06:17','2018-01-03 14:12:15',0),(1601,1177,1597,1599,2930.60,'','Обява за търг във в. Капитал Дейли и Марица Пловдив','2017-10-01 00:00:00','2018-01-03 16:07:49','2018-01-03 14:13:48',0),(1607,1177,1603,1605,188.27,'','Обява за търг във в. Ало! Сливен','2017-10-01 00:00:00','2018-01-03 16:09:36','2018-01-03 14:15:34',0),(1613,1177,1609,1611,29999.79,'','Младежи и студенти – Британски музикални награди 2018','2017-11-01 00:00:00','2018-01-03 16:11:11','2018-01-03 14:17:09',0),(1619,1177,1615,1617,19999.32,'','Онлайн заявки за Потребителски кредит','2017-11-01 00:00:00','2018-01-03 16:12:28','2018-01-03 14:18:26',0),(1625,1177,1621,1623,1635.85,'','сп. Наш дом – Юбилеен брой','2017-11-01 00:00:00','2018-01-03 16:14:22','2018-01-03 14:20:21',0),(1631,1177,1627,1629,1845.00,'','Твоят бизнес','2017-11-01 00:00:00','2018-01-03 16:15:41','2018-01-03 14:21:40',0),(1637,1177,1633,1635,2401.73,'','Обява за търг във в. Капитал Дейли и Черно море','2017-11-01 00:00:00','2018-01-03 16:17:11','2018-01-03 14:23:10',0),(1643,1177,1639,1641,4780.74,'','в. Български фермер и в. Хоби фермер','2017-11-01 00:00:00','2018-01-03 16:21:26','2018-01-03 14:27:25',0),(1649,1177,1645,1647,35969.47,'','Pepper','2017-11-01 00:00:00','2018-01-03 16:22:58','2018-01-03 14:28:56',0),(1655,1177,1651,1653,291.68,'','Обява за търг във в. Ние Видин','2017-11-01 00:00:00','2018-01-03 16:25:15','2018-01-03 14:31:13',0),(1661,1177,1657,1659,370.76,'','Обява за търг във в. Добруджанска трибуна','2017-11-01 00:00:00','2018-01-03 16:34:24','2018-01-03 14:40:23',0),(1667,1177,1663,1665,1998.20,'','Обява за търг във в. Капитал Дейли','2017-11-01 00:00:00','2018-01-03 16:35:55','2018-01-03 14:41:53',0),(1673,1177,1669,1671,4920.00,'','списание «Мениджър»','2017-12-01 00:00:00','2018-01-03 16:38:32','2018-01-03 14:44:30',0),(1679,1177,1675,1677,4920.00,'','списание «Банкер Спешъл»','2017-12-01 00:00:00','2018-01-03 16:39:53','2018-01-03 14:45:51',0),(1685,1177,1681,1683,165469.93,'','Потребителски кредити','2017-12-01 00:00:00','2018-01-03 16:46:04','2018-01-03 14:52:02',0),(1691,1177,1687,1689,14520.33,'','Онлайн заявки за Потребителски кредити','2017-12-01 00:00:00','2018-01-03 16:48:05','2018-01-03 14:54:03',0),(2641,1177,1245,2625,24000.00,'','Инвестор','2017-01-01 00:00:00','2018-01-08 10:16:50','2018-01-08 08:22:52',0),(2651,1177,1251,2649,11734.98,'','АЙ СИ ТИ','2017-02-14 00:00:00','2018-01-08 10:36:07','2018-01-08 08:42:09',0),(2659,1177,1257,2657,8237.95,'','АВВ','2017-01-05 00:00:00','2018-01-08 10:42:26','2018-01-08 08:48:29',0),(2669,1177,1263,2667,199.68,'','ХЕРМЕС МЕДИА АДВЕРТАЙЗИНГ АНД КОНСУЛТИНГС ЕООД','2017-01-04 00:00:00','2018-01-08 10:47:24','2018-01-08 08:53:27',0),(2677,1177,1269,2675,6279.38,'','Аргент','2017-01-01 00:00:00','2018-01-08 10:54:48','2018-01-08 09:00:51',0),(2691,1177,1275,2689,10843.12,'','КРИЕЙТИВ СОЛЮШЪНС ООД','2017-02-16 00:00:00','2018-01-08 11:18:16','2018-01-08 09:24:18',0),(2699,1177,1281,2697,36052.00,'','в-к Банкер и сп. Банкер Спешъл','2017-01-01 00:00:00','2018-01-08 11:31:39','2018-01-08 09:37:41',0),(2713,1177,1287,2711,1440.00,'','СТАНДАРТ НЮЗ АД','2017-03-16 00:00:00','2018-01-08 11:43:07','2018-01-08 09:49:10',0),(2721,1177,1293,2719,3960.00,'','Юник Естейтс','2017-03-24 00:00:00','2018-01-08 12:42:52','2018-01-08 10:48:55',0),(2729,1177,1299,2727,899.25,'','Аргент','2017-02-28 12:47:00','2018-01-08 12:47:18','2018-01-10 06:54:50',0),(2737,1177,1305,2735,921.83,'','Аргент','2017-02-28 00:00:00','2018-01-08 12:57:51','2018-01-10 06:57:33',0),(2745,1177,1311,2743,9388.97,'','КРИЕЙТИВ СОЛЮШЪНС ООД','2017-03-07 00:00:00','2018-01-08 13:02:58','2018-01-08 11:09:01',0),(2753,1177,1317,2751,32529.36,'','АВВ','2017-03-13 00:00:00','2018-01-08 13:09:20','2018-01-08 11:15:23',0),(2767,1177,1317,2765,7627.74,'','АП Ритейл','2017-03-20 00:00:00','2018-01-08 13:16:15','2018-01-08 11:22:17',0),(2775,1177,1317,2773,240018.09,'','Аргент','2017-01-01 00:00:00','2018-01-08 13:22:58','2018-01-08 11:29:01',0),(2787,1177,1317,2785,8525.95,'','БНК','2017-03-22 00:00:00','2018-01-08 13:43:39','2018-01-08 11:49:42',0),(2795,1177,1317,2793,4800.04,'','КРИМТАН','2017-03-24 14:02:00','2018-01-08 14:02:55','2018-01-08 12:08:57',0),(2803,1177,1317,2801,1801.44,'','Дир.бг','2017-03-14 00:00:00','2018-01-08 14:07:09','2018-01-08 12:13:12',0),(2811,1177,1317,2809,757.10,'','Гемиус','2017-03-30 00:00:00','2018-01-08 14:10:30','2018-01-08 12:16:33',0),(2819,1177,1317,2817,2323.52,'','Варна Билбордс','2017-03-07 00:00:00','2018-01-08 14:16:51','2018-01-08 12:22:54',0),(2827,1177,1317,2825,22296.46,'','МОЛ АДВЪРТАЙЗИНГ','2017-03-15 00:00:00','2018-01-08 14:23:40','2018-01-08 12:29:43',0),(2835,1177,1317,2833,12358.94,'','СПОРТАЛ.БГ','2017-03-01 00:00:00','2018-01-08 14:38:47','2018-01-08 12:44:50',0),(2849,1177,1317,2847,1184.40,'','ВсичкиОферти БГ','2017-03-22 00:00:00','2018-01-08 14:44:34','2018-01-08 12:50:37',0),(2857,1177,1323,2855,11097.91,'','КРИМТАН','2017-03-24 00:00:00','2018-01-08 14:49:22','2018-01-08 12:55:25',0),(2865,1177,1323,2863,4387.00,'','Аргент','2017-03-24 00:00:00','2018-01-08 14:51:34','2018-01-10 07:02:53',0),(2871,1177,1323,2869,1527.16,'','Гемиус','2017-03-30 00:00:00','2018-01-08 14:55:19','2018-01-08 13:01:22',0),(2879,1177,1329,2877,272324.84,'','Аргент','2017-01-01 00:00:00','2018-01-08 16:19:12','2018-01-08 14:25:15',0),(2901,1177,1329,2899,1807.20,'','ИНВЕСТОР ТВ','2017-03-15 00:00:00','2018-01-08 16:28:05','2018-01-08 14:34:08',0),(2909,1177,1329,2907,1381.54,'','БТВ','2017-03-24 00:00:00','2018-01-08 16:32:13','2018-01-08 14:38:16',0),(2917,1177,1329,2915,12462.32,'','Синема Сити','2017-03-28 00:00:00','2018-01-08 16:35:19','2018-01-08 14:41:22',0),(2925,1177,1329,2923,4800.00,'','КРИМТАН','2017-03-24 00:00:00','2018-01-08 16:39:14','2018-01-08 14:45:18',0),(2933,1177,1329,2931,2978.75,'','Дир.бг','2017-03-16 00:00:00','2018-01-08 16:43:28','2018-01-08 14:49:31',0),(2941,1177,1329,2939,729.73,'','Гемиус','2017-03-30 00:00:00','2018-01-08 16:45:49','2018-01-08 14:51:52',0),(2957,1177,1329,2955,12936.00,'','КИНО АРЕНА ВТ','2017-03-17 00:00:00','2018-01-08 16:52:48','2018-01-08 14:58:52',0),(2965,1177,1329,2963,2426.76,'','мейл.бг','2017-03-27 00:00:00','2018-01-08 16:56:17','2018-01-08 15:02:20',0),(2973,1177,1329,2971,10666.70,'','СПОРТАЛ.БГ','2017-03-30 00:00:00','2018-01-08 16:58:41','2018-01-08 15:04:44',0),(2981,1177,1335,2979,845.78,'','Аргент','2017-03-27 00:00:00','2018-01-08 17:17:17','2018-01-10 07:16:59',0),(2989,1177,1341,2987,6509.20,'','Аргент','2017-01-01 00:00:00','2018-01-09 09:47:55','2018-01-09 07:53:59',0),(3005,1177,1347,3003,1843.20,'','КРИМТАН','2017-05-15 00:00:00','2018-01-09 11:05:30','2018-01-09 09:11:34',0),(3015,1177,1347,3013,7218.50,'','Дот Колор','2017-04-27 00:00:00','2018-01-09 11:09:49','2018-01-09 09:15:53',0),(3025,1177,1347,3023,720.00,'','Инджи 95','2017-04-19 00:00:00','2018-01-09 11:13:21','2018-01-09 09:19:25',0),(3035,1177,1347,3033,15717.40,'','ЕЦЕ ПРОЕКТМЕНИДЖМЪНТ БЪЛГАРИЯ','2017-05-15 00:00:00','2018-01-09 11:19:10','2018-01-09 09:25:14',0),(3043,1177,1347,3041,4165.92,'','МОЛ АДВЪРТАЙЗИНГ','2017-04-10 00:00:00','2018-01-09 11:23:06','2018-01-09 09:29:10',0),(3051,1177,1347,3049,20207.64,'','АП Ритейл','2017-04-07 00:00:00','2018-01-09 11:25:22','2018-01-09 09:31:25',0),(3059,1177,1353,3057,2139.27,'','Аргент','2017-05-19 00:00:00','2018-01-09 12:04:58','2018-01-09 10:11:02',0),(3071,1177,1359,3069,776.66,'','Аргент','2017-04-21 00:00:00','2018-01-09 12:13:02','2018-01-09 10:19:06',0),(3079,1177,1365,3077,258742.89,'','Аргент','2017-01-01 00:00:00','2018-01-09 12:28:55','2018-01-10 07:29:40',0),(3111,1177,1365,3109,19855.58,'','АВВ','2017-01-01 00:00:00','2018-01-09 12:50:04','2018-01-09 10:56:08',0),(3121,1177,1365,3119,12289.45,'','СИНЕМА СИТИ','2017-05-17 00:00:00','2018-01-09 14:13:58','2018-01-09 12:20:02',0),(3129,1177,1365,3127,1995.84,'','Дир.бг','2017-05-05 00:00:00','2018-01-09 14:16:29','2018-01-09 12:22:33',0),(3137,1177,1365,3135,6000.00,'','СПОТЛАЙТ','2017-05-02 00:00:00','2018-01-09 14:19:32','2018-01-09 12:25:36',0),(3147,1177,1365,3145,3397.50,'','ЕКЗИТ МЕДИА','2017-05-01 00:00:00','2018-01-09 14:23:23','2018-01-09 12:29:27',0),(3159,1177,1365,3157,462.86,'','Гемиус','2017-06-30 00:00:00','2018-01-09 14:29:46','2018-01-09 12:35:50',0),(3169,1177,1365,3167,2300.05,'','ХАЙ ЕНД ПЪБЛИШИНГ','2017-05-16 00:00:00','2018-01-09 14:33:06','2018-01-09 12:39:10',0),(3177,1177,1365,3175,12936.00,'','КИНО АРЕНА ВТ','2017-05-05 00:00:00','2018-01-09 14:35:25','2018-01-09 12:41:28',0),(3185,1177,1365,3183,1784.16,'','меил.бг','2017-05-11 00:00:00','2018-01-09 14:38:30','2018-01-09 12:44:34',0),(3195,1177,1365,3193,928.11,'','Медиа Днес','2017-05-17 00:00:00','2018-01-09 14:40:58','2018-01-09 12:47:02',0),(3205,1177,1365,3203,1070.17,'','ОФФ МЕДИЯ','2017-05-22 00:00:00','2018-01-09 14:44:13','2018-01-09 12:50:17',0),(3213,1177,1365,3211,18988.51,'','СПОРТАЛ','2017-05-05 00:00:00','2018-01-09 14:47:58','2018-01-09 12:54:02',0),(3223,1177,1365,3221,2400.00,'','Стилист Капанов','2017-05-22 00:00:00','2018-01-09 14:50:56','2018-01-09 12:57:00',0),(3231,1177,1371,3229,2176.55,'','Аргент','2017-04-28 00:00:00','2018-01-09 14:55:15','2018-01-09 13:01:19',0),(3243,1177,1379,3241,200.44,'','Аргент','2017-05-19 00:00:00','2018-01-09 15:22:31','2018-01-09 13:28:35',0),(3251,1177,1385,3249,296.78,'','Аргент','2017-01-01 00:00:00','2018-01-09 15:27:29','2018-01-09 13:33:33',0),(3259,1177,1391,3257,113440.53,'','Аргент','2017-01-01 00:00:00','2018-01-09 16:09:57','2018-01-09 14:16:01',0),(3275,1177,1391,3273,28891.52,'','АВВ','2017-05-11 00:00:00','2018-01-09 16:24:17','2018-01-09 14:30:21',0),(3283,1177,1391,3281,12086.50,'','СИНЕМА СИТИ','2017-05-17 00:00:00','2018-01-09 16:30:05','2018-01-09 14:36:09',0),(3291,1177,1391,3289,4800.04,'','КРИМТАН','2017-05-15 00:00:00','2018-01-09 16:45:40','2018-01-09 14:51:44',0),(3299,1177,1391,3297,1651.32,'','Дир.бг','2017-05-17 00:00:00','2018-01-09 16:49:49','2018-01-09 14:55:53',0),(3307,1177,1391,3305,361.45,'','Гемиус','2017-05-31 00:00:00','2018-01-09 16:54:05','2018-01-09 15:00:09',0),(3315,1177,1391,3313,1580.04,'','ХЕРМЕС МЕДИА АДВЕРТАЙЗИНГ АНД КОНСУЛТИНГС ЕООД','2017-05-17 00:00:00','2018-01-09 17:05:11','2018-01-09 15:11:15',0),(3323,1177,1391,3321,11760.00,'','КИНО АРЕНА ВТ','2017-05-05 00:00:00','2018-01-09 17:08:45','2018-01-09 15:14:49',0),(3331,1177,1391,3329,2400.00,'','Стилист Капанов','2017-05-11 00:00:00','2018-01-09 17:11:41','2018-01-09 15:17:45',0),(3339,1177,1391,3337,4899.24,'','СПОРТАЛ','2017-05-05 00:00:00','2018-01-09 17:17:12','2018-01-09 15:23:16',0),(3347,1177,1391,3345,1855.56,'','ВсичкиОферти БГ','2017-01-01 00:00:00','2018-01-09 17:20:20','2018-01-09 15:26:24',0),(3443,1177,1397,3441,129047.07,'','Аргент','2017-06-05 00:00:00','2018-01-10 11:09:37','2018-01-10 08:12:24',0),(3465,1177,1397,3463,2464.34,'','АВВ','2017-01-01 00:00:00','2018-01-10 11:25:17','2018-01-10 09:31:21',0),(3473,1177,1397,3471,8525.95,'','БНК','2017-01-01 00:00:00','2018-01-10 11:28:34','2018-01-10 09:34:39',0),(3481,1177,1397,3479,2400.00,'','КРИМТАН','2017-01-01 00:00:00','2018-01-10 11:31:38','2018-01-10 09:37:42',0),(3489,1177,1397,3487,2099.06,'','Дир','2017-01-01 00:00:00','2018-01-10 11:40:54','2018-01-10 09:46:59',0),(3497,1177,1397,3495,534.17,'','Гемиус','2017-01-01 00:00:00','2018-01-10 11:47:19','2018-01-10 09:53:23',0),(3505,1177,1397,3503,2592.00,'','Мейл.бг','2017-01-01 00:00:00','2018-01-10 12:03:28','2018-01-10 10:09:32',0),(3513,1177,1397,3511,9739.44,'','СПОРТАЛ','2017-01-01 00:00:00','2018-01-10 12:05:21','2018-01-10 10:11:25',0),(3521,1177,1403,3519,3661.31,'','АП Ритейл','2017-01-01 00:00:00','2018-01-10 12:10:41','2018-01-10 10:16:45',0),(3529,1177,1403,3527,97127.29,'','Аргент','2017-01-01 00:00:00','2018-01-10 12:12:42','2018-01-10 09:17:05',0),(3571,1177,1403,3569,5588.69,'','АВВ','2017-01-01 00:00:00','2018-01-10 12:28:21','2018-01-10 09:31:23',0),(3583,1177,1403,3581,4803.84,'','КРИМТАН','2017-01-01 00:00:00','2018-01-10 12:33:15','2018-01-10 10:39:20',0),(3591,1177,1403,3589,3459.00,'','Дир.бг','2017-01-01 00:00:00','2018-01-10 12:36:04','2018-01-10 10:42:09',0),(3599,1177,1403,3597,840.59,'','Гемиус','2017-01-01 00:00:00','2018-01-10 12:37:51','2018-01-10 10:43:56',0),(3607,1177,1403,3605,2323.52,'','ВАРНА БИЛБОРДС ','2017-01-01 00:00:00','2018-01-10 12:40:16','2018-01-10 10:46:21',0),(3615,1177,1403,3613,27448.12,'','МОЛ адвертайзинг','2017-01-01 00:00:00','2018-01-10 12:42:48','2018-01-10 10:48:53',0),(3623,1177,1403,3621,10613.16,'','СПОРТАЛ','2017-01-01 00:00:00','2018-01-10 12:46:33','2018-01-10 10:52:37',0),(3631,1177,1403,3629,1713.60,'','УЕБ ГРАУНД','2017-01-01 00:00:00','2018-01-10 12:49:34','2018-01-10 10:55:39',0),(3639,1177,1403,3637,2297.10,'','УЕБ МЕДИЯ ГРУП','2017-01-01 00:00:00','2018-01-10 12:52:18','2018-01-10 10:58:23',0),(3647,1177,1409,3645,303026.29,'','Аргент','2017-01-01 00:00:00','2018-01-10 13:26:57','2018-01-10 10:43:48',0),(3667,1177,1409,3665,4800.06,'','КРИМТАН','2017-01-01 00:00:00','2018-01-10 13:52:27','2018-01-10 10:54:45',0),(3675,1177,1409,3673,2094.35,'','Дир.БГ','2017-01-01 00:00:00','2018-01-10 13:56:30','2018-01-10 12:02:34',0),(3683,1177,1409,3681,670.48,'','Гемиус','2017-01-01 00:00:00','2018-01-10 13:58:38','2018-01-10 12:04:43',0),(3691,1177,1409,3689,2323.52,'','ВАРНА БИЛБОРДС','2017-01-01 00:00:00','2018-01-10 14:01:37','2018-01-10 12:07:42',0),(3699,1177,1409,3697,2629.00,'','МЕЙЛ.БГ','2017-01-01 00:00:00','2018-01-10 14:03:45','2018-01-10 12:09:50',0),(3707,1177,1409,3705,10594.20,'','СПОРТАЛ','2017-01-01 00:00:00','2018-01-10 14:05:47','2018-01-10 12:11:51',0),(3715,1177,1415,3713,3285.79,'','КРИЕЙТИВ СОЛЮШЪНС ООД','2017-01-01 00:00:00','2018-01-10 15:03:50','2018-01-10 13:09:55',0),(3723,1177,1421,3721,2029.91,'','Аргент','2017-01-01 00:00:00','2018-01-10 15:06:25','2018-01-10 12:10:02',0),(3739,1177,1421,3737,439.30,'','ХЕРМЕС МЕДИА','2017-01-01 00:00:00','2018-01-10 15:12:14','2018-01-10 13:18:19',0),(3749,1177,1427,3747,26298.03,'','Аргент','2017-01-01 00:00:00','2018-01-11 14:16:08','2018-01-11 11:20:09',0),(3769,1177,1427,3767,4928.69,'','АВВ','2017-01-01 00:00:00','2018-01-11 14:22:45','2018-01-11 12:28:51',0),(3777,1177,1427,3775,10056.83,'','Синема Сити','2017-06-01 00:00:00','2018-01-11 14:26:58','2018-01-11 12:33:03',0),(3785,1177,1427,3783,1924.30,'','КРИМТАН','2017-01-01 00:00:00','2018-01-11 14:29:50','2018-01-11 11:30:58',0),(3797,1177,1427,3795,1663.20,'','дир.бг','2017-01-01 00:00:00','2018-01-11 14:35:00','2018-01-11 12:41:05',0),(3805,1177,1427,3803,267.11,'','Гемиус','2017-01-01 00:00:00','2018-01-11 14:37:38','2018-01-11 12:43:43',0),(3815,1177,1427,3813,6030.00,'','КАКАФОНИЯ СОФИЯ','2017-01-01 00:00:00','2018-01-11 14:42:02','2018-01-11 12:48:08',0),(3823,1177,1427,3821,9878.40,'','КИНО АРЕНА ВТ','2017-01-01 00:00:00','2018-01-11 14:44:19','2018-01-11 12:50:25',0),(3831,1177,1427,3829,1404.00,'','МЕЙЛ.БГ','2017-01-01 00:00:00','2018-01-11 14:47:23','2018-01-11 12:53:28',0),(3839,1177,1427,3837,891.82,'','ОФФ МЕДИЯ','2017-01-01 00:00:00','2018-01-11 14:49:38','2018-01-11 12:55:43',0),(3847,1177,1427,3845,3898.30,'','СПОРТАЛ','2017-01-01 00:00:00','2018-01-11 14:52:10','2018-01-11 12:58:15',0),(3855,1177,1433,3853,5186.86,'','АП Ритейл','2017-01-01 00:00:00','2018-01-11 14:56:37','2018-01-11 13:02:43',0),(3863,1177,1433,3861,205720.54,'','Аргент','2017-01-01 00:00:00','2018-01-11 15:00:56','2018-01-15 13:39:20',0),(3887,1177,1433,3885,8525.95,'','Б.Н.К. ','2017-01-01 00:00:00','2018-01-11 15:08:14','2018-01-11 13:14:19',0),(3895,1177,1433,3893,6240.00,'','КРИМТАН','2017-01-01 00:00:00','2018-01-11 15:11:05','2018-01-11 13:17:11',0),(3903,1177,1433,3901,2376.00,'','дир.бг','2017-01-01 00:00:00','2018-01-11 15:13:20','2018-01-11 13:19:25',0),(3911,1177,1433,3909,567.89,'','Гемиус','2017-01-01 00:00:00','2018-01-11 15:15:55','2018-01-11 13:22:01',0),(3919,1177,1433,3917,1161.76,'','ВАРНА БИЛБОРДС','2017-01-01 00:00:00','2018-01-11 15:20:22','2018-01-11 13:26:28',0),(3929,1177,1433,3927,2265.41,'','Майстер Плюс','2017-01-01 00:00:00','2018-01-11 15:22:23','2018-01-11 13:28:29',0),(3937,1177,1433,3935,23082.71,'','МОЛ АДВЪРТАЙЗИНГ','2017-01-01 00:00:00','2018-01-11 15:25:06','2018-01-11 13:31:12',0),(3945,1177,1433,3943,6696.00,'','СПОРТАЛ','2017-01-01 00:00:00','2018-01-11 15:27:33','2018-01-11 13:33:39',0),(3947,1177,1433,3943,6696.00,'','СПОРТАЛ','2017-01-01 00:00:00','2018-01-11 15:27:35','2018-01-11 13:33:41',0),(3955,1177,1433,3953,2842.56,'','ВсичкиОферти БГ','2017-01-01 00:00:00','2018-01-11 15:31:05','2018-01-11 13:37:11',0),(3963,1177,1433,3961,1555.20,'','Уебграунд','2017-01-01 00:00:00','2018-01-11 15:33:52','2018-01-11 13:39:58',0),(3973,1177,1439,3971,1440.00,'','ЕН ДИ ИНТЕРНЕШЪНЪЛ СЪРВИСИЗ','2017-01-01 00:00:00','2018-01-11 15:37:38','2018-01-11 13:43:44',0),(3981,1177,1445,3979,161552.53,'','Аргент','2017-01-01 00:00:00','2018-01-11 15:43:22','2018-01-11 12:45:22',0),(4001,1177,1445,3999,203.52,'','Гемиус','2017-01-01 00:00:00','2018-01-11 15:52:09','2018-01-11 13:58:14',0),(4007,1177,1451,4005,2172.95,'','Аргент','2017-01-01 00:00:00','2018-01-11 15:55:18','2018-01-11 12:56:41',0),(4021,1177,1457,4019,1.00,'','АРГЕНТ','2017-01-01 00:00:00','2018-01-11 16:23:36','2018-01-11 14:29:42',0),(4033,1177,1463,4031,0.00,'','АРГЕНТ','2017-01-01 00:00:00','2018-01-11 16:31:56','2018-01-11 14:38:02',0),(4043,1177,1469,4041,0.00,'','АРГЕНТ','2017-01-01 00:00:00','2018-01-11 16:34:51','2018-01-11 14:40:57',0),(4055,1177,1481,4053,200.44,'','АРГЕНТ','2017-01-01 00:00:00','2018-01-11 16:50:01','2018-01-11 13:50:56',0),(4065,1177,1487,4063,0.00,'','АРГЕНТ','2017-01-01 00:00:00','2018-01-11 16:54:16','2018-01-11 15:00:22',0),(4083,1177,1487,4081,439.30,'','ХЕРМЕС МЕДИА','2017-01-01 00:00:00','2018-01-11 17:01:10','2018-01-11 15:07:16',0),(4093,1177,1499,4091,2057.45,'','АРГЕНТ','2017-01-01 00:00:00','2018-01-11 17:23:46','2018-01-11 14:26:03',0),(4111,1177,1505,4109,2352.00,'','Ауто Прес','2017-01-01 00:00:00','2018-01-12 09:59:43','2018-01-12 08:05:50',0),(4119,1177,1505,4117,169501.78,'','АРГЕНТ','2017-01-01 00:00:00','2018-01-12 10:05:45','2018-01-12 07:19:24',0),(4155,1177,1505,4153,0.00,'','АВВ','2017-01-01 00:00:00','2018-01-12 10:29:05','2018-01-12 08:35:12',0),(4167,1177,1505,4165,8525.95,'','Б.Н.К.','2017-01-01 00:00:00','2018-01-12 10:33:49','2018-01-12 08:39:55',0),(4175,1177,1505,4173,12192.16,'','СИНЕМА СИТИ','2017-01-01 00:00:00','2018-01-12 10:36:21','2018-01-12 08:42:27',0),(4183,1177,1505,4181,2880.19,'','КРИМТАН','2017-01-01 00:00:00','2018-01-12 10:39:08','2018-01-12 08:45:14',0),(4193,1177,1505,4191,1534.50,'','ДИР КОМЮНИКЕЙШЪНС','2017-01-01 00:00:00','2018-01-12 10:43:37','2018-01-12 08:49:44',0),(4201,1177,1505,4199,270.64,'','Гемиус','2017-01-01 00:00:00','2018-01-12 10:46:53','2018-01-12 08:53:00',0),(4209,1177,1505,4207,653.09,'','ХЕРМЕС МЕДИА','2017-01-01 00:00:00','2018-01-12 10:51:07','2018-01-12 08:57:13',0),(4217,1177,1505,4215,2323.50,'','ВАРНА БИЛБОРДС','2017-01-01 00:00:00','2018-01-12 10:56:59','2018-01-12 09:03:05',0),(4225,1177,1505,4223,11924.40,'','КИНО АРЕНА ВТ','2017-01-01 00:00:00','2018-01-12 10:59:24','2018-01-12 09:05:30',0),(4233,1177,1505,4231,2280.00,'','Стилист Капанов','2017-01-01 00:00:00','2018-01-12 11:03:27','2018-01-12 09:09:33',0),(4241,1177,1505,4239,5225.86,'','СПОРТАЛ','2017-01-01 00:00:00','2018-01-12 11:08:29','2018-01-12 09:14:35',0),(4251,1177,1505,4249,1080.00,'','Вестникарска Група България','2017-01-01 00:00:00','2018-01-12 11:13:02','2018-01-12 09:19:09',0),(4259,1177,1505,4257,1524.10,'','УЕБ КАФЕ','2017-01-01 00:00:00','2018-01-12 11:16:07','2018-01-12 09:22:13',0),(4269,1177,1517,4267,134639.04,'','АРГЕНТ','2017-01-01 00:00:00','2018-01-12 12:00:31','2018-01-12 09:04:14',0),(4301,1177,1517,4299,24690.40,'','АВВ','2017-01-01 00:00:00','2018-01-12 12:25:14','2018-01-12 09:29:08',0),(4313,1177,1517,4311,8992.37,'','СИНЕМА СИТИ','2017-01-01 00:00:00','2018-01-12 12:30:45','2018-01-12 10:36:51',0),(4321,1177,1517,4319,1552.32,'','ДИР КОМЮНИКЕЙШЪНС','2017-01-01 00:00:00','2018-01-12 12:33:15','2018-01-12 10:39:21',0),(4329,1177,1517,4327,227.23,'','ГЕМИУС','2017-01-01 00:00:00','2018-01-12 12:43:14','2018-01-12 10:49:21',0),(4337,1177,1517,4335,3623.40,'','КАКАФОНИЯ СОФИЯ','2017-01-01 00:00:00','2018-01-12 12:48:27','2018-01-12 10:54:33',0),(4345,1177,1517,4343,1263.60,'','мейл.бг','2017-01-01 00:00:00','2018-01-12 12:50:28','2018-01-12 10:56:34',0),(4353,1177,1517,4351,2656.74,'','КРИМТАН','2017-01-01 00:00:00','2018-01-12 12:53:35','2018-01-12 10:59:41',0),(4361,1177,1517,4359,8796.48,'','КИНО АРЕНА ВТ','2017-01-01 00:00:00','2018-01-12 12:55:31','2018-01-12 11:01:38',0),(4371,1177,1517,4369,3978.00,'','НЕТ ФМ','2017-01-01 00:00:00','2018-01-12 12:58:03','2018-01-12 11:04:10',0),(4381,1177,1517,4379,2816.40,'','СОФИЯ САУТ РИНГ МОЛ','2017-01-01 00:00:00','2018-01-12 13:04:31','2018-01-12 11:10:38',0),(4389,1177,1517,4387,5215.44,'','СПОРТАЛ','2017-10-02 00:00:00','2018-01-12 13:39:31','2018-01-12 10:40:07',0),(4397,1177,1525,4395,316.80,'','АРГЕНТ','2017-01-01 00:00:00','2018-01-12 14:06:41','2018-01-12 11:16:55',0),(4409,1177,1531,4407,2700.00,'','ИКОНОМЕДИЯ','2017-01-01 00:00:00','2018-01-12 14:25:37','2018-01-12 12:31:44',0),(4417,1177,1537,4415,296.78,'','АРГЕНТ','2017-01-01 00:00:00','2018-01-12 14:29:27','2018-01-12 11:30:22',0),(4429,1177,1543,4427,0.00,'','АРГЕНТ','2017-01-01 00:00:00','2018-01-12 14:32:39','2018-01-12 12:38:45',0),(4441,1177,1549,4439,14400.00,'','ХАЙ ЕНД ПЪБЛИШИНГ','2017-01-01 00:00:00','2018-01-12 14:36:11','2018-01-12 12:42:18',0),(4449,1177,1555,4447,0.00,'','АРГЕНТ','2017-01-01 00:00:00','2018-01-12 14:38:15','2018-01-12 12:44:22',0),(4457,1177,1561,4455,7451.71,'','АП Ритейл','2017-01-01 00:00:00','2018-01-15 09:36:27','2018-01-15 07:42:36',0),(4465,1177,1561,4463,183978.27,'','АРГЕНТ','2017-01-01 00:00:00','2018-01-15 09:39:43','2018-01-15 06:45:52',0),(4493,1177,1561,4491,28304.77,'','АВВ','2017-01-01 00:00:00','2018-01-15 09:47:45','2018-01-15 06:51:29',0),(4505,1177,1561,4503,10808.23,'','СИНЕМА СИТИ','2017-01-01 00:00:00','2018-01-15 10:10:58','2018-01-15 08:17:07',0),(4513,1177,1561,4511,3359.84,'','КРИМТАН','2017-01-01 00:00:00','2018-01-15 10:21:32','2018-01-15 08:27:41',0),(4521,1177,1561,4519,1881.00,'','ДИР КОМЮНИКЕЙШЪНС','2017-01-01 00:00:00','2018-01-15 10:25:27','2018-01-15 08:31:36',0),(4529,1177,1561,4527,389.24,'','ГЕМИУС','2017-01-01 00:00:00','2018-01-15 10:27:11','2018-01-15 08:33:20',0),(4535,1177,1561,4533,653.09,'','ХЕРМЕС МЕДИА','2017-01-01 00:00:00','2018-01-15 10:29:21','2018-01-15 08:35:30',0),(4543,1177,1561,4541,10678.08,'','КИНО АРЕНА ВТ','2017-01-01 00:00:00','2018-01-15 10:32:15','2018-01-15 08:38:24',0),(4551,1177,1561,4549,16323.36,'','МОЛ АДВЪРТАЙЗИНГ','2017-01-01 00:00:00','2018-01-15 10:35:12','2018-01-15 08:41:21',0),(4561,1177,1561,4559,4200.00,'','НОВИНИТЕ ЕАД','2017-01-01 00:00:00','2018-01-15 10:37:41','2018-01-15 08:43:50',0),(4569,1177,1561,4567,2160.00,'','Стилист Капанов','2017-01-01 00:00:00','2018-01-15 10:41:06','2018-01-15 08:47:15',0),(4577,1177,1561,4575,8919.36,'','СПОРТАЛ','2017-01-01 00:00:00','2018-01-15 10:53:10','2018-01-15 08:59:19',0),(4585,1177,1561,4583,2323.50,'','ВАРНА БИЛБОРДС','2017-01-01 00:00:00','2018-01-15 10:56:02','2018-01-15 09:02:11',0),(4593,1177,1561,4591,2886.00,'','ЕКЗИТ МЕДИА','2017-01-01 00:00:00','2018-01-15 10:58:04','2018-01-15 09:04:13',0),(4603,1177,1573,4601,1984.76,'','АРГЕНТ','2017-01-01 00:00:00','2018-01-15 11:03:29','2018-01-15 08:14:38',0),(4633,1177,1579,4631,17741.41,'','ВАРНА БИЛБОРДС','2017-01-01 00:00:00','2018-01-15 11:28:53','2018-01-15 09:35:03',0),(4641,1177,1585,4639,1200.00,'','ВИДЕНОВ - ЕООД','2017-01-01 00:00:00','2018-01-15 11:32:01','2018-01-15 09:38:10',0),(4649,1177,1591,4647,2226.92,'','АРГЕНТ','2017-01-01 00:00:00','2018-01-15 11:36:52','2018-01-15 08:41:17',0),(4669,1177,1597,4667,2100.17,'','АРГЕНТ','2017-01-01 00:00:00','2018-01-15 11:43:09','2018-01-15 08:52:01',0),(4681,1177,1597,4679,439.30,'','ХЕРМЕС МЕДИА','2017-01-01 00:00:00','2018-01-15 11:50:39','2018-01-15 09:56:48',0),(4687,1177,1603,4685,144.10,'','АРГЕНТ','2017-01-01 00:00:00','2018-01-15 11:52:23','2018-01-15 08:53:48',0),(4695,1177,1609,4693,3801.12,'','АРГЕНТ','2017-01-01 00:00:00','2018-01-15 11:57:35','2018-01-15 08:59:21',0),(4707,1177,1609,4705,1925.69,'','КРИМТАН','2017-01-01 00:00:00','2018-01-15 12:02:10','2018-01-15 10:08:19',0),(4717,1177,1609,4715,240.23,'','ГЕМИУС','2017-01-01 00:00:00','2018-01-15 12:05:00','2018-01-15 10:11:09',0),(4723,1177,1609,4721,1074.19,'','мейл.бг','2017-01-01 00:00:00','2018-01-15 12:07:01','2018-01-15 10:13:10',0),(4731,1177,1609,4729,800.13,'','Медиа Днес','2017-01-01 00:00:00','2018-01-15 12:09:43','2018-01-15 10:15:52',0),(4739,1177,1609,4737,3819.66,'','СПОРТАЛ','2017-01-01 00:00:00','2018-01-15 12:11:54','2018-01-15 10:18:03',0),(4751,1177,1621,4749,1595.95,'','РИС  ООД','2017-01-01 00:00:00','2018-01-15 12:15:56','2018-01-15 10:22:06',0),(4761,1177,1627,4759,1800.00,'','БИЗНЕС ПРЕСС','2017-01-01 00:00:00','2018-01-15 12:18:23','2018-01-15 10:24:32',0),(4771,1177,1633,4769,2057.45,'','АРГЕНТ','2017-01-01 00:00:00','2018-01-15 12:32:25','2018-01-15 09:34:36',0),(4785,1177,1639,4783,4664.14,'','Вестникарска Група България','2017-01-01 00:00:00','2018-01-15 12:36:43','2018-01-15 10:42:52',0),(4793,1177,1645,4791,32710.26,'','АРГЕНТ','2017-01-01 00:00:00','2018-01-15 12:55:16','2018-01-15 09:59:21',0),(4807,1177,1651,4803,241.95,'','АРГЕНТ','2017-12-11 00:00:00','2018-01-15 13:00:00','2018-01-15 10:01:22',0),(4815,1177,1657,4813,316.80,'','АРГЕНТ','2017-01-01 00:00:00','2018-01-15 15:30:46','2018-01-15 12:34:53',0),(4823,1177,1663,4821,1100.10,'','АРГЕНТ','2017-01-01 00:00:00','2018-01-15 15:34:40','2018-03-15 06:49:06',0),(4833,1177,1669,4831,4800.00,'','МИТ ПРЕС','2017-01-01 00:00:00','2018-01-15 15:37:50','2018-01-15 13:43:59',0),(4841,1177,1675,4839,4800.00,'','БАНКЕР БГ','2017-01-01 00:00:00','2018-01-15 15:40:49','2018-01-15 12:45:23',0),(4879,1177,4875,4877,13352.40,'','НОВА БРОУДКАСТИНГ ГРУП','2017-01-01 00:00:00','2018-01-16 11:13:33','2018-01-16 08:15:40',0),(4893,1177,4889,4891,0.00,'','НОВА БРОУДКАСТИНГ ГРУП','2017-01-01 00:00:00','2018-01-16 11:24:54','2018-01-16 10:11:41',0),(4911,1177,4905,4907,0.00,'','НОВА БРОУДКАСТИНГ ГРУП','2017-01-01 00:00:00','2018-01-16 11:57:10','2018-01-16 10:11:29',0),(4923,1177,4919,4921,31762.57,'','бТВ','2017-01-01 00:00:00','2018-01-16 12:55:40','2018-01-16 10:17:28',0),(4929,1177,4919,4927,0.00,'','НОВА БРОУДКАСТИНГ ГРУП','2017-01-01 00:00:00','2018-01-16 13:07:00','2018-01-16 11:13:10',0),(4951,1177,4947,4949,0.00,'','НОВА БРОУДКАСТИНГ ГРУП','2017-01-01 00:00:00','2018-01-16 13:21:53','2018-01-16 11:28:04',0),(4965,1177,4961,4963,9280.37,'','бТВ','2017-01-01 00:00:00','2018-01-16 13:31:52','2018-01-16 11:38:02',0),(4973,1177,4961,4971,14680.61,'','НОВА БРОУДКАСТИНГ ГРУП','2017-01-01 00:00:00','2018-01-16 13:35:19','2018-01-16 10:36:11',0),(4985,1177,4981,4983,9380.96,'','бТВ','2017-01-01 00:00:00','2018-01-16 13:47:50','2018-01-16 11:54:00',0),(4993,1177,4981,4991,0.00,'','НОВА БРОУДКАСТИНГ ГРУП','2017-01-01 00:00:00','2018-01-16 13:51:45','2018-01-16 11:57:55',0),(5003,1177,4999,5001,9300.53,'','бТВ','2017-01-01 00:00:00','2018-01-16 13:56:58','2018-01-16 11:19:16',0),(5011,1177,4999,5009,13872.89,'','НОВА БРОУДКАСТИНГ ГРУП','2017-01-01 00:00:00','2018-01-16 14:20:05','2018-01-16 12:26:15',0),(5021,1177,5017,5019,9380.96,'','бТВ','2017-01-01 00:00:00','2018-01-16 14:24:15','2018-01-16 11:25:36',0),(5029,1177,5017,5027,0.00,'','НОВА БРОУДКАСТИНГ ГРУП','2017-01-01 00:00:00','2018-01-16 14:27:44','2018-01-16 12:33:54',0),(5043,1177,5039,5041,9128.06,'','бТВ','2017-01-01 00:00:00','2018-01-16 17:03:42','2018-01-16 14:04:23',0),(5051,1177,5039,5049,0.00,'','НОВА БРОУДКАСТИНГ ГРУП','2017-01-01 00:00:00','2018-01-16 17:06:12','2018-01-16 15:12:22',0),(5063,1177,5059,5061,20235.38,'','бТВ','2017-01-01 00:00:00','2018-01-16 17:09:20','2018-01-16 15:15:31',0),(5071,1177,5059,5069,0.00,'','НОВА БРОУДКАСТИНГ ГРУП','2017-01-01 00:00:00','2018-01-16 17:12:33','2018-01-16 15:18:43',0),(5089,1177,5085,5087,0.00,'','бТВ','2017-01-01 00:00:00','2018-01-17 11:12:04','2018-01-17 09:18:15',0),(5099,1177,5085,5097,0.00,'','НОВА БРОУДКАСТИНГ ГРУП','2017-01-01 00:00:00','2018-01-17 11:18:10','2018-01-17 09:24:21',0),(5111,1177,5107,5109,0.00,'','НОВА БРОУДКАСТИНГ ГРУП','2017-01-01 00:00:00','2018-01-17 15:32:20','2018-01-17 13:38:31',0),(5121,1177,5107,5119,0.00,'','бТВ','2017-01-01 00:00:00','2018-01-17 15:41:51','2018-01-17 13:48:02',0),(5133,1177,5129,5131,0.00,'','бТВ','2017-01-01 00:00:00','2018-01-17 15:50:49','2018-01-17 13:57:00',0),(5145,1177,5129,5143,0.00,'','НОВА БРОУДКАСТИНГ ГРУП','2017-01-01 00:00:00','2018-01-17 15:57:26','2018-01-17 14:03:37',0),(5169,1177,5165,5167,0.00,'','НОВА БРОУДКАСТИНГ ГРУП','2017-01-01 00:00:00','2018-01-18 10:02:38','2018-01-18 08:08:49',0),(5181,1177,5165,5179,0.00,'','бТВ','2017-01-01 00:00:00','2018-01-18 10:15:54','2018-01-18 08:22:06',0),(5197,1177,5193,5195,40436.10,'','НОВА БРОУДКАСТИНГ ГРУП','2017-01-01 00:00:00','2018-01-18 10:27:02','2018-01-26 10:13:49',0),(5207,1177,5203,5205,13612.44,'','бТВ','2017-01-01 00:00:00','2018-01-18 10:32:33','2018-01-18 07:45:47',0),(5215,1177,5203,5213,43162.13,'','НОВА БРОУДКАСТИНГ ГРУП','2017-01-01 00:00:00','2018-01-18 10:47:44','2018-01-26 10:13:28',0),(5225,1177,5221,5223,20899.37,'','бТВ','2017-01-01 00:00:00','2018-01-18 10:53:14','2018-01-18 07:58:56',0),(5233,1177,5221,5231,84311.60,'','НОВА БРОУДКАСТИНГ ГРУП','2017-01-01 00:00:00','2018-01-18 10:59:53','2018-01-26 10:13:16',0),(5255,1177,5251,5253,20457.52,'','НОВА БРОУДКАСТИНГ ГРУП','2017-01-01 00:00:00','2018-01-18 11:30:57','2018-01-26 10:12:56',0),(5265,1177,5261,5263,0.00,'','бТВ','2017-01-01 00:00:00','2018-01-18 11:52:16','2018-01-18 09:58:28',0),(5273,1177,5261,5271,0.00,'','НОВА БРОУДКАСТИНГ ГРУП','2017-01-01 00:00:00','2018-01-18 11:54:21','2018-01-18 10:00:33',0),(5295,1177,5289,5293,0.00,'','НОВА БРОУДКАСТИНГ ГРУП','2017-01-01 00:00:00','2018-01-18 15:19:00','2018-01-18 13:25:12',0),(5305,1177,5289,5291,35665.56,'','бТВ','2017-01-01 00:00:00','2018-01-18 15:23:06','2018-01-18 12:25:55',0),(5315,1177,5311,5313,22766.27,'','бТВ','2017-01-01 00:00:00','2018-01-19 09:51:19','2018-01-19 06:52:37',0),(5323,1177,5311,5321,0.00,'','НОВА БРОУДКАСТИНГ ГРУП','2017-01-01 00:00:00','2018-01-19 09:53:12','2018-01-19 07:59:25',0),(5337,1177,5333,5335,0.00,'','бТВ','2017-01-01 00:00:00','2018-01-19 10:04:33','2018-01-19 08:10:46',0),(5347,1177,5333,5345,0.00,'','НОВА БРОУДКАСТИНГ ГРУП','2017-01-01 00:00:00','2018-01-19 10:09:13','2018-01-19 08:15:25',0),(5359,1177,5355,5357,17352.84,'','бТВ','2017-01-01 00:00:00','2018-01-19 10:20:00','2018-01-19 07:21:33',0),(5367,1177,5355,5365,0.00,'','НОВА БРОУДКАСТИНГ ГРУП','2017-01-01 00:00:00','2018-01-19 10:22:50','2018-01-19 08:29:03',0),(5379,1177,5375,5377,18684.64,'','бТВ','2017-01-01 00:00:00','2018-01-19 12:51:07','2018-01-19 09:53:09',0),(5387,1177,5375,5385,29445.20,'','НОВА БРОУДКАСТИНГ ГРУП','2017-01-01 00:00:00','2018-01-19 12:54:01','2018-01-22 13:50:49',0),(5397,1177,5393,5395,36789.88,'','бТВ','2017-01-01 00:00:00','2018-01-19 13:00:38','2018-01-19 11:06:51',0),(5405,1177,5393,5403,0.00,'','НОВА БРОУДКАСТИНГ ГРУП','2017-01-01 00:00:00','2018-01-19 13:02:39','2018-01-19 11:08:52',0),(5417,1177,5413,5415,14050.42,'','бТВ','2017-01-01 00:00:00','2018-01-19 13:11:09','2018-01-19 10:12:20',0),(5425,1177,5413,5423,0.00,'','НОВА БРОУДКАСТИНГ ГРУП','2017-01-01 00:00:00','2018-01-19 13:13:27','2018-01-19 11:19:40',0),(5437,1177,5433,5435,13325.37,'','бТВ','2017-01-01 00:00:00','2018-01-19 13:19:05','2018-01-19 10:20:06',0),(5445,1177,5433,5443,0.00,'','НОВА БРОУДКАСТИНГ ГРУП','2017-01-01 00:00:00','2018-01-19 13:21:02','2018-01-19 11:27:15',0),(5457,1177,5453,5455,27113.84,'','бТВ','2017-01-01 00:00:00','2018-01-19 13:29:46','2018-01-19 11:35:58',0),(5465,1177,5453,5463,0.00,'','НОВА БРОУДКАСТИНГ ГРУП','2017-01-01 00:00:00','2018-01-19 13:33:12','2018-01-19 11:39:25',0),(5481,1177,5477,5479,18152.66,'','бТВ','2017-01-01 00:00:00','2018-01-19 13:51:16','2018-01-19 11:57:29',0),(5489,1177,5477,5487,0.00,'','НОВА БРОУДКАСТИНГ ГРУП','2017-01-01 00:00:00','2018-01-19 13:53:11','2018-01-19 11:59:24',0),(5521,1177,4889,5519,16079.96,'','РП4 ТМ-LenovoIdeaPad Техномаркет','2017-05-01 00:00:00','2018-01-22 11:16:04','2018-01-22 09:15:04',0),(5527,1177,4905,5525,17638.46,'','РП5 Lenovo A2020 Техномаркет','2017-05-01 00:00:00','2018-01-22 11:17:48','2018-01-22 09:15:15',0),(5537,1177,4919,5535,83726.65,'','РП6 Samsung5 Техномаркет','2017-01-01 00:00:00','2018-01-22 11:29:08','2018-01-22 09:15:24',0),(5545,1177,4947,5543,42339.01,'','РП7 Service Point Техномаркет','2017-01-01 00:00:00','2018-01-22 11:31:04','2018-01-22 09:15:45',0),(5553,1177,4961,5551,24027.44,'','РП8 Треска за техника Техномаркет','2017-01-01 00:00:00','2018-01-22 11:48:24','2018-01-22 09:15:57',0),(5561,1177,4981,5559,24955.14,'','РП9 Lenovo310 Техномаркет','2017-09-12 00:00:00','2018-01-22 11:50:18','2018-01-25 07:43:50',0),(5569,1177,4999,5567,24019.77,'','РП10 MottoE4 Техномаркет','2017-01-01 00:00:00','2018-01-22 11:51:37','2018-01-22 09:16:33',0),(5577,1177,5017,5575,24054.92,'','РП11 HP Техномаркет','2017-01-01 00:00:00','2018-01-22 11:53:12','2018-01-22 09:16:43',0),(5585,1177,5039,5583,24287.88,'','РП12 Alcatel Техномаркет','2017-01-01 00:00:00','2018-01-22 11:58:14','2018-01-22 09:16:54',0),(5593,1177,5059,5591,120044.69,'','РП13 Samsung Техномаркет','2017-01-01 00:00:00','2018-01-22 11:59:51','2018-01-22 09:17:04',0),(5601,1177,5085,5599,36266.36,'','РП14 Whirlpool Техномаркет','2017-01-01 00:00:00','2018-01-22 12:13:56','2018-01-22 09:17:14',0),(5609,1177,5107,5607,23647.27,'','РП15 Треска за техника Техномаркет','2017-01-01 00:00:00','2018-01-22 12:18:53','2018-01-22 10:52:31',0),(5617,1177,5129,5615,53965.03,'','РП16 Whirlpool,Samsung Техномаркет','2017-01-01 00:00:00','2018-01-22 13:49:16','2018-01-23 14:34:34',0),(5627,1177,5165,5625,71878.11,'','РП17 Philips_SDA Техномаркет','2017-01-01 00:00:00','2018-01-22 13:54:04','2018-01-22 10:55:03',0),(5635,1177,5193,5633,12762.03,'','РП18 20% off Техномаркет','2017-01-01 00:00:00','2018-01-22 13:55:38','2018-01-22 11:44:33',0),(5643,1177,5203,5641,36160.86,'','РП19 Nokia 3 Техномаркет','2017-01-01 00:00:00','2018-01-22 15:35:11','2018-01-22 13:01:31',0),(5651,1177,5221,5649,54226.94,'','РП20 Hotpoint Техномаркет','2017-01-01 00:00:00','2018-01-22 15:59:20','2018-01-22 13:01:43',0),(5659,1177,5251,5657,75522.60,'','РП21 Philips IPL Техномаркет','2017-01-01 00:00:00','2018-01-22 16:02:32','2018-01-22 13:03:56',0),(5669,1177,5261,5667,33791.35,'','РП22 Tefal Техномаркет','2017-01-01 00:00:00','2018-01-22 16:16:22','2018-01-22 13:18:23',0),(5677,1177,5281,5675,25298.99,'','РП23 30% off Техномаркет','2017-01-01 00:00:00','2018-01-22 16:19:06','2018-01-22 13:20:00',0),(5685,1177,5289,5683,72158.01,'','РП24 Huawei Техномаркет','2017-01-01 00:00:00','2018-01-22 16:22:22','2018-01-22 13:34:57',0),(5693,1177,5311,5691,59995.90,'','РП25 Black out Техномаркет','2017-01-01 00:00:00','2018-01-22 16:33:53','2018-01-22 13:34:48',0),(5701,1177,5333,5699,35780.22,'','РП26 Philips TV Техномаркет','2017-01-01 00:00:00','2018-01-22 16:35:59','2018-01-22 13:36:53',0),(5709,1177,5355,5707,45491.37,'','РП27 Acer Техномаркет','2017-01-01 00:00:00','2018-01-22 16:39:26','2018-01-22 13:43:19',0),(5717,1177,5375,5715,49382.47,'','РП28 HP Техномаркет','2017-01-01 00:00:00','2018-01-22 16:40:57','2018-01-22 13:43:30',0),(5725,1177,5393,5723,95918.40,'','РП29 Samsung_December Техномаркет','2017-01-01 00:00:00','2018-01-22 16:42:26','2018-01-22 13:43:42',0),(5733,1177,5413,5731,36536.30,'','РП30 Lenovo Техномаркет','2017-01-01 00:00:00','2018-01-22 16:53:08','2018-01-24 09:24:21',0),(5741,1177,5433,5739,34638.91,'','РП31 Rowenta Техномаркет','2017-01-01 00:00:00','2018-01-22 16:55:19','2018-01-24 09:24:40',0),(5749,1177,5453,5747,69683.08,'','РП32 Philips_December Техномаркет','2017-01-01 00:00:00','2018-01-22 17:00:13','2018-01-24 09:24:50',0),(5757,1177,5477,5755,47942.56,'','РП33 Koleda Техномаркет','2017-01-01 00:00:00','2018-01-22 17:01:22','2018-01-24 09:24:59',0),(5763,1177,4875,5505,13352.40,'','РП3 Техномаркет','2017-01-01 00:00:00','2018-01-23 14:30:08','2018-01-23 14:40:22',0),(5887,1177,5883,5885,10000.00,'','Онлайн заявки за Кредитни карти ','2017-12-29 11:37:00','2018-01-29 11:37:24','2018-01-29 09:43:46',0),(5893,1177,5889,5891,338545.57,'','DSK OOH 2018 ','2018-01-17 15:34:00','2018-01-30 15:36:50','2018-01-30 13:43:13',0),(5899,1177,5895,5897,254.63,'','Обява за търг гр. Ловеч ','2018-01-17 15:42:00','2018-01-30 15:42:32','2018-01-30 13:48:55',0),(5905,1177,5901,5903,1997.10,'','Обява за търг гр. София','2018-01-17 15:48:00','2018-01-30 15:48:40','2018-01-30 13:55:03',0),(5911,1177,5907,5909,24600.00,'','Годишни награди имоти.нет 2018','2018-01-26 15:59:00','2018-01-30 15:59:32','2018-01-30 14:05:55',0),(5917,1177,5913,5915,205467.56,'','Световно първенство по футбол 2018','2018-01-23 16:01:00','2018-01-30 16:01:30','2018-01-30 14:07:53',0),(5947,1177,5913,5943,126220.78,'','Световно първенство по футбол 2018','2018-01-23 00:00:00','2018-01-31 12:44:49','2018-01-31 09:47:34',0),(5975,1177,5889,5935,172881.08,'','DSK OOH 2018 ','2018-01-17 00:00:00','2018-01-31 13:36:14','2018-02-28 12:38:23',0),(5979,1177,5901,5939,1562.77,'','Обява за търг гр. София','2018-01-17 00:00:00','2018-01-31 13:37:49','2018-02-26 07:55:02',0),(6057,1177,6053,6055,6529.50,'','OTP Factoring ','2018-01-15 12:54:00','2018-02-07 12:54:21','2018-02-07 11:00:51',0),(6073,1177,5913,5945,70409.88,'','Zaiavka Sportal FIFA 2018','2018-02-08 12:16:00','2018-02-08 12:17:39','2018-02-08 10:24:11',0),(6083,1177,6079,6081,48190.44,'','РП1 Whirlpool Техномаркет ','2018-02-06 11:28:00','2018-02-12 11:28:54','2018-02-12 09:35:29',0),(6089,1177,6085,6087,34952.17,'','РП2 Nokia 6 Техномаркет','2018-02-08 11:30:00','2018-02-12 11:32:18','2018-02-12 09:38:53',0),(6095,1177,6091,6093,51468.00,'','РП3 Huawei Техномаркет ','2018-02-12 11:35:00','2018-02-12 11:35:38','2018-02-15 14:45:59',0),(6101,1177,6097,6099,280688.05,'','Потребителски кредити ','2018-02-06 15:49:00','2018-02-12 15:49:51','2018-02-12 13:56:26',0),(6107,1177,6103,6105,19305.01,'','Онлайн заявки за потребителски кредити ','2018-02-01 15:53:00','2018-02-12 15:53:28','2018-02-12 14:00:04',0),(6121,1177,6117,6119,15000.00,'','Онлайн заявки за Кредитни карти ','2018-02-01 17:17:00','2018-02-13 17:16:51','2018-02-13 15:23:27',0),(6129,1177,5889,6127,22531.16,'','DSK OOH 2018 ','2018-01-17 13:58:00','2018-02-21 13:58:23','2018-02-21 11:49:34',0),(6135,1177,5895,6133,167.49,'','Обява за търг гр. Ловеч ','2018-01-17 14:06:00','2018-02-21 14:05:59','2018-02-21 11:54:56',0),(6163,1177,6053,6161,5922.00,'','OTP Factoring ','2018-01-17 15:26:00','2018-02-21 15:26:28','2018-02-21 12:27:22',0),(6175,1177,6097,6173,1924.61,'','Потребителски кредити','2018-02-06 15:57:00','2018-02-21 15:57:34','2018-02-21 14:04:13',0),(6181,1177,6097,6179,1809.00,'','Потребителски кредити','2018-02-19 15:59:00','2018-02-21 15:59:06','2018-02-21 14:05:45',0),(6187,1177,6097,6185,3096.00,'','Потребителски кредити','2018-02-06 16:01:00','2018-02-21 16:01:09','2018-02-21 14:07:48',0),(6193,1177,6097,6191,2400.00,'','Потребителски кредити','2018-02-06 16:02:00','2018-02-21 16:02:25','2018-02-21 14:09:04',0),(6199,1177,6097,6197,2268.00,'','Потребителски кредити','2018-02-06 16:04:00','2018-02-21 16:03:42','2018-02-21 14:10:22',0),(6205,1177,6097,6203,6508.51,'','Потребителски кредити','2018-02-06 16:05:00','2018-02-21 16:04:42','2018-02-21 14:11:21',0),(6211,1177,6097,6209,1111.32,'','Потребителски кредити','2018-02-06 16:06:00','2018-02-21 16:05:46','2018-02-21 14:12:25',0),(6271,1177,6267,6269,46158.21,'','в-к «Банкер» и сп. «Банкер Спешъл»','2018-02-12 10:19:00','2018-02-22 10:19:02','2018-02-22 08:25:41',0),(6277,1177,6273,6275,30070.89,'','сп. «Примиум лайфстайл» и premium.bg','2018-02-12 10:21:00','2018-02-22 10:21:20','2018-02-22 08:28:00',0),(6283,1177,6279,6281,4059.00,'','сп. «Unique Estates»','2018-02-12 10:23:00','2018-02-22 10:23:07','2018-02-22 08:29:46',0),(6287,1177,5907,5941,24000.00,'','Годишни награди имоти.нет 2018','2018-01-26 00:00:00','2018-02-22 11:37:17','2018-02-22 08:56:50',0),(6293,1177,6289,6291,48282.61,'','РП 4 Philips Техномаркет ','2018-02-23 10:58:00','2018-02-23 10:58:09','2018-02-23 09:04:49',0),(6315,1177,6097,6313,190651.35,'','Потребителски кредити','2018-02-06 00:00:00','2018-02-26 10:01:19','2018-02-26 08:03:05',0),(6335,1177,6097,6333,20841.32,'','Потребителски кредити','2018-02-02 10:09:00','2018-02-26 10:08:41','2018-02-26 08:14:44',0),(6343,1177,6097,6341,7500.00,'','Потребителски кредити','2018-02-02 10:10:00','2018-02-26 10:10:27','2018-02-26 07:10:51',0),(6349,1177,6097,6347,4576.64,'','Потребителски кредити','2018-02-20 10:13:00','2018-02-26 10:13:23','2018-02-26 07:13:52',0),(6355,1177,6097,6353,2217.90,'','Потребителски кредити','2018-02-02 10:20:00','2018-02-26 10:20:50','2018-02-26 08:27:31',0),(6361,1177,6097,6359,1016.06,'','Потребителски кредити','2018-02-02 10:22:00','2018-02-26 10:22:24','2018-02-26 08:29:05',0),(6435,1177,6079,6433,18698.90,'','РП1 Whirlpool Техномаркет ','2018-02-06 12:20:00','2018-02-27 12:21:51','2018-02-27 10:28:33',0),(6443,1177,6085,6441,13623.18,'','РП2 Nokia 6 Техномаркет','2018-02-08 12:38:00','2018-02-27 12:37:57','2018-02-27 10:44:38',0),(6451,1177,6091,6449,20258.40,'','РП3 Huawei Техномаркет ','2018-02-12 12:44:00','2018-02-27 12:43:46','2018-02-27 10:50:27',0),(6461,1177,6079,6459,28877.51,'','РП1 Whirlpool Техномаркет ','2018-02-06 10:52:00','2018-02-28 10:51:48','2018-02-28 08:58:29',0),(6467,1177,6085,6465,20373.79,'','РП2 Nokia 6 Техномаркет','2018-02-08 10:54:00','2018-02-28 10:53:50','2018-02-28 09:00:32',0),(6505,1177,6289,6503,19723.34,'','РП 4 Philips Техномаркет ','2018-02-23 17:25:00','2018-02-28 17:25:05','2018-02-28 15:31:47',0),(6515,1177,6511,6513,14869.98,'','РП 5 Rowenta Техномаркет','2018-03-01 17:31:00','2018-02-28 17:31:23','2018-02-28 14:43:13',0),(6529,1177,6511,6527,0.00,'','РП 5 Rowenta Техномаркет','2018-03-01 10:53:00','2018-03-02 10:53:06','2018-03-02 08:59:48',0),(6543,1177,6097,6541,616.70,'','Потребителски кредити','2018-02-06 13:36:00','2018-03-06 13:37:04','2018-03-06 11:43:48',0),(6553,1177,6267,6549,29102.40,'','в-к «Банкер» и сп. «Банкер Спешъл»','2018-03-06 12:34:00','2018-03-07 12:34:07','2018-03-07 10:40:51',0),(6559,1177,6267,6557,15930.00,'','в-к «Банкер» и сп. «Банкер Спешъл»','2018-03-06 12:35:00','2018-03-07 12:35:38','2018-03-07 10:42:23',0),(6567,1177,6097,6565,3840.46,'','Потребителски кредити','2018-02-06 12:47:00','2018-03-07 12:47:46','2018-03-07 10:54:30',0),(6599,1177,6273,6597,29337.45,'','сп. «Примиум лайфстайл» и premium.bg','2018-02-12 13:35:00','2018-03-08 13:35:38','2018-03-08 10:36:28',0),(6611,1177,6091,6609,30480.52,'','РП3 Huawei Техномаркет ','2018-02-12 11:26:00','2018-03-09 11:25:59','2018-03-13 09:24:48',0),(6619,1177,6615,6617,390934.77,'','Ипотечни кредити ','2018-02-28 16:40:00','2018-03-12 16:41:12','2018-03-12 13:42:02',0),(6625,1177,6621,6623,3690.00,'','сп. Inteli AgroBook','2018-02-20 16:44:00','2018-03-12 16:43:54','2018-03-12 14:50:40',0),(6631,1177,6627,6629,12520.66,'','Bgmaps.com','2018-02-26 16:45:00','2018-03-12 16:45:33','2018-03-12 14:52:19',0),(6637,1177,6633,6635,246638.63,'','\"Като 2 капки вода по Нова ТВ\" ','2018-03-02 16:47:00','2018-03-12 16:47:36','2018-03-12 14:54:22',0),(6641,1177,6279,6639,3960.00,'','сп. «Unique Estates»','2018-02-12 10:31:00','2018-03-13 10:30:47','2018-03-13 08:37:33',0),(6669,1177,6665,6667,47798.06,'','РП 6 Lenovo 320 Техномаркет ','2018-03-08 16:56:00','2018-03-16 16:57:39','2018-03-16 15:04:26',0),(6675,1177,6671,6673,45646.02,'','РП 7 HP Техномаркет ','2018-03-16 16:59:00','2018-03-16 17:22:30','2018-03-16 15:29:18',0),(6681,1177,6677,6679,48028.91,'','РП 8 Sony Техномаркет ','2018-03-16 17:24:00','2018-03-16 17:25:09','2018-03-16 15:31:56',0),(6687,1177,6683,6685,36057.06,'','РП 9 Alcatel Техномаркет','2018-03-16 17:27:00','2018-03-16 17:28:02','2018-03-16 15:34:50',0),(6741,1177,6621,6739,3600.00,'','сп. Inteli AgroBook','2018-03-23 13:37:00','2018-03-23 13:44:40','2018-03-23 11:51:30',0),(6749,1177,6615,6747,22353.65,'','Ипотечни кредити','2018-02-28 13:48:00','2018-03-23 13:48:19','2018-03-23 11:55:09',0),(6761,1177,6683,6759,14116.78,'','РП 9 Alcatel Техномаркет','2018-03-16 14:22:00','2018-03-23 14:22:36','2018-03-23 11:24:27',0),(6763,1177,6677,6757,19609.00,'','РП 8 Sony Техномаркет ','2018-03-16 14:23:00','2018-03-23 14:23:11','2018-03-23 11:24:20',0),(6771,1177,6671,6769,17118.82,'','РП 7 HP Техномаркет ','2018-03-16 14:28:00','2018-03-23 14:27:52','2018-03-23 12:34:42',0),(6777,1177,6665,6775,18872.06,'','РП 6 Lenovo 320 Техномаркет ','2018-03-08 14:29:00','2018-03-23 14:29:30','2018-03-23 12:36:20',0),(6785,1177,6615,6783,4647.05,'','Ипотечни кредити','2018-02-28 15:36:00','2018-03-23 15:35:56','2018-03-23 13:42:46',0),(6793,1177,6615,6791,9432.43,'','Ипотечни кредити','2018-02-28 15:38:00','2018-03-23 15:38:30','2018-03-23 13:45:20',0),(6801,1177,6615,6799,1633.50,'','Ипотечни кредити','2018-02-28 15:40:00','2018-03-23 15:40:25','2018-03-23 13:47:16',0),(6809,1177,6615,6807,12878.11,'','Ипотечни кредити','2018-02-28 15:42:00','2018-03-23 15:42:15','2018-03-23 13:49:05',0),(6817,1177,6615,6815,2133.07,'','Ипотечни кредити','2018-02-28 15:45:00','2018-03-23 15:44:42','2018-03-23 13:51:32',0),(6825,1177,6615,6823,2883.14,'','Ипотечни кредити','2018-02-28 15:46:00','2018-03-23 15:46:17','2018-03-23 13:53:07',0),(6833,1177,6615,6831,2535.55,'','Ипотечни кредити','2018-02-28 15:48:00','2018-03-23 15:47:56','2018-03-23 13:54:46',0),(6859,1177,6615,6857,12091.67,'','Ипотечни кредити','2018-02-28 13:16:00','2018-03-26 13:15:48','2018-03-26 10:22:40',0),(6873,1177,6869,6871,1663.44,'','ICAP България, сп. „България в цифри“','2018-03-27 13:46:00','2018-03-27 13:46:22','2018-03-29 08:27:13',0),(6891,1177,6869,6889,1642.90,'','16','2018-03-27 14:07:00','2018-03-27 14:07:23','2018-03-28 07:09:22',0),(6913,1177,6867,6911,317748.81,'','Пакет за Младежи и студенти','2018-03-29 11:24:00','2018-03-29 11:25:05','2018-03-29 08:31:57',0),(6919,1177,6915,6917,0.00,'','РП 10 Increase in sales ТЕХНОМАРКЕТ','2018-03-29 11:31:00','2018-03-29 11:30:38','2018-03-29 08:37:30',0),(6927,1177,6897,6925,0.00,'','РП 11 SAMSUNG J320 ТЕХНОМАРКЕТ','2018-03-29 11:32:00','2018-03-29 11:32:16','2018-03-29 08:39:08',0),(6941,1177,6511,6939,25620.38,'','РП 5 Rowenta Техномаркет','2018-03-01 13:34:00','2018-04-03 13:34:37','2018-04-03 10:41:31',0),(6949,1177,6289,6947,27640.27,'','РП 4 Philips Техномаркет','2018-02-23 13:37:00','2018-04-03 13:37:25','2018-04-03 10:44:19',0),(7001,1177,6981,6999,15000.00,'','Онлайн заявки за кредитни карти','2018-01-17 12:43:00','2018-04-16 12:42:56','2018-04-16 09:49:54',0),(7013,1177,6983,7011,15000.00,'','Онлайн заявки за Потребителски кредит','2018-01-17 12:46:00','2018-04-16 12:46:33','2018-04-16 09:53:32',0),(7031,1177,6991,7029,349.61,'','Обява за търг във в.Конкурент','2018-01-17 12:50:00','2018-04-16 12:50:38','2018-04-16 09:57:37',0),(7059,1177,6993,7049,218.63,'','Обява за търг във в. Ловеч Прес','2018-01-17 13:45:00','2018-04-16 13:45:04','2018-04-16 10:52:03',0),(7077,1177,6995,7051,188.27,'','Обява за търг във в. Ало! Сливен','2018-01-17 13:50:00','2018-04-16 13:50:09','2018-04-16 10:57:08',0),(7095,1177,7055,7057,291.68,'','Обява за търг във в. Ние Видин','2018-01-17 13:55:00','2018-04-16 13:55:56','2018-04-16 11:02:54',0),(7115,1177,6079,7113,28343.51,'','РП1 Whirlpool Техномаркет','2018-04-16 14:47:00','2018-04-16 14:47:20','2018-04-16 11:49:00',0),(7123,1177,6079,7121,8525.95,'','РП1 Whirlpool Техномаркет','2018-04-16 14:51:00','2018-04-16 14:51:42','2018-04-16 11:58:41',0),(7129,1177,6079,7127,43794.95,'','РП1 Whirlpool Техномаркет','2018-04-16 14:53:00','2018-04-16 14:53:21','2018-04-16 12:00:20',0),(7135,1177,6633,7133,0.00,'','\"Като 2 капки вода по Нова ТВ\" ','2018-04-16 15:13:00','2018-04-16 15:13:12','2018-04-16 12:20:11',0),(7143,1177,6991,7141,0.00,'','Обява за търг във в.Конкурент','2018-04-16 15:16:00','2018-04-16 15:16:05','2018-04-16 12:23:04',0),(7149,1177,6993,7147,0.00,'','Обява за търг във в. Ловеч Прес','2018-04-16 15:19:00','2018-04-16 15:19:17','2018-04-16 12:26:16',0),(7155,1177,6995,7153,0.00,'','Обява за търг във в. Ало! Сливен','2018-04-16 15:20:00','2018-04-16 15:20:14','2018-04-16 12:27:13',0),(7161,1177,7055,7159,0.00,'','Обява за търг във в. Ние Видин','2018-04-16 15:21:00','2018-04-16 15:21:12','2018-04-16 12:28:11',0),(7177,1177,6985,7023,370.76,'','Обява за търг във в. Добруджанска трибуна','2018-01-17 15:28:00','2018-04-16 15:28:35','2018-04-16 12:35:33',0),(7195,1177,6987,7025,1994.31,'','Обява за търг във в. Стандарт','2018-04-16 15:34:00','2018-04-16 15:34:07','2018-04-16 12:41:05',0);

--
-- Table structure for table `crm_payment`
--

CREATE TABLE `crm_payment` (
  `id` bigint(20) unsigned NOT NULL DEFAULT '0',
  `user_id` bigint(20) unsigned NOT NULL DEFAULT '0',
  `project_id` bigint(20) unsigned NOT NULL DEFAULT '0',
  `document_id` bigint(20) unsigned NOT NULL DEFAULT '0',
  `order_id` bigint(20) unsigned NOT NULL DEFAULT '0',
  `bank_id` bigint(20) unsigned NOT NULL DEFAULT '0',
  `amount` decimal(14,2) NOT NULL DEFAULT '0.00',
  `code` varchar(32) NOT NULL,
  `title` varchar(255) NOT NULL,
  `payment_date` datetime NOT NULL,
  `create_at` datetime NOT NULL,
  `update_at` timestamp NOT NULL DEFAULT CURRENT_TIMESTAMP,
  `status` int(10) unsigned NOT NULL DEFAULT '0',
  PRIMARY KEY (`id`),
  KEY `user_id` (`user_id`),
  KEY `document_id` (`document_id`),
  KEY `project_id` (`project_id`),
  KEY `order_id` (`order_id`),
  KEY `bank_id` (`bank_id`)
) ENGINE=InnoDB DEFAULT CHARSET=utf8;

--
-- Dumping data for table `crm_payment`
--

INSERT INTO `crm_payment` (`id`, `user_id`, `project_id`, `document_id`, `order_id`, `bank_id`, `amount`, `code`, `title`, `payment_date`, `create_at`, `update_at`, `status`) VALUES (2129,1177,1245,1247,1249,1189,24000.00,'','Ф-РА 1492/03.02.17 РК СЪГЛ. РП 2/2017-ГОД.НАГРАДИ ИМОТИ.НЕ','2017-02-10 00:00:00','2018-01-04 17:29:01','2018-01-04 15:35:00',0),(2131,1177,1245,1247,1249,1189,300.00,'','Ф-РА 1493/03.02.2017 50\" АК ПО РП 2/2017','2017-02-10 00:00:00','2018-01-04 17:29:58','2018-01-04 15:35:58',0),(2133,1177,1239,1241,1243,1189,5856.00,'','Ф-РА 1490/03.02.2017 РК ПО РП 1/2017 МСП','2017-02-10 00:00:00','2018-01-04 17:31:55','2018-01-04 15:37:54',0),(2135,1177,1239,1241,1243,1189,73.20,'','Ф-РА 1491/03.02.2017 50% АК ПО РП 1/2017','2017-02-10 00:00:00','2018-01-04 17:32:44','2018-01-04 15:38:44',0),(2137,1177,1239,1241,1243,1189,73.20,'','Ф.1738/28.11.2017 ДОПЛ.50% АК ПО РП 1/2017','2017-11-30 00:00:00','2018-01-04 17:42:45','2018-01-04 15:48:44',0),(2139,1177,1251,1253,1255,1189,146.69,'','Ф-РА 1495/03.02.2017 50% АК ПО РП 3/2017','2017-02-10 00:00:00','2018-01-05 09:23:06','2018-01-05 07:29:06',0),(2141,1177,1251,1253,1255,1189,11734.98,'','Ф-РА 1494/03.02.2017 РК СЪГЛ.РП 3/2017','2017-02-10 00:00:00','2018-01-05 09:25:29','2018-01-05 07:31:29',0),(2143,1177,1257,1259,1261,1189,8237.95,'','Ф-РА 1481/30.01.2017 РК СЪГЛ РП 4/2017-ЧБ','2017-02-10 00:00:00','2018-01-05 09:27:27','2018-01-05 07:33:27',0),(2145,1177,1257,1259,1261,1189,102.97,'','Ф-РА 1482/30.01.2017 505 АК ПО РП 4/2017/','2017-02-10 00:00:00','2018-01-05 09:28:12','2018-01-05 07:34:13',0),(2147,1177,1257,1259,1261,1189,102.97,'','Ф-РА 1507/16.02.2017 ОКОНЧ. ПЛАЩ.АК ПО РП 4/2017/','2017-02-23 00:00:00','2018-01-05 09:28:53','2018-01-05 07:34:53',0),(2149,1177,1263,1265,1267,1189,2.88,'','Ф-РА 1484/31,01,2017 АК ПО РП 5 /25,01,2017-','2017-02-28 00:00:00','2018-01-05 09:31:53','2018-01-05 06:36:08',0),(2151,1177,1263,1265,1267,1189,230.40,'','Ф-РА 1483/31,01,2017 РП 5 /25,01,2017-ОБЯВА ЗА ТЪРГ','2017-02-28 00:00:00','2018-01-05 09:32:34','2018-01-05 07:38:34',0),(2153,1177,1263,1265,1267,1189,72.00,'','Ф-РА 1485/31,01,2017 РП 5 /25012017-ИЗРАБ.РЕКЛ.КАРЕ','2017-02-28 00:00:00','2018-01-05 09:33:18','2018-01-05 07:39:18',0),(2155,1177,1263,1265,1267,1189,2.88,'','Ф-РА 1508/17,02,2017 АК ПО РП 5 /25012017-ОКОНЧ.ПЛ.','2017-02-28 00:00:00','2018-01-05 09:34:01','2018-01-05 06:35:29',0),(2157,1177,1269,1271,1273,1189,6578.46,'','Ф-РА 1496/03,02,2017 РП 6/03,02,2017-ОБЯВА ЗА ТЪРГ','2017-03-01 00:00:00','2018-01-05 09:40:56','2018-01-05 07:46:56',0),(2159,1177,1269,1271,1273,1189,82.22,'','Ф-РА 1497/03,02,2017 АК ПО РП 6/03,02,2017-','2017-03-01 00:00:00','2018-01-05 09:41:50','2018-01-05 07:47:50',0),(2161,1177,1269,1271,1273,1189,144.00,'','Ф-РА 1498/03,02,2017 РП 6/03022017-КОРЕКЦ.РЕКЛ.КАРЕ','2017-03-01 00:00:00','2018-01-05 09:42:32','2018-01-05 07:48:32',0),(2163,1177,1269,1271,1273,1189,82.22,'','Ф-РА 1536/22,03,2017 АК ПО РП 6/03022017-ОКОНЧ.ПЛАЩ','2017-04-24 00:00:00','2018-01-05 09:43:18','2018-01-05 07:49:18',0),(2165,1177,1275,1277,1279,1189,10843.13,'','Ф.1502/10.02.17 РП 7/2017/ РЕКЛАМА В СП.ПРЕМИУМ ЛАЙФСТАЙЛ','2017-02-20 00:00:00','2018-01-05 09:45:58','2018-01-05 07:51:58',0),(2167,1177,1275,1277,1279,1189,135.54,'','Ф-РА 1503/10.02.2017 50%АК ПО РП 7/2017/','2017-02-20 00:00:00','2018-01-05 09:47:21','2018-01-05 07:53:22',0),(2169,1177,1281,1283,1285,1189,38412.00,'','Ф.1505/16.02.2017 РП 8/2017/ РЕКЛ.ПУБЛИКАЦИИ ВЪВ В.БАНКЕР И СП.БАНКЕР СПЕШЪЛ','2017-02-21 00:00:00','2018-01-05 09:49:51','2018-01-05 07:55:51',0),(2171,1177,1281,1283,1285,1189,480.14,'','Ф-РА 1506/16.02.2017 50% АК ПО РП 8/2017/','2017-02-21 00:00:00','2018-01-05 09:50:32','2018-01-05 07:56:32',0),(2173,1177,1287,1289,1291,1189,1440.00,'','Ф-РА 1510/01.03.2017 РП 9/2017КАМП.МЛАДЕЖИ И СТУДЕНТИ','2017-03-13 00:00:00','2018-01-05 09:52:13','2018-01-05 07:58:13',0),(2175,1177,1287,1289,1291,1189,18.00,'','Ф-РА 1511/01.03.2017 50% АК ПО РП 9/2017/','2017-03-13 00:00:00','2018-01-05 09:52:53','2018-01-05 07:58:53',0),(2177,1177,1287,1289,1291,1189,18.00,'','Ф-РА 1532/16.03.17 ОКОНЧ.ПЛАЩ.АК ПО РП 9/2017/','2017-03-27 00:00:00','2018-01-05 09:53:38','2018-01-05 07:59:38',0),(2179,1177,1293,1295,1297,1189,3960.00,'','Ф-РА 1512/01.03.17 РП10/2017/ КАМПАНИЯ ЧБ','2017-03-13 00:00:00','2018-01-05 09:56:24','2018-01-05 08:02:24',0),(2181,1177,1293,1295,1297,1189,49.50,'','Ф-РА 1513/01.03.2017 50% АК ПО РП 10/2017','2017-03-13 00:00:00','2018-01-05 09:57:08','2018-01-05 08:03:08',0),(2183,1177,1299,1301,1303,1189,72.00,'','Ф-РА 1516/01,03,2017 РП 11/06032017-ИЗРАБ.РЕКЛ.КАРЕ','2017-03-14 00:00:00','2018-01-05 09:58:44','2018-01-05 08:04:44',0),(2185,1177,1299,1301,1303,1189,11.58,'','Ф-РА 1522/06,03,2017 АК ПО РП 11/06032017-ОКОНЧ.ПЛ.','2017-03-14 00:00:00','2018-01-05 10:00:50','2018-01-05 08:06:50',0),(2187,1177,1299,1301,1303,1189,927.07,'','Ф-РА 1514/01,03,2017 РП 11/06032017-ОБЯВА ЗА ТЪРГ','2017-03-14 00:00:00','2018-01-05 10:01:43','2018-01-05 08:07:43',0),(2189,1177,1299,1301,1303,1189,11.58,'','Ф-РА 1515/01,03,2017 АК ПО РП 11/06032017','2017-03-14 00:00:00','2018-01-05 10:03:00','2018-01-05 08:09:00',0),(2191,1177,1305,1307,1309,1189,72.00,'','Ф-РА 1519/01,03,2017 РП 12/06032017-ИЗРАБ.РЕКЛ.КАРЕ','2017-03-14 00:00:00','2018-01-05 10:04:26','2018-01-05 08:10:26',0),(2193,1177,1305,1307,1309,1189,11.88,'','Ф-РА 1523/06,03,2017 АК ПО РП 12/06032017-ОКОНЧ.ПЛ.','2017-03-14 00:00:00','2018-01-05 10:05:38','2018-01-05 08:11:38',0),(2195,1177,1305,1307,1309,1189,950.35,'','Ф-РА 1517/01,03,2017 РП 12/06032017-ОБЯВА ЗА ТЪРГ','2017-03-14 00:00:00','2018-01-05 10:06:23','2018-01-05 08:12:23',0),(2197,1177,1305,1307,1309,1189,11.88,'','Ф-РА 1518/01,03,2017 АК ПО РП 12/06032017-','2017-03-14 00:00:00','2018-01-05 10:07:12','2018-01-05 08:13:12',0),(2199,1177,1311,1313,1315,1189,117.36,'','Ф-РА 1521/01.03.2017 50% АК ПО РП 13/2017/','2017-03-13 00:00:00','2018-01-05 10:08:22','2018-01-05 08:14:22',0),(2201,1177,1311,1313,1315,1189,9388.97,'','Ф-РА 1520/01.03.2017 РП 13/2017/-ПРЕМИУМ ЛАЙФСТАЙЛ','2017-03-13 00:00:00','2018-01-05 10:08:49','2018-01-05 08:14:49',0),(2203,1177,1317,1319,1321,1189,4768.28,'','Ф-РА 1527/16.03.2017 50% АК ПО РП 14/2017/','2017-03-17 00:00:00','2018-01-05 10:10:25','2018-01-05 08:16:25',0),(2205,1177,1317,1319,1321,1189,381462.62,'','Ф-РА 1526/16.03.2017 РП 14/2017/ ПОТРЕБ.КРЕДИТИ','2017-03-17 00:00:00','2018-01-05 10:11:09','2018-01-05 08:17:09',0),(2207,1177,1323,1325,1327,1189,39024.40,'','Ф-РА 1528/16.03.2017 РП 15/2017/ ОНЛАЙН ПК','2017-03-17 00:00:00','2018-01-05 10:12:48','2018-01-05 08:18:48',0),(2209,1177,1323,1325,1327,1189,487.80,'','Ф.1529/16.03.2017 50% АК ПО РП 15/2017/','2017-03-17 00:00:00','2018-01-05 10:13:31','2018-01-05 08:19:31',0),(2211,1177,1323,1325,1327,1189,487.80,'','Ф-РА 1646/24.08.17 ОКОНЧ.ПЛАЩ.АК ПО РП 15/2017/','2017-08-31 00:00:00','2018-01-05 10:14:07','2018-01-05 08:20:08',0),(2213,1177,1329,1331,1333,1189,4768.28,'','Ф-РА 1531/16.03.2017 50% АК ПО РП 16/2017/','2017-03-17 00:00:00','2018-01-05 10:15:34','2018-01-05 08:21:34',0),(2215,1177,1329,1331,1333,1189,381463.14,'','Ф-РА 1530/16.03.2017 РП 16/2017/ ИПОТЕЧНИ КРЕДИТИ','2017-03-17 00:00:00','2018-01-05 10:16:30','2018-01-05 08:22:30',0),(2217,1177,1329,1331,1333,1189,4768.28,'','Ф.1648/28.08.2017 ОКОНЧАТЕЛНО АК ПО РП 16','2017-09-07 00:00:00','2018-01-05 10:20:30','2018-01-05 08:26:30',0),(2219,1177,1317,1319,1321,1189,4768.28,'','Ф.1647/28.08.2017 ОКОНЧАТЕЛНО АК ПО РП 14','2017-09-07 00:00:00','2018-01-05 10:22:17','2018-01-05 08:28:17',0),(2221,1177,1335,1337,1339,1189,871.94,'','Ф-РА 1537/28,03,2017 РП 17/16032017-ОБЯВА ЗА ТЪРГ','2018-01-05 10:26:00','2018-01-05 10:27:00','2018-01-05 08:33:00',0),(2223,1177,1335,1337,1339,1189,72.00,'','Ф-РА 1540/28,03,2017 РП 17/16032017-КОРЕКЦИЯ КАРЕТА','2017-09-07 00:00:00','2018-01-05 10:27:39','2018-01-05 08:33:39',0),(2225,1177,1335,1337,1339,1189,10.90,'','Ф-РА 1538/28,03,2017 АК ПО РП 17/16032017-','2017-09-07 00:00:00','2018-01-05 10:28:16','2018-01-05 08:34:16',0),(2227,1177,1335,1337,1339,1189,10.90,'','Ф-РА 1539/28,03,2017 АК ПО РП 17/16032017-ОКОНЧ.ПЛ.','2017-09-07 00:00:00','2018-01-05 10:28:56','2018-01-05 08:34:56',0),(2229,1177,1341,1343,1345,1189,85.60,'','Ф-РА 1542/28,03,2017 АК ПО РП 18/04042017-','2017-04-24 00:00:00','2018-01-05 10:30:52','2018-01-05 08:36:52',0),(2231,1177,1341,1343,1345,1189,6847.60,'','Ф-РА 1541/28,03,2017 РП 18/04042017- ОБЯВА ЗА ТЪРГ','2017-04-24 00:00:00','2018-01-05 10:31:32','2018-01-05 08:37:33',0),(2233,1177,1341,1343,1345,1189,180.00,'','Ф-РА 1543/28,03,2017 РП 18/04042017-КОРЕКЦИЯ КАРЕТА','2017-04-24 00:00:00','2018-01-05 10:32:19','2018-01-05 08:38:19',0),(2235,1177,1341,1343,1345,1189,85.60,'','Ф-РА 1582/01.06.2017 ОКОНЧ. ПЛАЩ.АК ПО РП 18/2017/','2017-06-13 00:00:00','2018-01-05 10:33:00','2018-01-05 08:39:00',0),(2237,1177,1347,1349,1351,1189,49718.02,'','Ф-РА 1559/28.04.2017 РП19 КАМПАНИЯ НОВИ ОФИСИ','2017-05-03 00:00:00','2018-01-05 10:34:39','2018-01-05 08:40:40',0),(2239,1177,1347,1349,1351,1189,621.47,'','Ф-РА 1560/28.04.17 50% АК ПО РП 19/2017/','2017-05-03 00:00:00','2018-01-05 10:35:15','2018-01-05 08:41:15',0),(2241,1177,1353,1355,1357,1189,2294.22,'','Ф1546/21042017 РП 20/2017 ОБЯВА ЗА ТЪРГ','2017-06-15 00:00:00','2018-01-05 10:37:18','2018-01-05 08:43:18',0),(2243,1177,1353,1355,1357,1189,28.68,'','Ф-РА 1547/21.04.2017 50% АК ПО РП 20/2017/','2017-06-15 00:00:00','2018-01-05 10:38:21','2018-01-05 08:44:21',0),(2245,1177,1353,1355,1357,1189,288.00,'','Ф1548/21042017 РП 20/2017/- ИЗРАБОТКА НА БАНЕР','2017-06-15 00:00:00','2018-01-05 10:39:14','2018-01-05 08:45:14',0),(2247,1177,1353,1355,1357,1189,28.68,'','Ф-РА 1581/01,06,2017 АК ПО РП 20 ОКОНЧ.ПЛАЩ.-','2017-12-20 00:00:00','2018-01-05 10:39:54','2018-01-05 08:45:54',0),(2249,1177,1359,1361,1363,1189,72.00,'','Ф-РА 1555/27,04,2017 РП 21/25042017-ИЗРАБ.НА КАРЕ','2017-05-16 00:00:00','2018-01-05 10:41:17','2018-01-05 08:47:17',0),(2251,1177,1359,1361,1363,1189,800.68,'','Ф-РА 1552/27,04,2017 РП 21/25042017 - ОБЯВА ЗА ТЪРГ','2017-05-16 00:00:00','2018-01-05 10:42:02','2018-01-05 08:48:02',0),(2253,1177,1359,1361,1363,1189,10.01,'','Ф-РА 1553/27,04,2017 АК ПО РП 21/25042017 -','2017-05-16 00:00:00','2018-01-05 10:43:38','2018-01-05 08:49:38',0),(2255,1177,1359,1361,1363,1189,10.01,'','Ф-РА 1554/27,04,2017 АК ПО РП 21/25042017-ОКОНЧ.ПЛ','2017-05-17 00:00:00','2018-01-05 10:44:42','2018-01-05 08:50:42',0),(2257,1177,1365,1367,1369,1189,4768.28,'','Ф-РА 1566/09.05.2017 50% АК ПО РП 22/2017/','2017-05-15 00:00:00','2018-01-05 10:46:43','2018-01-05 08:52:44',0),(2259,1177,1365,1367,1369,1189,381463.39,'','Ф-РА 1565/09.05.17 РП 22/2017 МЛАДЕЖКИ И СТУД.ПАКЕТИ 01.05-31.07.2017','2017-05-15 00:00:00','2018-01-05 10:47:24','2018-01-05 08:53:24',0),(2261,1177,1371,1373,1375,1189,2339.02,'','Ф-РА 1549/21,04,2017 РП 23/25042017-ОБЯВА ЗА ТЪРГ','2017-05-16 00:00:00','2018-01-05 10:52:51','2018-01-05 08:58:51',0),(2263,1177,1371,1373,1375,1189,29.23,'','Ф-РА 1550/21,04,2017 АК ПО РП 23/25042017','2017-05-16 00:00:00','2018-01-05 10:53:26','2018-01-05 08:59:27',0),(2265,1177,1371,1373,1375,1189,288.00,'','Ф-РА 1551/21,04,2017 РП 23/25042017-ИЗРАБ.НА КАРЕ','2017-05-16 00:00:00','2018-01-05 10:54:20','2018-01-05 09:00:20',0),(2267,1177,1371,1373,1375,1189,29.23,'','Ф-РА 1590/07,06,2017 АК ПО РП 23/25042017-ОКОНЧ.ПЛ.','2017-11-23 00:00:00','2018-01-05 10:55:01','2018-01-05 09:01:01',0),(2269,1177,1379,1381,1383,1189,2.58,'','Ф-РА 1557/27,04,2017 АК ПО РП 24/25042017','2017-05-16 00:00:00','2018-01-05 10:56:53','2018-01-05 08:00:06',0),(2271,1177,1379,1381,1383,1189,72.00,'','Ф-РА 1558/27,04,2017 РП 24/25042017-ИЗРАБ.НА КАРЕ','2017-05-16 00:00:00','2018-01-05 10:57:34','2018-01-05 09:03:34',0),(2273,1177,1379,1381,1383,1189,206.64,'','Ф-РА 1556/27,04,2017 РП 24/25042017-ОБЯВА ЗА ТЪРГ','2017-05-16 00:00:00','2018-01-05 10:58:06','2018-01-05 09:04:07',0),(2275,1177,1379,1381,1383,1189,2.58,'','Ф-РА 1570/18,05,17 АК ПО РП 24/25,04,17-ОКОНЧАТЕЛ','2017-06-09 00:00:00','2018-01-05 10:58:49','2018-01-05 07:59:44',0),(2277,1177,1385,1387,1389,1189,3.82,'','Ф-РА 1563/28,04,2017 АК ПО РП 25/26042017','2017-07-07 00:00:00','2018-01-05 11:02:53','2018-01-05 09:08:53',0),(2279,1177,1385,1387,1389,1189,305.96,'','Ф-РА 1562/28,04,2017 РП 25/26042017-ОБЯВА ЗА ТЪРГ','2017-07-07 00:00:00','2018-01-05 11:03:30','2018-01-05 09:09:30',0),(2281,1177,1385,1387,1389,1189,3.82,'','Ф-РА 1571/18,05,2017 АК ПО РП 25/26042017-ОКОНЧ.ПЛ.','2017-07-07 00:00:00','2018-01-05 11:04:13','2018-01-05 09:10:13',0),(2283,1177,1385,1387,1389,1189,36.00,'','Ф-РА 1564/28,04,2017 РП 25/26042017-КОРЕКЦИЯ КАРЕ','2017-07-07 00:00:00','2018-01-05 11:04:46','2018-01-05 09:10:46',0),(2285,1177,1391,1393,1395,1189,2804.87,'','Ф-РА 1568/09.05.2017 50% АК ПО РП 26/2017','2017-05-15 00:00:00','2018-01-05 11:05:44','2018-01-05 09:11:44',0),(2287,1177,1391,1393,1395,1189,224389.90,'','Ф.1567/09.05.2017 РП 26/2017/ ПК 01.05-14.05.2017','2017-05-15 00:00:00','2018-01-05 11:06:59','2018-01-05 09:12:59',0),(2289,1177,1391,1393,1395,1189,2804.87,'','Ф.1654/05.09.2017 ОКОНЧАТЕЛНО АК ПО РП 26','2017-09-07 00:00:00','2018-01-05 11:07:41','2018-01-05 09:13:41',0),(2291,1177,1397,1399,1401,1189,2439.02,'','Ф.1584/02062017 50% АК ПО РП 27/2017','2017-06-06 00:00:00','2018-01-05 11:08:38','2018-01-05 09:14:39',0),(2293,1177,1397,1399,1401,1189,195121.87,'','Ф.1583/02062017 РП 27/2017 ИК 15052017/31052017','2017-06-06 00:00:00','2018-01-05 11:10:22','2018-01-05 09:16:22',0),(2295,1177,1403,1405,1407,1189,195121.13,'','Ф.1585/02062017 РП 28/2017 БИЗНЕС КРЕДИТИ 1505/08072017','2017-06-06 00:00:00','2018-01-05 11:12:02','2018-01-05 09:18:02',0),(2297,1177,1403,1405,1407,1189,2439.01,'','Ф.1586/02062017 50% АК ПО РП 28/2017','2017-06-06 00:00:00','2018-01-05 11:12:37','2018-01-05 09:18:37',0),(2299,1177,1409,1411,1413,1189,4762.34,'','Ф-РА 1610/03.07.2017 50% АК ПО РП 29/2017/','2017-07-03 00:00:00','2018-01-05 11:14:02','2018-01-05 09:20:03',0),(2301,1177,1409,1411,1413,1189,380987.05,'','Ф-РА 1609/03.07.2017 ЖИЛИЩНИ ИИПОТ.КРЕДИТИ 15.06-16.07.2017','2017-07-03 00:00:00','2018-01-05 11:20:51','2018-01-05 09:26:51',0),(2303,1177,1415,1417,1419,1189,3285.79,'','Ф.1592/14.06.2017 РП 30/2017/ МЛАДЕЖИ И СТУДЕНТИ В СП. ЛАЙФСТАЙЛ','2017-06-29 00:00:00','2018-01-05 11:22:48','2018-01-05 09:28:48',0),(2305,1177,1415,1417,1419,1189,41.06,'','Ф-РА 1593/14.06.2017 50% АК ПОРП 30/2017','2017-06-29 00:00:00','2018-01-05 11:23:22','2018-01-05 09:29:22',0),(2307,1177,1415,1417,1419,1189,41.06,'','Ф-РА 1633/27.07.2017 ОКОНЧ. ПЛАЩ.АК ПО РП 30/2017/','2017-08-01 00:00:00','2018-01-05 11:23:54','2018-01-05 09:29:54',0),(2309,1177,1421,1423,1425,1189,2637.88,'','Ф-РА 1594/19,06,2017 РП 31/21062017-ОБЯВА ЗА ТЪРГ','2017-07-04 00:00:00','2018-01-05 11:30:08','2018-01-05 09:36:08',0),(2311,1177,1421,1423,1425,1189,32.98,'','Ф-РА 1595/19,06,2017 АК ПО РП 31/21062017','2017-07-04 00:00:00','2018-01-05 11:30:43','2018-01-05 09:36:43',0),(2313,1177,1421,1423,1425,1189,288.00,'','Ф-РА 1596/19,06,2017 РП 31/21062017-ИЗРАБ.НА КАРЕ','2017-07-04 00:00:00','2018-01-05 11:31:15','2018-01-05 09:37:15',0),(2315,1177,1421,1423,1425,1189,32.98,'','Ф-РА 1634/27,07,2017 АК ПО РП 31/21062017-ОКОНЧ.ПЛ.','2017-08-08 00:00:00','2018-01-05 11:31:48','2018-01-05 09:37:48',0),(2317,1177,1427,1429,1431,1189,195073.82,'','Ф. 1611/03.07.17 РП 32/2017 МЛАДЕЖИ И СТУДЕНТИ 0906-070717','2017-07-03 00:00:00','2018-01-05 11:32:57','2018-01-05 09:38:57',0),(2319,1177,1427,1429,1431,1189,2438.42,'','Ф-РА 1612/03.07.2017 50% АК ПО РП 32/2017/','2017-07-03 00:00:00','2018-01-05 11:33:36','2018-01-05 09:39:36',0),(2321,1177,1433,1435,1437,1189,292016.69,'','Ф.1613/03.07.2017 РП 33/2017/ ПОТРЕБ.К-ТИ 09-30.06.2017','2017-07-03 00:00:00','2018-01-05 11:40:02','2018-01-05 09:46:02',0),(2323,1177,1433,1435,1437,1189,3650.21,'','Ф-РА 1614/03.07.2017 50% АК ПО РП 33/2017/','2017-07-03 00:00:00','2018-01-05 11:40:33','2018-01-05 09:46:33',0),(2325,1177,1439,1441,1443,1189,1440.00,'','Ф.1615/03.07.2017 РП 34/2017/ ДСК БИЗНЕС В СП.ENTERPRISE','2017-07-03 00:00:00','2018-01-05 11:42:18','2018-01-05 09:48:18',0),(2327,1177,1439,1441,1443,1189,18.00,'','Ф.1616/03.07.2017 50% АК ПО РП 34/2017/','2017-07-03 00:00:00','2018-01-05 11:42:53','2018-01-05 09:48:53',0),(2329,1177,1439,1441,1443,1189,18.00,'','Ф-РА 1659/11.09.2017 ОКОНЧ.ПЛААК ПО РП 34/2017/','2017-09-14 00:00:00','2018-01-05 11:43:33','2018-01-05 09:49:33',0),(2331,1177,1445,1447,1449,1189,2168.47,'','Ф-РА 1671/18.09.2017 50% АК ПО РП 35/2017/','2017-09-25 00:00:00','2018-01-05 11:47:40','2018-01-05 09:53:40',0),(2333,1177,1445,1447,1449,1189,173477.53,'','Ф.1670/18.09.17 РП 35/2017/ РК Х-ФАКТОР 10.09-25.12.17','2017-09-25 00:00:00','2018-01-05 11:48:13','2018-01-05 09:54:13',0),(2335,1177,1451,1453,1455,1189,2332.62,'','Ф-РА 1619/13,07,2017 РП 36/14072017-ОБЯВА ЗА ТЪРГ','2017-07-25 00:00:00','2018-01-05 11:49:25','2018-01-05 09:55:25',0),(2337,1177,1451,1453,1455,1189,29.16,'','Ф-РА 1620/13,07,2017 АК ПО РП 36/14072017','2017-07-25 00:00:00','2018-01-05 11:50:05','2018-01-05 09:56:05',0),(2339,1177,1451,1453,1455,1189,288.00,'','Ф-РА 1621/13,07,2017 РП 36/14072017-ИЗРАБ.НА КАРЕ','2017-07-25 00:00:00','2018-01-05 11:50:44','2018-01-05 09:56:44',0),(2341,1177,1451,1453,1455,1189,29.16,'','Ф-РА 1703/27,10,2017 АК ПО РП 36-ОКОНЧ.ПЛАЩАНЕ','2017-11-09 00:00:00','2018-01-05 11:51:51','2018-01-05 09:57:52',0),(2343,1177,1457,1459,1461,1189,3.83,'','Ф-РА 1623/13,07,2017 АК ПО РП 37/14072017-','2017-08-04 00:00:00','2018-01-05 11:55:04','2018-01-05 10:01:04',0),(2345,1177,1457,1459,1461,1189,36.00,'','Ф-РА 1624/13,07,2017 РП 37/14072017-КОРЕКЦИЯ КАРЕ','2017-08-04 00:00:00','2018-01-05 11:56:09','2018-01-05 10:02:09',0),(2347,1177,1457,1459,1461,1189,3.83,'','Ф-РА 1635/28,07,2017 АК ПО РП 37/14072017-ОКОНЧ.ПЛ.','2017-08-04 00:00:00','2018-01-05 11:56:56','2018-01-05 10:02:56',0),(2349,1177,1457,1459,1461,1189,305.96,'','Ф-РА 1622/13,07,2017 РП 37/14072017-ОБЯВА ЗА ТЪРГ','2017-08-04 00:00:00','2018-01-05 11:57:22','2018-01-05 10:03:23',0),(2351,1177,1463,1465,1467,1189,148.56,'','Ф-РА 1625/13,07,2017 РП 38/14072017-ОБЯВА ЗА ТЪРГ','2017-08-04 00:00:00','2018-01-05 11:59:39','2018-01-05 10:05:40',0),(2353,1177,1463,1465,1467,1189,1.86,'','Ф-РА 1626/13,07,2017 АК ПО РП 38/14072017-','2017-08-04 00:00:00','2018-01-05 12:00:45','2018-01-05 10:06:45',0),(2355,1177,1463,1465,1467,1189,36.00,'','Ф-РА 1627/13,07,2017 РП 38/14072017-КОРЕКЦИЯ КАРЕ','2017-08-04 00:00:00','2018-01-05 12:01:40','2018-01-05 10:07:41',0),(2357,1177,1463,1465,1467,1189,1.86,'','Ф-РА 1636/28,07,2017 АК ПО РП 38/14072017-ОКОНЧ.ПЛ.','2017-08-04 00:00:00','2018-01-05 12:02:19','2018-01-05 10:08:19',0),(2359,1177,1469,1471,1473,1189,10.01,'','Ф-РА 1637/28,07,2017 АК ПО РП 39/14072017-ОКОНЧ.ПЛ.','2017-08-04 00:00:00','2018-01-05 12:04:10','2018-01-05 10:10:10',0),(2361,1177,1469,1471,1473,1189,800.68,'','Ф-РА 1628/13,07,2017 РП 39/14072017-ОБЯВА ЗА ТЪРГ','2017-08-04 00:00:00','2018-01-05 12:04:38','2018-01-05 10:10:38',0),(2363,1177,1469,1471,1473,1189,10.01,'','Ф-РА 1629/13,07,2017 АК ПО РП 39/14072017','2017-08-04 00:00:00','2018-01-05 12:05:12','2018-01-05 10:11:13',0),(2365,1177,1469,1471,1473,1189,72.00,'','Ф-РА 1630/13,07,2017 РП 39/14072017-КОРЕКЦИЯ КАРЕ','2017-08-04 00:00:00','2018-01-05 12:05:45','2018-01-05 10:11:45',0),(2367,1177,1475,1477,1479,1189,3886.32,'','Ф.1641/01.08.2017 РП 40/2017/ SEM ONBOARDING','2017-08-22 00:00:00','2018-01-05 12:06:59','2018-01-05 10:12:59',0),(2369,1177,1475,1477,1479,1189,48.58,'','Ф.1642/01.08.2017 50% АК ПО РП 40/2017/','2017-08-22 00:00:00','2018-01-05 12:07:34','2018-01-05 10:13:34',0),(2371,1177,1475,1477,1479,1189,48.58,'','Ф.1701/26.10.17 ОКОНЧ.ПЛАЩ. АК ПО РП 40/2017 ','2017-10-27 00:00:00','2018-01-05 12:08:06','2018-01-05 10:14:06',0),(2373,1177,1481,1483,1485,1189,206.64,'','Ф-РА 1643/01,08,2017 РП 41/28072017-ОБЯВА ЗА ТЪРГ','2017-08-24 00:00:00','2018-01-05 12:35:24','2018-01-05 10:41:24',0),(2375,1177,1481,1483,1485,1189,2.58,'','Ф-РА 1644/01,08,2017 АК ПО РП 41/28072017','2017-08-24 00:00:00','2018-01-05 12:36:36','2018-01-05 10:42:36',0),(2377,1177,1481,1483,1485,1189,36.00,'','Ф-РА 1645/01,08,2017 РП 41/28072017-КОРЕКЦИЯ КАРЕ','2017-08-24 00:00:00','2018-01-05 12:37:00','2018-01-05 10:43:00',0),(2379,1177,1487,1489,1491,1189,2718.64,'','Ф-РА 1649/30,08,2017 РП 42/14082017-ОБЯВА ЗА ТЪРГ','2017-11-03 00:00:00','2018-01-05 12:42:56','2018-01-05 10:48:56',0),(2381,1177,1487,1489,1491,1189,33.98,'','Ф-РА 1650/30,08,2017 АК ПО РП 42/14082017','2017-11-03 00:00:00','2018-01-05 12:43:30','2018-01-05 10:49:30',0),(2383,1177,1487,1489,1491,1189,144.00,'','Ф-РА 1651/30,08,2017 РП 42/14082017-КОРЕКЦИЯ КАРЕ','2017-11-03 00:00:00','2018-01-05 12:44:07','2018-01-05 10:50:07',0),(2385,1177,1487,1489,1491,1189,33.98,'','Ф-РА 1739/28,11,2017 АК ПО РП 42/14082017-ОКОНЧ.ПЛ.','2017-12-06 00:00:00','2018-01-05 12:44:36','2018-01-05 10:50:36',0),(2387,1177,1493,1495,1497,1189,18166.56,'','Ф-РА 1672/18.09.17 РП 43/2017 ОНЛАЙН ЗАЯВКИ ЗА ПК','2017-09-25 00:00:00','2018-01-05 12:45:33','2018-01-05 10:51:33',0),(2389,1177,1493,1495,1497,1189,908.33,'','Ф-РА 1673/18.09.2017 50% АК ПО РП 43/2017/','2017-09-25 00:00:00','2018-01-05 12:46:07','2018-01-05 10:52:07',0),(2391,1177,1493,1495,1497,1189,908.33,'','Ф.1702/26.10.2017 ОКОНЧ.ПЛАЩ. АК ПО РП 43/2017/','2017-10-27 00:00:00','2018-01-05 12:46:38','2018-01-05 10:52:39',0),(2393,1177,1499,1501,1503,1189,144.00,'','Ф-РА 1676/18,09,2017 РП 44/18092017-КОРЕКЦ.РЕКЛ.КАР','2017-09-29 00:00:00','2018-01-05 12:47:31','2018-01-05 10:53:31',0),(2395,1177,1499,1501,1503,1189,27.53,'','Ф-РА 1675/18,09,2017 АК ПО РП 44/18092017-','2017-09-29 00:00:00','2018-01-05 12:48:04','2018-01-05 10:54:05',0),(2397,1177,1499,1501,1503,1189,2202.66,'','Ф-РА 1674/18,09,2017 РП 44/18092017-ОБЯВА ЗА ТЪРГ','2017-09-29 00:00:00','2018-01-05 12:48:36','2018-01-05 10:54:36',0),(2399,1177,1499,1501,1503,1189,27.54,'','Ф-РА 1740/28,11,2017 АК ПО РП 44/18092017-ОКОНЧ.ПЛ.','2017-12-06 00:00:00','2018-01-05 12:49:04','2018-01-05 10:55:04',0),(2401,1177,1505,1507,1509,1189,273363.18,'','Ф РА 1677/18092017 РП 45 ПОТР КРЕДИТИ','2017-09-21 00:00:00','2018-01-05 12:50:15','2018-01-05 09:51:08',0),(2403,1177,1505,1507,1509,1189,3417.04,'','Ф РА 1678/18092017 АК ПО РП 45','2017-09-21 00:00:00','2018-01-05 12:51:00','2018-01-05 10:57:00',0),(2405,1177,1511,1513,1515,1189,18000.00,'','Ф-РА 1681/21.09.2017 РП 45 А ОНЛАЙН ЗАЯВКИ ЗА ПК 01.10- 30.11.2017','2017-09-26 00:00:00','2018-01-05 12:52:31','2018-01-05 10:58:31',0),(2407,1177,1511,1513,1515,1189,900.00,'','Ф-РА 1682/21.09.2017 50% АК РО РП 45 А /2017/','2017-09-26 00:00:00','2018-01-05 12:53:01','2018-01-05 10:59:01',0),(2409,1177,1517,1519,1523,1189,2804.88,'','Ф-РА 1687/05.10.2017 50% АК ПО РП 46/2017/','2017-10-10 00:00:00','2018-01-05 12:54:04','2018-01-05 11:00:04',0),(2411,1177,1517,1519,1523,1189,224390.23,'','Ф-РА 1686/05.10.17 РП 41/2017/МЛАДЕЖИ И СТУДЕНТИ 01-31.10.17','2017-10-10 00:00:00','2018-01-05 12:55:18','2018-01-05 11:01:18',0),(2413,1177,1525,1527,1529,1189,326.59,'','Ф-РА 1655/08,09,2017 РП 47/01092017-ОБЯВА ЗА ТЪРГ','2017-09-29 00:00:00','2018-01-05 12:57:38','2018-01-05 11:03:38',0),(2415,1177,1525,1527,1529,1189,4.08,'','Ф-РА 1658/11,09,2017 АК ПО РП 47/01092017-ОКОНЧ.ПЛ','2017-09-29 00:00:00','2018-01-05 12:58:17','2018-01-05 11:04:17',0),(2417,1177,1525,1527,1529,1189,4.08,'','Ф-РА 1656/08,09,2017 АК ПО РП 47/01092017-','2017-09-29 00:00:00','2018-01-05 12:59:06','2018-01-05 11:05:06',0),(2419,1177,1525,1527,1529,1189,72.00,'','Ф-РА 1657/08,09,2017 РП 47/01092017-ИЗРАБОТКА КАРЕ','2017-09-29 00:00:00','2018-01-05 12:59:48','2018-01-05 11:05:48',0),(2421,1177,1531,1533,1535,1189,33.76,'','Ф-РА 1680/18.09.2017 50% АК ПО РП 48/2017/','2017-09-25 00:00:00','2018-01-05 13:00:54','2018-01-05 11:06:54',0),(2423,1177,1531,1533,1535,1189,2700.00,'','Ф-РА 1679/18.09.17 РП 48/2017/РК В КАПИТАЛ-ЗЕМЕДЕЛИЕ','2017-09-25 00:00:00','2018-01-05 13:01:38','2018-01-05 11:07:38',0),(2425,1177,1537,1539,1541,1189,305.96,'','Ф-РА 1683/29,09,2017 РП 49/18092017-ОБЯВА ЗА ТЪРГ','2017-11-20 00:00:00','2018-01-05 13:06:50','2018-01-05 11:12:50',0),(2427,1177,1537,1539,1541,1189,3.83,'','Ф-РА 1684/29,09,2017 АК ПО РП 49/18092017','2017-11-20 00:00:00','2018-01-05 13:07:38','2018-01-05 11:13:38',0),(2429,1177,1537,1539,1541,1189,36.00,'','Ф-РА 1685/29,09,2017 РП 49/18092017-КОРЕКЦИЯ КАРЕ','2017-11-22 00:00:00','2018-01-05 13:08:25','2018-01-05 11:14:25',0),(2431,1177,1537,1539,1541,1189,3.83,'','Ф-РА 1742/28,11,2017 АК ПО РП 49/18092017-ОКОНЧ.ПЛ.','2017-12-08 00:00:00','2018-01-05 13:09:18','2018-01-05 11:15:18',0),(2433,1177,1543,1545,1547,1189,289154.69,'','Ф.1734/22.11.2017 РП 50/2017 РК ДИРЕКТ И СМАРТ 1411-171217','2017-11-27 00:00:00','2018-01-05 13:10:39','2018-01-05 11:16:39',0),(2435,1177,1543,1545,1547,1189,3614.44,'','Ф-РА 1735/22.11.17 50% АК ПО РП 50/2017/','2017-11-27 00:00:00','2018-01-05 13:11:15','2018-01-05 11:17:15',0),(2437,1177,1549,1551,1553,1189,180.00,'','Ф-РА 1689/05.10.2017 50% АК ПО РП 51/2017/','2017-10-10 00:00:00','2018-01-05 13:14:06','2018-01-05 11:20:06',0),(2439,1177,1549,1551,1553,1189,14400.00,'','Ф.1688/05.10.2017 РП 51/2017/ДСК ДИРЕКТ И СМАРТ М.11.2017- М.01.2018','2017-10-10 00:00:00','2018-01-05 13:14:44','2018-01-05 11:20:44',0),(2441,1177,1561,1563,1565,1189,312349.38,'','Ф.1725/14.11.2017РП 53/2017/ РК КРЕДИТНИ КАРТИ','2017-11-22 00:00:00','2018-01-05 13:41:05','2018-01-05 11:47:05',0),(2443,1177,1561,1563,1565,1189,3904.37,'','Ф-РА 1726/14.11.2017 50% АК ПО РП 53/2017/','2017-11-22 00:00:00','2018-01-05 13:41:41','2018-01-05 11:47:41',0),(2445,1177,1567,1569,1571,1189,900.00,'','Ф.1737/24.11.17 50% АК ПО РП 53 А /2017/','2017-11-30 00:00:00','2018-01-05 13:42:38','2018-01-05 11:48:38',0),(2447,1177,1567,1569,1571,1189,18000.00,'','Ф.1736/24.11.17 РП 53 А/2017 РК ОНЛАЙН ЗАЯВКИ ЗА КК','2017-11-30 00:00:00','2018-01-05 13:43:18','2018-01-05 11:49:18',0),(2449,1177,1573,1575,1577,1189,26.42,'','Ф-РА 1745/28,11,2017 АК ПО РП 54/10,10,2017','2017-12-06 00:00:00','2018-01-05 13:45:56','2018-01-05 11:51:56',0),(2451,1177,1573,1575,1577,1189,288.00,'','Ф-РА 1746/28,11,2017 РП 54/10102017-ИЗРАБОТКА КАРЕ,БАНЕР','2017-12-06 00:00:00','2018-01-05 13:46:37','2018-01-05 11:52:38',0),(2453,1177,1573,1575,1577,1189,2113.81,'','Ф-РА 1744/28,11,2017 РП 54/10,10,2017-ОБЯВА ЗА ТЪРГ','2017-12-06 00:00:00','2018-01-05 13:47:06','2018-01-05 11:53:06',0),(2455,1177,1579,1581,1583,1189,16499.38,'','Ф-РА 1710/02.11.17 РП 55/2017/РК НОВ ОФИС ВАРНА 23.10-19.11.','2017-11-13 00:00:00','2018-01-05 13:53:07','2018-01-05 11:59:07',0),(2457,1177,1579,1581,1583,1189,206.24,'','Ф-РА 1711/02.11.2017 50% АК ПО РП 55/2017/','2017-11-13 00:00:00','2018-01-05 13:53:44','2018-01-05 11:59:44',0),(2459,1177,1585,1587,1589,1189,1200.00,'','Ф.1781/18.12.17 РП 56/2017/ РК В СПРАВОЧНИК СЪС СПИСЪК ЗА РАСТИТЕЛНА ЗАЩИТА','2017-12-21 00:00:00','2018-01-05 14:02:35','2018-01-05 12:08:36',0),(2461,1177,1585,1587,1589,1189,15.00,'','Ф-РА 1782/18.12.2017 50% АК ПО РП 56/2017/','2017-12-21 00:00:00','2018-01-05 14:03:14','2018-01-05 12:09:14',0),(2463,1177,1591,1593,1595,1189,29.93,'','Ф-РА 1756/05,12,2017 АК ПО РП 57/31102017','2017-12-20 00:00:00','2018-01-05 14:04:41','2018-01-05 12:10:42',0),(2465,1177,1591,1593,1595,1189,2394.43,'','Ф-РА 1755/05,12,2017 РП 57/31102017-ОБЯВА ЗА ТЪРГ','2017-12-20 00:00:00','2018-01-05 14:05:11','2018-01-05 12:11:11',0),(2467,1177,1591,1593,1595,1189,180.00,'','Ф-РА 1757/05,12,2017 РП 57/31102017-КОРЕКЦИЯ КАРЕ','2017-12-20 00:00:00','2018-01-05 14:05:46','2018-01-05 12:11:46',0),(2469,1177,1597,1599,1601,1189,2718.64,'','Ф-РА 1783/18,12,2017 РП 58/26102017-ОБЯВА ЗА ТЪРГ','2017-12-28 00:00:00','2018-01-05 14:06:52','2018-01-05 12:12:53',0),(2471,1177,1597,1599,1601,1189,144.00,'','Ф-РА 1785/18,12,2017 РП 58/26102017-КОРЕКЦИЯ КАРЕ','2017-12-28 00:00:00','2018-01-05 14:07:28','2018-01-05 12:13:28',0),(2473,1177,1597,1599,1601,1189,33.98,'','Ф-РА 1784/18,12,2017 АК ПО РП 58/26102017','2017-12-28 00:00:00','2018-01-05 14:08:03','2018-01-05 12:14:03',0),(2475,1177,1609,1611,1613,1189,29268.08,'','Ф РА 1732/21112017 РП 60/2017/РК МЛАДЕЖИ И СТУДЕН','2017-11-23 00:00:00','2018-01-05 14:12:24','2018-01-05 12:18:24',0),(2477,1177,1609,1611,1613,1189,365.86,'','Ф РА 1733/21112017 50% АК ПО РП 60/2017','2017-11-23 00:00:00','2018-01-05 14:12:57','2018-01-05 12:18:57',0),(2479,1177,1615,1617,1619,1189,18181.20,'','Ф.1758/05.12.17 РП 61/2017 ОНЛАЙН ЗАЯВКИ ЗА ПК','2017-12-11 00:00:00','2018-01-05 14:13:55','2018-01-05 12:19:55',0),(2481,1177,1615,1617,1619,1189,909.06,'','Ф-РА 1759/05.12.2017 50% АК ПО РП 61/2017','2017-12-11 00:00:00','2018-01-05 14:14:25','2018-01-05 12:20:26',0),(2483,1177,1621,1623,1625,1189,1595.95,'','Ф.1727/16.11.2017 РП 62/2017/ РК СП.НАШ ДОМ','2017-11-21 00:00:00','2018-01-05 14:15:27','2018-01-05 12:21:27',0),(2485,1177,1621,1623,1625,1189,19.94,'','Ф-РА 1713/13.11.17 50% АК ПО РП 62/2017/','2017-11-21 00:00:00','2018-01-05 14:16:05','2018-01-05 12:22:06',0),(2487,1177,1627,1629,1631,1189,1800.00,'','Ф.1772/14.12.2017 РП 63/2017/ РК В СП.ТВОЯТ БИЗНЕС М.12.17','2017-12-18 00:00:00','2018-01-05 14:17:29','2018-01-05 12:23:29',0),(2489,1177,1627,1629,1631,1189,22.50,'','Ф-РА 1773/14.12.2017 50% АК ПО РП 63/2017/','2017-12-18 00:00:00','2018-01-05 14:18:04','2018-01-05 12:24:04',0),(2491,1177,1633,1635,1637,1189,144.00,'','Ф-РА 1791/18,12,2017 РП 64/20112017-КОРЕКЦИЯ КАРЕ','2017-12-28 00:00:00','2018-01-05 14:19:03','2018-01-05 12:25:03',0),(2493,1177,1633,1635,1637,1189,2202.66,'','Ф-РА 1789/18,12,2017 РП 64/20112017-ОБЯВА ЗА ТЪРГ','2017-12-28 00:00:00','2018-01-05 14:19:34','2018-01-05 12:25:35',0),(2495,1177,1639,1641,1643,1189,4664.15,'','Ф.1774/14.12.17 РП 65/2017 РК В СП.БЪЛГ.ФЕРМЕР И СП. ХОБИ ФЕРМЕР М.12.2017','2017-12-18 00:00:00','2018-01-05 14:23:22','2018-01-05 12:29:22',0),(2497,1177,1639,1641,1643,1189,58.30,'','Ф-РА 1775/14.12.2017 50% АК ПО РП 65/2017','2017-12-18 00:00:00','2018-01-05 14:23:57','2018-01-05 12:29:57',0),(2499,1177,1645,1647,1649,1189,35092.16,'','Ф.1747/29.11.17 РП 66/2017/ РК PEPPER','2017-11-30 00:00:00','2018-01-05 14:25:04','2018-01-05 12:31:04',0),(2501,1177,1645,1647,1649,1189,438.65,'','Ф-РА 1748/29.11.2017 50% АК ПО РП 66/2017','2017-11-30 00:00:00','2018-01-05 14:25:35','2018-01-05 12:31:36',0),(2503,1177,1669,1671,1673,1189,60.00,'','Ф-РА 1777/14.12.2017 50% АК ПО РП 70/2017/','2017-12-18 00:00:00','2018-01-05 14:30:18','2018-01-05 12:36:18',0),(2505,1177,1669,1671,1673,1189,4800.00,'','Ф-РА 1776/14.12.17 РП 70/2017/РК В СП.МЕНИДЖЪР М.12.2017','2017-12-18 00:00:00','2018-01-05 14:30:51','2018-01-05 12:36:51',0),(2507,1177,1675,1677,1679,1189,4800.00,'','Ф.1778/14.12.2017 РП 71/2017 РК В СП.БАНКЕР СПЕШЪЛ М.12.17','2017-12-18 00:00:00','2018-01-05 14:32:35','2018-01-05 12:38:36',0),(2509,1177,1675,1677,1679,1189,60.00,'','Ф-РА 1779/14.12.2017 50% АК ПО РП 71/2017/','2017-12-18 00:00:00','2018-01-05 14:33:04','2018-01-05 12:39:05',0),(2511,1177,1681,1683,1685,1189,2017.93,'','Ф.1805/02.01.2017 50% АК ПО РП 72/2017/','2018-01-03 00:00:00','2018-01-05 14:35:19','2018-01-05 12:41:20',0),(2513,1177,1681,1683,1685,1189,161434.08,'','Ф-РА 1804/02.01.2018 РП 72/2017/ РК ПК','2018-01-03 00:00:00','2018-01-05 14:36:21','2018-01-05 12:42:22',0),(2515,1177,1687,1689,1691,1189,660.01,'','Ф.1807/02.01.2018 АК РП 72А/2017/','2018-01-03 00:00:00','2018-01-05 14:37:08','2018-01-05 12:43:09',0),(2517,1177,1687,1689,1691,1189,13200.30,'','Ф-РА 1806/02.01.2018 РП 72А РК ОНЛАЙН ЗАЯВКИ ЗА ПК','2018-01-03 00:00:00','2018-01-05 14:37:33','2018-01-05 12:43:33',0),(2645,1177,1245,2625,2641,1187,24000.00,'','\'ДСК-ГОДИШНИ НАГРАДИ ИМОТИ.НЕТ \'','2017-02-13 00:00:00','2018-01-08 10:31:53','2018-01-08 08:37:56',0),(2655,1177,1251,2649,2651,1187,11734.98,'','\'реклама в computerworld ИТ Лидери\'','2017-02-13 00:00:00','2018-01-08 10:38:55','2018-01-08 08:44:58',0),(2663,1177,1257,2657,2659,1187,8237.95,'','\'ф. 1000002603/05.01.2017 рекламен тристен\'','2017-02-13 00:00:00','2018-01-08 10:43:59','2018-01-08 08:50:01',0),(2673,1177,1263,2667,2669,1187,199.68,'','\'Ф. 0004000142/04.01.2017 ПУБЛИКАЦИЯ В.ХАСКОВСКА МАРИЦА\'','2017-03-27 00:00:00','2018-01-08 10:48:41','2018-01-08 08:54:44',0),(2685,1177,1269,2675,2677,1187,6442.38,'','\'Ф. 21055/06.02.2017-обява за търг и реклама в интернет\'','2017-03-02 00:00:00','2018-01-08 11:08:42','2018-01-08 09:14:45',0),(2695,1177,1275,2689,2691,1187,10843.12,'','\'Ф-ра 3012/16.02.2017 \'','2017-02-22 00:00:00','2018-01-08 11:19:59','2018-01-08 09:26:01',0),(2705,1177,1281,2697,2699,1187,11800.00,'','\'Ф-ра 0008/16.02.2017 \'','2017-02-24 00:00:00','2018-01-08 11:34:01','2018-01-08 09:40:04',0),(2707,1177,1281,2697,2699,1187,24252.00,'','\'Ф-ра 1380/16.02.2017 \'','2017-02-14 00:00:00','2018-01-08 11:34:50','2018-01-08 09:40:53',0),(2717,1177,1287,2711,2713,1189,1440.00,'','\'ПРОФ. 3082/2.02.2017 ДСК -В. СТАНДАРТ\'','2017-03-15 00:00:00','2018-01-08 11:45:59','2018-01-08 09:52:01',0),(2725,1177,1293,2719,2721,1187,3960.00,'','\'Ф. ДСК\'','2017-03-24 00:00:00','2018-01-08 12:44:14','2018-01-08 10:50:17',0),(2733,1177,1299,2727,2729,1187,899.25,'','\'Ф.21136 И КИ 21201 ДСК ПЕЧАТНА РЕКЛАМА\'','2017-03-27 00:00:00','2018-01-08 12:49:25','2018-01-08 10:55:27',0),(2741,1177,1305,2735,2737,1187,921.83,'','\'Ф.21137 И КИ 21200 ДСК ПЕЧАТНА РЕКЛАМА\'','2017-03-27 00:00:00','2018-01-08 12:59:13','2018-01-08 11:05:16',0),(2749,1177,1311,2743,2745,1189,9388.97,'','\'Ф-ра ДСК\'','2017-03-14 00:00:00','2018-01-08 13:04:21','2018-01-08 11:10:24',0),(2759,1177,1317,2751,2753,1189,21263.78,'','\'Ф.1000002645/13.03.2017 ДСК ПОТР. НРЕДИТИ\'','2017-03-24 00:00:00','2018-01-08 13:12:33','2018-01-08 11:18:36',0),(2761,1177,1317,2751,2753,1187,11265.58,'','\'Ф.1000002646/13.03.2017 ДСК-ПОТР.КРЕДИТИ\'','2017-03-25 00:00:00','2018-01-08 13:13:08','2018-01-08 11:19:11',0),(2771,1177,1317,2765,2767,1187,7627.74,'','\'Ф-ра 4000009032/20.03.2017 ДСК ПОТР.КРЕДИТИ\'','2017-03-24 00:00:00','2018-01-08 13:17:28','2018-01-08 11:23:31',0),(2791,1177,1317,2785,2787,1187,8525.95,'','\'Ф. 4000004034/22.03.2017 ДСК-ПОТР.КРЕДИТИ\'','2017-03-24 00:00:00','2018-01-08 13:46:52','2018-01-08 11:08:41',0),(2799,1177,1317,2793,2795,1187,4800.04,'','\'ПРОФ.23 - ПОТРЕБИТЕЛСКИ КРЕДИТИ ИНТЕРНЕТ РЕКЛАМА\'','2017-03-24 00:00:00','2018-01-08 14:04:36','2018-01-08 12:10:39',0),(2807,1177,1317,2801,2803,1187,1801.44,'','\'Ф-ра 6272/14.03.2017 ДСК ПОТР. КРЕДИТИ\'','2017-03-24 00:00:00','2018-01-08 14:08:19','2018-01-08 12:14:22',0),(2815,1177,1317,2809,2811,1187,757.10,'','\'АВАНСОВО ДСК\'','2017-03-24 00:00:00','2018-01-08 14:14:15','2018-01-08 12:20:18',0),(2823,1177,1317,2817,2819,1187,2323.52,'','\'Ф.167/07.03.2017 ДСК ПОТРЕБ. КРЕДИТИ\'','2017-03-24 00:00:00','2018-01-08 14:18:53','2018-01-08 12:24:56',0),(2831,1177,1317,2825,2827,1187,22296.46,'','\'Ф.1649/15.03.2017 ДСК-ПОТР.КРЕДИТИ\'','2017-03-24 00:00:00','2018-01-08 14:25:36','2018-01-08 12:31:39',0),(2841,1177,1317,2833,2835,1187,8017.34,'','\'Ф.8110/20.03.2017 ДСК ИНТЕРНЕТ РЕКЛАМА\'','2017-03-20 00:00:00','2018-01-08 14:41:10','2018-01-08 12:47:13',0),(2843,1177,1317,2833,2835,1187,4341.69,'','\'АВАНСОВО ДСК ИНТЕРНЕТ РЕКЛАМА\'','2017-03-24 00:00:00','2018-01-08 14:42:03','2018-01-08 12:48:06',0),(2853,1177,1317,2847,2849,1187,1184.40,'','\'Ф.2090/22.03.2017 ДСК ПОТР.КРЕДИТИ\'','2017-03-24 00:00:00','2018-01-08 14:45:28','2018-01-08 12:51:31',0),(2861,1177,1323,2855,2857,1187,11097.91,'','\'АВАНСОВО ПОТРЕБИТЕЛСКИ КРЕДИТИ\'','2017-03-24 00:00:00','2018-01-08 14:50:26','2018-01-08 12:56:29',0),(2875,1177,1323,2869,2871,1187,1527.16,'','\'АВАНСОВО ДСК\'','2017-03-24 00:00:00','2018-01-08 14:56:30','2018-01-08 13:02:33',0),(2905,1177,1329,2899,2901,1187,1807.20,'','\'Ф. 0100000145/15.03.2017 \'','2017-03-28 00:00:00','2018-01-08 16:29:31','2018-01-08 14:35:34',0),(2913,1177,1329,2907,2909,1187,1381.54,'','\'АВАНСОВО ДСК\'','2017-03-24 00:00:00','2018-01-08 16:33:19','2018-01-08 14:39:22',0),(2921,1177,1329,2915,2917,1187,12462.32,'','\'АВАНСОВО ДСК\'','2017-03-24 00:00:00','2018-01-08 16:38:17','2018-01-08 14:44:20',0),(2929,1177,1329,2923,2925,1187,4800.00,'','\'ПРОФ.22/22.03.2017 ДСК ИНТЕРНЕТ РЕКЛАМА\'','2017-03-24 00:00:00','2018-01-08 16:41:49','2018-01-08 14:47:52',0),(2937,1177,1329,2931,2933,1187,2978.75,'','\'Ф-ра 6277/16.03.2017 ДСК ИНТЕРНЕТ РЕКЛАМА\'','2017-03-24 00:00:00','2018-01-08 16:44:30','2018-01-08 14:50:33',0),(2945,1177,1329,2939,2941,1187,729.73,'','\'АВАНСОВО ДСК\'','2017-03-24 00:00:00','2018-01-08 16:46:50','2018-01-08 14:52:53',0),(2961,1177,1329,2955,2957,1187,12936.00,'','\'ф. 7000001269/17.03.2017 ДСК КИНОРЕКЛАМА\'','2017-03-24 00:00:00','2018-01-08 16:54:15','2018-01-08 15:00:19',0),(2969,1177,1329,2963,2965,1187,2426.76,'','\'АВАНСОВА ДСК\'','2017-03-24 00:00:00','2018-01-08 16:57:37','2018-01-08 15:03:40',0),(2977,1177,1329,2971,2973,1187,10666.70,'','\'АВАНСОВО ДСК\'','2017-03-24 00:00:00','2018-01-08 17:00:21','2018-01-08 15:06:24',0),(2985,1177,1335,2979,2981,1187,871.94,'','\'Ф.21249/27,03,2017 ДСК\'','2017-09-19 00:00:00','2018-01-08 17:19:50','2018-01-08 15:25:53',0),(2999,1177,1341,2987,2989,1187,1236.67,'','Ф.2014/27.01,21256/27.03,21250/27.0 ДСК\'','2017-04-28 00:00:00','2018-01-09 10:23:21','2018-01-09 08:29:25',0),(3001,1177,1341,2987,2989,1187,5433.12,'','Ф.2014/27.01,21256/27.03,21250/27.0 ДСК\'','2017-04-28 00:00:00','2018-01-09 10:40:11','2018-01-09 08:46:15',0),(3009,1177,1347,3003,3005,1187,1843.20,'','\'ПРОФ.Ф. 27/21.04.2017 ДСК\'','2017-05-15 00:00:00','2018-01-09 11:07:19','2018-01-09 09:13:23',0),(3019,1177,1347,3013,3015,1187,7218.50,'','\'Ф. 7978/27.04.2017 ДСК\'','2017-05-15 00:00:00','2018-01-09 11:10:52','2018-01-09 09:16:55',0),(3029,1177,1347,3023,3025,1187,720.00,'','\'Ф. 416/19.04.2017 ДСК\'','2017-05-15 00:00:00','2018-01-09 11:15:31','2018-01-09 09:21:35',0),(3039,1177,1347,3033,3035,1187,15717.40,'','Ф. 0796122249/15.05.2017 ДСК\'','2017-05-16 00:00:00','2018-01-09 11:20:34','2018-01-09 09:26:38',0),(3047,1177,1347,3041,3043,1187,4165.92,'','\'Ф. 1670/10.04.2017 \'','2017-05-15 00:00:00','2018-01-09 11:24:00','2018-01-09 09:30:03',0),(3055,1177,1347,3049,3051,1187,20207.64,'','\'Ф-ра 4000009105/07.04.2017 ДСК\'','2017-05-15 00:00:00','2018-01-09 11:26:44','2018-01-09 09:32:47',0),(3065,1177,1353,3057,3059,1187,776.00,'','\'Ф.21412,21306 и КИ 21512 ДСК\'','2017-06-22 00:00:00','2018-01-09 12:08:46','2018-01-09 10:14:50',0),(3067,1177,1353,3057,3059,1187,1405.44,'','\'Ф.21412,21306 и КИ 21512 ДСК\'','2017-06-22 00:00:00','2018-01-09 12:09:39','2018-01-09 10:15:43',0),(3075,1177,1359,3069,3071,1187,776.66,'','\'Ф. 21352/21.04. И КИ ДСК\'','2017-05-26 00:00:00','2018-01-09 12:14:24','2018-01-09 10:20:28',0),(3095,1177,1365,3077,3079,1187,18340.08,'','\'Ф. 21498 И КИ 21501 ДСК\'','2017-05-19 00:00:00','2018-01-09 12:35:43','2018-01-09 10:41:47',0),(3097,1177,1365,3077,3079,1187,9358.69,'','\'Ф. 21494 И КИ 21507 ДСК\'','2017-05-19 00:00:00','2018-01-09 12:37:36','2018-01-09 10:43:40',0),(3099,1177,1365,3077,3079,1187,36378.43,'','\'Ф. 21495 И КИ 21508 ДСК\'','2017-05-19 00:00:00','2018-01-09 12:39:14','2018-01-09 10:45:18',0),(3101,1177,1365,3077,3079,1187,12242.40,'','\'Ф. 21492 И КИ 21515 ДСК\'','2017-05-19 00:00:00','2018-01-09 12:43:17','2018-01-09 10:49:20',0),(3103,1177,1365,3077,3079,1187,164647.04,'','\'Ф. 21497 И КИ 21499 ДСК\'','2017-05-19 00:00:00','2018-01-09 12:44:16','2018-01-09 10:50:20',0),(3105,1177,1365,3077,3079,1187,6373.19,'','\'Ф. 21491/16.05.2017 ДСК\'','2017-05-19 00:00:00','2018-01-09 12:45:07','2018-01-09 10:51:11',0),(3107,1177,1365,3077,3079,1187,28860.25,'','\'Ф. 21493 И КИ 21506 ДСК\'','2017-05-19 00:00:00','2018-01-09 12:46:10','2018-01-09 10:52:14',0),(3115,1177,1365,3109,3111,1187,19855.58,'','\'Ф. 1000002692/11.05.2017 ДСК\'','2017-05-19 00:00:00','2018-01-09 12:54:03','2018-01-09 11:00:06',0),(3125,1177,1365,3119,3121,1187,12289.45,'','\'РЕКЛАМА - ДСК \'','2017-05-19 00:00:00','2018-01-09 14:15:08','2018-01-09 12:21:11',0),(3133,1177,1365,3127,3129,1187,1995.84,'','\'Ф-ра 6410/05.05.2017 ДСК\'','2017-05-19 00:00:00','2018-01-09 14:17:44','2018-01-09 12:23:48',0),(3141,1177,1365,3135,3137,1187,6000.00,'','\'Ф. 465/02.05.2017 ДСК\'','2017-05-19 00:00:00','2018-01-09 14:20:27','2018-01-09 12:26:31',0),(3153,1177,1365,3145,3147,1187,955.50,'','\'Ф. 0100000205/15.05.2017 ДСК\'','2017-05-19 00:00:00','2018-01-09 14:25:04','2018-01-09 12:31:08',0),(3155,1177,1365,3145,3147,1187,2442.00,'','\'Ф. 616/12.05.2016 ДСК\'','2027-05-19 00:00:00','2018-01-09 14:26:02','2018-01-09 12:32:06',0),(3163,1177,1365,3157,3159,1187,462.86,'','\'Ф. 13408/30.06.2017 \'','2017-07-06 00:00:00','2018-01-09 14:30:56','2018-01-09 12:37:00',0),(3173,1177,1365,3167,3169,1187,2300.05,'','Ф. 3853/16.05.2017 ДСК\'','2017-05-19 00:00:00','2018-01-09 14:34:05','2018-01-09 12:40:09',0),(3181,1177,1365,3175,3177,1187,12936.00,'','\'ф-ра 5000001044/05.05.2017 ДСК\'','2017-05-19 00:00:00','2018-01-09 14:36:27','2018-01-09 12:42:31',0),(3189,1177,1365,3183,3185,1187,1784.16,'','Ф.4056/11.05.2017 ДСК\'','2017-05-19 00:00:00','2018-01-09 14:39:23','2018-01-09 12:45:27',0),(3199,1177,1365,3193,3195,1187,928.11,'','\'Ф. 34/17.05.2017 ДСК\'','2017-05-19 00:00:00','2018-01-09 14:42:07','2018-01-09 12:48:11',0),(3209,1177,1365,3203,3205,1187,1070.17,'','\'ПРОФ. 11535/16.04.2017 ДСК\'','2017-05-22 00:00:00','2018-01-09 14:45:58','2018-01-09 12:52:02',0),(3217,1177,1365,3211,3213,1187,18988.51,'','\'Ф. 8343/05.05.2017 ДСК\'','2017-05-19 00:00:00','2018-01-09 14:48:54','2018-01-09 12:54:58',0),(3227,1177,1365,3221,3223,1187,2400.00,'','\'Ф. ПРОФ. 262/11.05.2017 ДСК\'','2017-05-19 00:00:00','2018-01-09 14:52:22','2018-01-09 12:58:26',0),(3237,1177,1371,3229,3231,1187,833.50,'','\'Ф.21400/28.04.2017 ДСК\'','2017-05-26 00:00:00','2018-01-09 14:56:58','2018-01-09 13:03:02',0),(3239,1177,1371,3229,3231,1187,1384.56,'','\'Ф. 21346/20.04.2017 И КИ ДСК\'','2017-05-26 00:00:00','2018-01-09 14:58:05','2018-01-09 13:04:09',0),(3247,1177,1379,3241,3243,1187,206.64,'','\'Ф.21361/24.04.2017 И КИ ДСК\'','2017-05-26 00:00:00','2018-01-09 15:24:39','2018-01-10 07:45:35',0),(3255,1177,1385,3249,3251,1187,305.96,'','\'Ф. 21381/26,04,2017 И КРЕДИТНО ДСК\'','2017-07-13 00:00:00','2018-01-09 15:29:10','2018-01-09 13:35:14',0),(3267,1177,1391,3257,3259,1187,2886.80,'','\'Ф. 21496 И КИ 21509 ДСК\'','2017-05-19 00:00:00','2018-01-09 16:18:24','2018-01-09 14:24:28',0),(3269,1177,1391,3257,3259,1187,15229.20,'','\'Ф. 21484 И КИ 21490 ДСК\'','2017-05-19 00:00:00','2018-01-09 16:19:43','2018-01-09 14:25:47',0),(3271,1177,1391,3257,3259,1187,106394.17,'','\'Ф. 21483 И КИ 21500 ДСК\'','2017-05-19 00:00:00','2018-01-09 16:20:47','2018-01-09 14:26:51',0),(3279,1177,1391,3273,3275,1187,28891.52,'','Ф. 1000002693/11.05.2017 ДСК\'','2017-05-19 00:00:00','2018-01-09 16:25:06','2018-01-09 14:31:10',0),(3287,1177,1391,3281,3283,1187,12086.50,'','\'РЕКЛАМА-ДСК \'','2017-05-19 00:00:00','2018-01-09 16:31:22','2018-01-09 14:37:26',0),(3295,1177,1391,3289,3291,1187,4800.04,'','\'Ф. 810/15.05.2017 ДСК\'','2017-05-19 00:00:00','2018-01-09 16:46:40','2018-01-09 14:52:44',0),(3303,1177,1391,3297,3299,1187,1651.32,'','\'Ф-ра 6409/05.05.2017 ДСК\'','2017-05-19 00:00:00','2018-01-09 16:50:41','2018-01-09 14:56:45',0),(3311,1177,1391,3305,3307,1187,361.45,'','\'Ф. 13174/31.05.2017 ДСК\'','2017-06-05 00:00:00','2018-01-09 16:55:34','2018-01-09 15:01:38',0),(3319,1177,1391,3313,3315,1187,1580.04,'','\'Ф. 4000320/17.05.2017 ДСК\'','2017-05-19 00:00:00','2018-01-09 17:07:34','2018-01-09 15:13:38',0),(3327,1177,1391,3321,3323,1187,11760.00,'','\'ф-ра 5000001045/05.05.2017 ДСК\'','2017-05-19 00:00:00','2018-01-09 17:09:42','2018-01-09 15:15:46',0),(3335,1177,1391,3329,3331,1187,2400.00,'','\'Ф. ПРОФ. 262/11.05.2017 ДСК\'','2017-05-19 00:00:00','2018-01-09 17:15:38','2018-01-09 15:21:42',0),(3343,1177,1391,3337,3339,1187,4899.24,'','\'8342/05.05.2017 ДСК\'','2017-05-19 00:00:00','2018-01-09 17:18:33','2018-01-09 15:24:37',0),(3351,1177,1391,3345,3347,1187,1855.56,'','\'Ф.2146/02.05.2017 ДСК\'','2017-05-19 00:00:00','2018-01-09 17:21:28','2018-01-09 15:27:32',0),(3393,1177,1365,3077,3079,1187,-187.18,'','\'Ф. 21494 И КИ 21507 ДСК\'','2017-05-19 00:00:00','2018-01-10 10:23:33','2018-01-10 08:29:38',0),(3397,1177,1365,3077,3079,1187,-727.57,'','\'Ф. 21495 И КИ 21508 ДСК\'','2017-05-19 00:00:00','2018-01-10 10:24:41','2018-01-10 08:30:46',0),(3401,1177,1365,3077,3079,1187,-577.20,'','\'Ф. 21493 И КИ 21506 ДСК\'','2017-05-19 00:00:00','2018-01-10 10:25:41','2018-01-10 08:31:46',0),(3405,1177,1365,3077,3079,1187,-367.27,'','\'Ф. 21492 И КИ 21515 ДСК\'','2017-05-19 00:00:00','2018-01-10 10:26:59','2018-01-10 08:33:04',0),(3409,1177,1365,3077,3079,1187,-3413.47,'','\'Ф. 21498 И КИ 21501 ДСК\'','2017-05-19 00:00:00','2018-01-10 10:28:07','2018-01-10 08:34:12',0),(3413,1177,1365,3077,3079,1187,-12184.50,'','\'Ф. 21497 И КИ 21499 ДСК\'','2017-05-19 00:00:00','2018-01-10 10:29:01','2018-01-10 08:35:06',0),(3417,1177,1371,3229,3231,1187,-41.51,'','\'Ф. 21346/20.04.2017 И КИ ДСК\'','2017-05-26 00:00:00','2018-01-10 10:32:11','2018-01-10 08:38:16',0),(3423,1177,1379,3241,3243,1187,-6.20,'','\'Ф.21361/24.04.2017 И КИ ДСК\'','2017-05-26 00:00:00','2018-01-10 10:46:09','2018-01-10 08:52:14',0),(3427,1177,1385,3249,3251,1187,-9.18,'','\'Ф. 21381/26,04,2017 И КРЕДИТНО ДСК\'','2017-07-13 00:00:00','2018-01-10 10:49:01','2018-01-10 08:55:06',0),(3431,1177,1391,3257,3259,1187,-57.73,'','\'Ф. 21496 И КИ 21509 ДСК\'','2017-05-19 00:00:00','2018-01-10 10:51:02','2018-01-10 08:57:07',0),(3435,1177,1391,3257,3259,1187,-3028.20,'','\'Ф. 21484 И КИ 21490 ДСК\'','2017-05-19 00:00:00','2018-01-10 10:52:01','2018-01-10 08:58:06',0),(3439,1177,1391,3257,3259,1187,-7983.71,'','\'Ф. 21483 И КИ 21500 ДСК\'','2017-05-19 00:00:00','2018-01-10 10:52:55','2018-01-10 08:59:00',0),(3457,1177,1397,3441,3443,1187,9153.29,'','\'Ф.21617,21618,21619 ДСК\'','2017-06-14 00:00:00','2018-01-10 11:15:05','2018-01-10 09:21:10',0),(3459,1177,1397,3441,3443,1187,111458.14,'','\'Ф.21617,21618,21619 ДСК\'','2017-06-14 00:00:00','2018-01-10 11:15:35','2018-01-10 09:21:40',0),(3461,1177,1397,3441,3443,1187,20009.95,'','\'Ф.21617,21618,21619 ДСК\'','2017-06-14 00:00:00','2018-01-10 11:16:08','2018-01-10 09:22:12',0),(3469,1177,1397,3463,3465,1187,2464.34,'','Ф. 2710/05,06,2017 ДСК-27\'','2017-06-05 00:00:00','2018-01-10 11:26:18','2018-01-10 09:32:22',0),(3477,1177,1397,3471,3473,1187,8525.95,'','\'АВАНСОВО ПЛАЩАНЕ ДСК - 27\'','2017-06-14 00:00:00','2018-01-10 11:29:41','2018-01-10 09:35:46',0),(3485,1177,1397,3479,3481,1187,2400.00,'','\'Ф. 812/15.05.2017 ДСК\'','2017-06-11 00:00:00','2018-01-10 11:32:37','2018-01-10 08:39:45',0),(3493,1177,1397,3487,3489,1187,2099.06,'','\'Ф-ра 6432/15,05,2017 ДСК -27\'','2017-06-14 00:00:00','2018-01-10 11:42:00','2018-01-10 09:48:05',0),(3509,1177,1397,3503,3505,1187,2592.00,'','Ф.4071/30,05,2017 ДСК - 27\'','2017-06-14 00:00:00','2018-01-10 12:04:15','2018-01-10 10:10:19',0),(3517,1177,1397,3511,3513,1187,9739.44,'','\'Ф.8454/31,05,2017 ДСК - 27\'','2017-06-14 00:00:00','2018-01-10 12:08:48','2018-01-10 10:14:52',0),(3525,1177,1403,3519,3521,1187,3661.31,'','\'Ф-ра 9334/13,06,2017 ДСК - 28\'','2017-06-14 00:00:00','2018-01-10 12:11:43','2018-01-10 10:17:48',0),(3549,1177,1403,3527,3529,1187,1635.86,'','\'Ф.21623/05,06,2017 ДСК\'','2017-08-15 00:00:00','2018-01-10 12:18:15','2018-01-10 10:24:20',0),(3551,1177,1403,3527,3529,1187,24470.80,'','\'Ф.21687 И КИ ДСК БИЗНЕС\'','2017-06-21 00:00:00','2018-01-10 12:19:14','2018-01-10 10:25:19',0),(3553,1177,1403,3527,3529,1187,71020.63,'','\'Ф.21620, 21621, 21640 И КРЕДИТНИ ДСК - 28\'','2017-06-14 00:00:00','2018-01-10 12:20:27','2018-01-10 10:26:32',0),(3555,1177,1403,3527,3529,1187,0.00,'','\'Ф.21620, 21621, 21640 И КРЕДИТНИ ДСК - 28\'','2017-06-14 00:00:00','2018-01-10 12:21:02','2018-01-10 10:27:07',0),(3557,1177,1403,3527,3529,1187,0.00,'','\'Ф.21620, 21621, 21640 И КРЕДИТНИ ДСК - 28\'','2017-06-14 00:00:00','2018-01-10 12:22:00','2018-01-10 10:28:05',0),(3559,1177,1403,3527,3529,1187,0.00,'','\'Ф.21620, 21621, 21640 И КРЕДИТНИ ДСК - 28\'','2017-06-14 00:00:00','2018-01-10 12:22:54','2018-01-10 10:28:59',0),(3561,1177,1403,3527,3529,1187,0.00,'','\'Ф.21620, 21621, 21640 И КРЕДИТНИ ДСК - 28\'','2017-06-14 00:00:00','2018-01-10 12:23:20','2018-01-10 10:29:25',0),(3563,1177,1403,3527,3529,1187,0.00,'','\'Ф.21620, 21621, 21640 И КРЕДИТНИ ДСК - 28\'','2017-06-14 00:00:00','2018-01-10 12:23:49','2018-01-10 10:29:53',0),(3565,1177,1403,3527,3529,1187,0.00,'','\'Ф.21620, 21621, 21640 И КРЕДИТНИ ДСК - 28\'','2017-06-14 00:00:00','2018-01-10 12:24:17','2018-01-10 10:30:22',0),(3575,1177,1403,3569,3571,1187,660.00,'','Ф.2711/05,06,2017 ДСК\'','2017-08-15 00:00:00','2018-01-10 12:29:23','2018-01-10 10:35:27',0),(3579,1177,1403,3569,3571,1187,4928.69,'','Ф. 2709/05,06,2017 ДСК - 28\'','2017-06-14 00:00:00','2018-01-10 12:31:05','2018-01-10 10:37:10',0),(3587,1177,1403,3581,3583,1187,4803.84,'','\'проф.29/21,06,2017 ДСК бизнес\'','2017-06-21 00:00:00','2018-01-10 12:34:26','2018-01-10 10:40:31',0),(3595,1177,1403,3589,3591,1187,3459.00,'','\'Ф-ра 6487/05,06,2017 дск бизнес\'','2017-06-21 00:00:00','2018-01-10 12:37:01','2018-01-10 10:43:06',0),(3603,1177,1403,3597,3599,1187,840.59,'','\'Ф. 13629/31,07,2017 ДСК\'','2017-08-03 00:00:00','2018-01-10 12:38:53','2018-01-10 10:44:58',0),(3611,1177,1403,3605,3607,1187,2323.52,'','Ф.216/15,05,2017 ДСК - 28\'','2017-06-14 00:00:00','2018-01-10 12:41:15','2018-01-10 10:47:20',0),(3619,1177,1403,3613,3615,1187,27448.12,'','Ф. 1716/12,06,2017 ДСК - 28\'','2017-06-14 00:00:00','2018-01-10 12:43:29','2018-01-10 10:49:34',0),(3627,1177,1403,3621,3623,1187,10613.16,'','\'ф. 8489/05,06,2017 дск бизнес\'','2017-06-21 00:00:00','2018-01-10 12:47:27','2018-01-10 10:53:32',0),(3635,1177,1403,3629,3631,1187,1713.60,'','Ф. 3021/21,06,2017 дск бизнес\'','2017-06-21 00:00:00','2018-01-10 12:50:34','2018-01-10 10:56:38',0),(3643,1177,1403,3637,3639,1187,2297.10,'','Ф. 1676/19,06,2017 дск бизнес\'','2017-06-21 00:00:00','2018-01-10 12:53:14','2018-01-10 10:59:19',0),(3679,1177,1409,3673,3675,1187,2094.35,'','\'Ф-ра 6511/20,06,2017 Реклама ДСК\'','2017-07-11 00:00:00','2018-01-10 13:57:36','2018-01-10 12:03:41',0),(3687,1177,1409,3681,3683,1187,670.48,'','\'Ф. 13628/31,07,2017 \'','2017-08-03 00:00:00','2018-01-10 13:59:53','2018-01-10 12:05:57',0),(3695,1177,1409,3689,3691,1187,2323.52,'','Ф.248/07,06,2017 ДСК\'','2017-07-11 00:00:00','2018-01-10 14:02:24','2018-01-10 12:08:29',0),(3703,1177,1409,3697,3699,1187,2629.00,'','\'Ф.4101/30,06,2017 ДСК\'','2017-07-11 00:00:00','2018-01-10 14:04:51','2018-01-10 12:10:56',0),(3711,1177,1409,3705,3707,1187,10594.20,'','\'Ф. 8525/27,06,2017 ДСК\'','2017-07-11 00:00:00','2018-01-10 14:07:02','2018-01-10 12:13:07',0),(3719,1177,1415,3713,3715,1187,3285.79,'','\'ЗАЯВКА-ДОГОВОР ДСК\'','2017-07-04 00:00:00','2018-01-10 15:05:12','2018-01-10 13:11:17',0),(3731,1177,1421,3721,3723,1187,2029.91,'','\'Ф. 21622/05,06 Ф.21689/20,06, И КИ ДСК\'','2017-07-13 00:00:00','2018-01-10 15:08:48','2018-01-10 13:14:53',0),(3733,1177,1421,3721,3723,1187,0.00,'','\'Ф. 21622/05,06 Ф.21689/20,06, И КИ ДСК\'','2017-07-13 00:00:00','2018-01-10 15:09:22','2018-01-10 13:15:26',0),(3735,1177,1421,3721,3723,1187,0.00,'','\'Ф. 21622/05,06 Ф.21689/20,06, И КИ ДСК\'','2017-07-13 00:00:00','2018-01-10 15:09:48','2018-01-10 13:15:52',0),(3743,1177,1421,3737,3739,1187,439.30,'','Ф. 698/25,05,2017 ДСК\'','2017-07-13 00:00:00','2018-01-10 15:12:58','2018-01-10 13:19:03',0),(3773,1177,1427,3767,3769,1187,4928.69,'','Ф..2741/04,07,2017 ДСК\'','2017-07-11 00:00:00','2018-01-11 14:23:56','2018-01-11 12:30:02',0),(3781,1177,1427,3775,3777,1187,10056.83,'','\'Ф. 5211/27,06,2017 ДСК\'','2017-07-11 00:00:00','2018-01-11 14:28:12','2018-01-11 12:34:18',0),(3791,1177,1427,3783,3785,1187,1924.30,'','\'Ф. 854 И 858 ДСК\'','2017-07-11 00:00:00','2018-01-11 14:32:14','2018-01-11 12:38:19',0),(3793,1177,1427,3783,3785,1187,0.00,'','\'Ф. 854 И 858 ДСК\'','2017-07-11 00:00:00','2018-01-11 14:32:38','2018-01-11 12:38:43',0),(3801,1177,1427,3795,3797,1187,1663.20,'','\'Ф-ра 6503/14,06,2017 Реклама ДСК\'','2017-07-11 00:00:00','2018-01-11 14:36:01','2018-01-11 12:42:07',0),(3809,1177,1427,3803,3805,1187,267.11,'','\'Ф. 13627/31,07,2017 ДСК\'','2017-08-03 00:00:00','2018-01-11 14:39:05','2018-01-11 12:45:11',0),(3819,1177,1427,3813,3815,1187,6030.00,'','Ф. 426/06,06,2017 ДСК\'','2017-07-11 00:00:00','2018-01-11 14:42:56','2018-01-11 12:49:02',0),(3827,1177,1427,3821,3823,1187,9878.40,'','\'ф-ра 855/30,06,2017 ДСК\'','2017-07-11 00:00:00','2018-01-11 14:46:07','2018-01-11 12:52:13',0),(3835,1177,1427,3829,3831,1187,1404.00,'','\'Ф.4102/30,06,2017 ДСК\'','2017-07-11 00:00:00','2018-01-11 14:48:28','2018-01-11 12:54:33',0),(3843,1177,1427,3837,3839,1187,891.82,'','\'Ф. 1372/23,06,2017 ДСК\'','2017-07-11 00:00:00','2018-01-11 14:51:07','2018-01-11 12:57:13',0),(3851,1177,1427,3845,3847,1187,3898.30,'','\'Ф. 8523/27,06,2017 ДСК\'','2017-07-11 00:00:00','2018-01-11 14:53:03','2018-01-11 12:59:08',0),(3859,1177,1433,3853,3855,1187,5186.86,'','\'Ф-ра 9332/13,06,2017 ДСК\'','2017-07-11 00:00:00','2018-01-11 14:57:43','2018-01-11 13:03:48',0),(3891,1177,1433,3885,3887,1187,8525.95,'','Ф.4528/04,07,2017 ДСК\'','2017-07-11 00:00:00','2018-01-11 15:09:13','2018-01-11 13:15:18',0),(3899,1177,1433,3893,3895,1187,6240.00,'','\'Ф.845/28,06,2017 ДСК\'','2017-07-11 00:00:00','2018-01-11 15:12:08','2018-01-11 13:18:14',0),(3907,1177,1433,3901,3903,1187,2376.00,'','\'Ф-ра 326500/13,06,2017 Реклама ДСК\'','2017-07-11 00:00:00','2018-01-11 15:14:24','2018-01-11 13:20:29',0),(3915,1177,1433,3909,3911,1187,567.89,'','\'Ф. 13409/30,06,2017 ДСК\'','2017-07-11 00:00:00','2018-01-11 15:17:08','2018-01-11 13:23:14',0),(3923,1177,1433,3917,3919,1187,1161.76,'','Ф.247/06,06,2017 ДСК\'','2017-07-11 00:00:00','2018-01-11 15:21:04','2018-01-11 13:27:10',0),(3933,1177,1433,3927,3929,1187,2265.41,'','\'Ф. 151/03,07,2017 \'','2017-07-11 00:00:00','2018-01-11 15:24:04','2018-01-11 13:30:10',0),(3941,1177,1433,3935,3937,1187,23082.71,'','\'Ф.1715/12,06,2017 ДСК\'','2017-07-11 00:00:00','2018-01-11 15:26:05','2018-01-11 13:32:11',0),(3951,1177,1433,3943,3947,1187,6696.00,'','\'Ф. 8524/27,06,2017 ДСК\'','2017-07-11 00:00:00','2018-01-11 15:28:32','2018-01-11 13:34:38',0),(3959,1177,1433,3953,3955,1187,2842.56,'','\'Ф.2204,19,06,2017 ДСК\'','2017-07-11 00:00:00','2018-01-11 15:32:44','2018-01-11 13:38:49',0),(3967,1177,1433,3961,3963,1187,1555.20,'','\'Ф. 3017/19,06,2017 ДСК\'','2017-07-11 00:00:00','2018-01-11 15:35:14','2018-01-11 13:41:20',0),(3977,1177,1439,3971,3973,1187,1440.00,'','\'Ф.326/05.06.2017 ДСК\'','2017-07-04 00:00:00','2018-01-11 15:38:27','2018-01-11 13:44:33',0),(3991,1177,1445,3979,3981,1187,139932.00,'','\'Ф. 22063 и КИ 22064 ДСК\'','2017-09-26 00:00:00','2018-01-11 15:47:52','2018-01-11 13:53:58',0),(3993,1177,1445,3979,3981,1187,0.00,'','\'Ф. 22063 и КИ 22064 ДСК\'','2017-09-26 00:00:00','2018-01-11 15:48:29','2018-01-11 13:54:35',0),(3995,1177,1445,3979,3981,1187,21620.53,'','\'Ф. 22067 и КИ 22068 ДСК\'','2017-09-26 00:00:00','2018-01-11 15:49:48','2018-01-11 13:55:54',0),(3997,1177,1445,3979,3981,1187,0.00,'','\'Ф. 22067 и КИ 22068 ДСК\'','2017-09-26 00:00:00','2018-01-11 15:50:17','2018-01-11 13:56:23',0),(4015,1177,1451,4005,4007,1187,809.68,'','\'Ф.21863/31,07,2017 ДСК\'','2017-08-15 00:00:00','2018-01-11 15:57:28','2018-01-11 14:03:34',0),(4017,1177,1451,4005,4007,1187,1405.44,'','\'Ф.21850/31,07,2017 ДСК\'','2017-08-15 00:00:00','2018-01-11 15:58:35','2018-01-11 14:04:40',0),(4029,1177,1457,4019,4021,1187,305.96,'','\'Ф.21859/31,07,2017 ДСК\'','2017-08-15 00:00:00','2018-01-11 16:25:34','2018-01-11 14:31:40',0),(4039,1177,1463,4031,4033,1187,148.55,'','\'Ф.21860/31,07,2017 ДСК\'','2017-08-15 00:00:00','2018-01-11 16:33:38','2018-01-11 14:39:44',0),(4049,1177,1469,4041,4043,1187,0.44,'','\'Ф. 21861/31,07,2017 ДСК\'','2017-09-19 00:00:00','2018-01-11 16:38:11','2018-01-11 14:44:17',0),(4061,1177,1481,4053,4055,1187,206.64,'','\'ф. 21864/31,07,2017 ДСК\'','2017-08-30 00:00:00','2018-01-11 16:51:51','2018-01-11 14:57:57',0),(4075,1177,1487,4063,4065,1187,2100.17,'','\'Ф. 22126 КИ 22127 И КИ 22129 ДСК\'','2017-11-07 00:00:00','2018-01-11 16:56:55','2018-01-11 15:03:01',0),(4077,1177,1487,4063,4065,1187,0.00,'','\'Ф. 22126 КИ 22127 И КИ 22129 ДСК\'','2017-11-07 00:00:00','2018-01-11 16:57:21','2018-01-11 15:03:27',0),(4079,1177,1487,4063,4065,1187,0.00,'','\'Ф. 22126 КИ 22127 И КИ 22129 ДСК\'','2017-11-07 00:00:00','2018-01-11 16:57:43','2018-01-11 15:03:49',0),(4087,1177,1487,4081,4083,1187,439.30,'','\'Ф. 950/25.08.2017 ДСК\'','2017-11-07 00:00:00','2018-01-11 17:02:44','2018-01-11 15:08:49',0),(4103,1177,1499,4091,4093,1187,1971.43,'','\'Ф. 22122, 22118 И КРЕДИТНИ ДСК - ОБЯВИ\'','2017-10-10 00:00:00','2018-01-11 17:27:06','2018-01-11 15:33:12',0),(4105,1177,1499,4091,4093,1187,0.00,'','\'Ф. 22122, 22118 И КРЕДИТНИ ДСК - ОБЯВИ\'','2017-10-10 00:00:00','2018-01-11 17:27:40','2018-01-11 15:33:46',0),(4115,1177,1505,4109,4111,1187,2352.00,'','\'ф-ра 3236/20.09.2017 ДСК\'','2017-09-25 00:00:00','2018-01-12 10:01:48','2018-01-12 08:07:55',0),(4137,1177,1505,4117,4119,1187,1405.80,'','\'Ф. 22057 И КИ 22058 ДСК ПРЕСА\'','2017-09-27 00:00:00','2018-01-12 10:11:16','2018-01-12 08:17:23',0),(4139,1177,1505,4117,4119,1187,0.00,'','\'Ф. 22057 И КИ 22058 ДСК ПРЕСА\'','2017-09-27 00:00:00','2018-01-12 10:11:40','2018-01-12 08:17:47',0),(4141,1177,1505,4117,4119,1187,9746.76,'','\'ф. 22059 И КИ 22060 ДСК-ИНТЕРНЕТ\'','2017-09-27 00:00:00','2018-01-12 10:15:50','2018-01-12 08:21:56',0),(4143,1177,1505,4117,4119,1187,0.00,'','\'ф. 22059 И КИ 22060 ДСК-ИНТЕРНЕТ\'','2017-09-27 00:00:00','2018-01-12 10:16:13','2018-01-12 08:22:20',0),(4145,1177,1505,4117,4119,1187,15732.39,'','\'Ф. 22061 И КИ 22062 ДСК-ВЪНШНА РЕКЛАМА\'','2017-09-27 00:00:00','2018-01-12 10:17:32','2018-01-12 08:23:39',0),(4147,1177,1505,4117,4119,1187,0.00,'','\'Ф. 22061 И КИ 22062 ДСК-ВЪНШНА РЕКЛАМА\'','2017-09-27 00:00:00','2018-01-12 10:17:54','2018-01-12 08:24:01',0),(4149,1177,1505,4117,4119,1187,142616.83,'','\'Ф. 22055 И КИ 22056 ДСК  ТВ РЕКЛАМА\'','2017-09-27 00:00:00','2018-01-12 10:18:45','2018-01-12 08:24:51',0),(4151,1177,1505,4117,4119,1187,0.00,'','\'Ф. 22055 И КИ 22056 ДСК ТВ РЕКЛАМА\'','2017-09-27 00:00:00','2018-01-12 10:19:08','2018-01-12 08:25:15',0),(4159,1177,1505,4153,4155,1187,9294.11,'','Ф. 1000002797/04.10.2017 \'','2017-10-10 00:00:00','2018-01-12 10:30:02','2018-01-12 08:36:09',0),(4163,1177,1505,4153,4155,1187,21263.78,'','Ф. 1000002780/07.09.2017 ДСК\'','2017-09-25 00:00:00','2018-01-12 10:32:07','2018-01-12 08:38:14',0),(4171,1177,1505,4165,4167,1187,8525.95,'','Ф. 4000004778/19.09.2017 ДСК\'','2017-09-25 00:00:00','2018-01-12 10:34:39','2018-01-12 08:40:45',0),(4179,1177,1505,4173,4175,1187,12192.16,'','\'Ф. 0100005359/19.09.2017 ДСК\'','2017-09-25 00:00:00','2018-01-12 10:37:43','2018-01-12 08:43:49',0),(4187,1177,1505,4181,4183,1187,2880.19,'','\'ПРОФОРМА 33/18.09.2017 ДСК\'','2017-09-25 00:00:00','2018-01-12 10:40:28','2018-01-12 08:46:35',0),(4197,1177,1505,4191,4193,1187,1534.50,'','\'Ф.28 / 21.09.2017 ДСК\'','2017-09-25 00:00:00','2018-01-12 10:45:09','2018-01-12 08:51:15',0),(4205,1177,1505,4199,4201,1187,270.64,'','\'Ф. 14176/31.10.2017 дск\'','2017-11-03 00:00:00','2018-01-12 10:48:33','2018-01-12 08:54:40',0),(4213,1177,1505,4207,4209,1187,653.09,'','\'Ф. ОТ 18,09.2017 ДСК\'','2017-09-25 00:00:00','2018-01-12 10:53:05','2018-01-12 08:59:11',0),(4221,1177,1505,4215,4217,1187,2323.50,'','\'Ф.323/05.09.2017 ДСК\'','2017-09-27 00:00:00','2018-01-12 10:57:50','2018-01-12 09:03:56',0),(4229,1177,1505,4223,4225,1187,11924.40,'','\'ф-ра 5000001179/18.09.2017 ДСК\'','2017-09-25 00:00:00','2018-01-12 11:00:11','2018-01-12 09:06:18',0),(4237,1177,1505,4231,4233,1187,2280.00,'','\'ПРОФОРМА ДСК\'','2017-09-25 00:00:00','2018-01-12 11:06:48','2018-01-12 09:12:54',0),(4245,1177,1505,4239,4241,1187,5225.86,'','\'Ф. 8858/18.09.2017 \'','2017-09-25 00:00:00','2018-01-12 11:09:31','2018-01-12 09:15:37',0),(4255,1177,1505,4249,4251,1187,1080.00,'','\'Ф. 3100346444/18.09.2017 ДСК\'','2017-09-25 00:00:00','2018-01-12 11:14:07','2018-01-12 09:20:13',0),(4263,1177,1505,4257,4259,1187,1524.10,'','\'Ф. 0100000341/20.09.2017 \'','2017-09-25 00:00:00','2018-01-12 11:16:58','2018-01-12 09:23:05',0),(4285,1177,1517,4267,4269,1187,4578.98,'','\'Ф. 22142 ДСК МЛАДЕЖИ\'','2017-10-13 00:00:00','2018-01-12 12:18:00','2018-01-12 10:24:07',0),(4287,1177,1517,4267,4269,1187,30176.74,'','\'Ф. 22145 И КИ 22146 ДСК МЛАДЕЖИ\'','2017-10-13 00:00:00','2018-01-12 12:18:58','2018-01-12 10:25:05',0),(4289,1177,1517,4267,4269,1187,0.00,'','\'Ф. 22145 И КИ 22146 ДСК МЛАДЕЖИ\'','2017-10-13 00:00:00','2018-01-12 12:19:17','2018-01-12 10:25:24',0),(4291,1177,1517,4267,4269,1187,92740.51,'','\'Ф. 22143 И КИ 22144 ДСК МЛАДЕЖИ\'','2017-10-13 00:00:00','2018-01-12 12:20:10','2018-01-12 10:26:17',0),(4293,1177,1517,4267,4269,1187,0.00,'','\'Ф. 22143 И КИ 22144 ДСК МЛАДЕЖИ\'','2017-10-13 00:00:00','2018-01-12 12:20:38','2018-01-12 10:26:44',0),(4295,1177,1517,4267,4269,1187,7142.81,'','\'ф. 22151 и КИ 22152 ДСК МЛАДЕЖИ\'','2017-10-13 00:00:00','2018-01-12 12:21:26','2018-01-12 10:27:33',0),(4297,1177,1517,4267,4269,1187,0.00,'','\'ф. 22151 и КИ 22152 ДСК МЛАДЕЖИ\'','2017-10-13 00:00:00','2018-01-12 12:22:00','2018-01-12 10:28:07',0),(4307,1177,1517,4299,4301,1187,12955.42,'','\'Ф. 1000002764/03,08,2017 ДСК МЛАДЕЖИ\'','2017-10-13 00:00:00','2018-01-12 12:26:58','2018-01-12 10:33:05',0),(4309,1177,1517,4299,4301,1187,11734.98,'','\'Ф. ОТ 04,10,2017 ДСК МЛАДЕЖИ\'','2017-10-13 00:00:00','2018-01-12 12:28:54','2018-01-12 10:35:01',0),(4317,1177,1517,4311,4313,1187,8992.37,'','\'АВАНСОВО ДСК МЛАДЕЖИ\'','2017-10-13 00:00:00','2018-01-12 12:31:50','2018-01-12 10:37:56',0),(4325,1177,1517,4319,4321,1187,1552.32,'','\'Ф. 42/10.10.2017 \'','2017-10-13 00:00:00','2018-01-12 12:34:15','2018-01-12 10:40:22',0),(4333,1177,1517,4327,4329,1187,227.23,'','\'Ф. 14175/31.10.2017 дск\'','2017-11-03 00:00:00','2018-01-12 12:44:20','2018-01-12 10:50:26',0),(4341,1177,1517,4335,4337,1187,3623.40,'','Ф. 439/14.09.2017 ДСК МЛАДЕЖИ\'','2017-10-13 00:00:00','2018-01-12 12:49:14','2018-01-12 10:55:21',0),(4349,1177,1517,4343,4345,1187,1263.60,'','\'Ф.4221/101.10.2017 ДСК МЛАДЕЖИ\'','2017-10-13 00:00:00','2018-01-12 12:51:23','2018-01-12 10:57:30',0),(4357,1177,1517,4351,4353,1187,2656.74,'','\'Ф. 917/03.10.2017 ДСК МЛАДЕЖИ\'','2017-10-13 00:00:00','2018-01-12 12:54:29','2018-01-12 11:00:35',0),(4365,1177,1517,4359,4361,1187,8796.48,'','\'ф-ра  5000001195/ 09.10.2017 ДСК МЛАДЕЖИ\'','2017-10-13 00:00:00','2018-01-12 12:56:35','2018-01-12 11:02:42',0),(4375,1177,1517,4369,4371,1187,3978.00,'','Ф. 1000019928/10.10.2017 ДСК МЛАДЕЖИ\'','2017-10-13 00:00:00','2018-01-12 12:58:50','2018-01-12 11:04:57',0),(4385,1177,1517,4379,4381,1187,2816.40,'','Ф. 5000000330/08.09.2017 ДСК МЛАДЕЖИ\'','2017-10-13 00:00:00','2018-01-12 13:33:27','2018-01-12 11:39:34',0),(4393,1177,1517,4387,4389,1187,5215.44,'','\'Ф. 8947/02,10,2017 ДСК МЛАДЕЖИ\'','2017-10-13 00:00:00','2018-01-12 13:41:21','2018-01-12 11:47:28',0),(4401,1177,1525,4395,4397,1187,316.80,'','\'Ф. 22120 И КИ22121 ДСК ОБЯВА\'','2017-10-10 00:00:00','2018-01-12 14:08:15','2018-01-12 12:14:22',0),(4405,1177,1525,4395,4397,1187,0.00,'','\'Ф. 22120 И КИ22121 ДСК ОБЯВА\'','2017-10-10 00:00:00','2018-01-12 14:09:04','2018-01-12 12:15:10',0),(4413,1177,1531,4407,4409,1187,2700.00,'','Ф. 2000062277/15.09.2017 ДСК\'','2017-09-29 00:00:00','2018-01-12 14:26:23','2018-01-12 12:32:29',0),(4423,1177,1537,4415,4417,1187,296.78,'','\'Ф. 22124 И КИ 22125 ДСК\'','2017-11-23 00:00:00','2018-01-12 14:31:06','2018-01-12 12:37:12',0),(4425,1177,1537,4415,4417,1187,0.00,'','\'Ф. 22124 И КИ 22125 ДСК\'','2017-11-23 00:00:00','2018-01-12 14:31:28','2018-01-12 12:37:34',0),(4435,1177,1543,4427,4429,1187,265331.69,'','\'Ф. 22335 И КИ 22338 ДСК\'','2017-11-28 00:00:00','2018-01-12 14:34:08','2018-01-12 12:40:14',0),(4437,1177,1543,4427,4429,1187,0.00,'','\'Ф. 22335 И КИ 22338 ДСК\'','2017-11-28 00:00:00','2018-01-12 14:34:26','2018-01-12 12:40:32',0),(4445,1177,1549,4439,4441,1187,14400.00,'','Ф. 4451/17.11.2017 СПОНСОРСТВО\'','2017-12-15 00:00:00','2018-01-12 14:37:00','2018-01-12 12:43:06',0),(4461,1177,1561,4455,4457,1187,7451.71,'','\'Ф-ра 4000009889/24.11.2017 ДСК\'','2017-11-28 00:00:00','2018-01-15 09:38:11','2018-01-15 07:44:21',0),(4479,1177,1561,4463,4465,1187,162180.27,'','\'ф. 22336 и ки 22337 ДСК\'','2017-11-23 00:00:00','2018-01-15 09:42:47','2018-01-15 07:48:56',0),(4481,1177,1561,4463,4465,1187,0.00,'','\'ф. 22336 и ки 22337 ДСК\'','2017-11-23 00:00:00','2018-01-15 09:43:12','2018-01-15 07:49:21',0),(4483,1177,1561,4463,4465,1187,9637.69,'','\'Ф. 22342 И КИ 22343 ДСК\'','2017-11-23 00:00:00','2018-01-15 09:44:01','2018-01-15 07:50:10',0),(4485,1177,1561,4463,4465,1187,0.00,'','\'Ф. 22342 И КИ 22343 ДСК\'','2017-11-23 00:00:00','2018-01-15 09:44:22','2018-01-15 07:50:31',0),(4487,1177,1561,4463,4465,1187,12160.31,'','\'Ф. 22351 И КИ 22357 ДСК\'','2017-11-24 00:00:00','2018-01-15 09:45:15','2018-01-15 07:51:24',0),(4489,1177,1561,4463,4465,1187,0.00,'','\'Ф. 22351 И КИ 22357 ДСК\'','2017-11-24 00:00:00','2018-01-15 09:45:37','2018-01-15 07:51:47',0),(4497,1177,1561,4491,4493,1187,7040.99,'','Ф. 2817/03.11.2017 ДСК\'','2017-11-23 00:00:00','2018-01-15 09:48:54','2018-01-15 07:55:03',0),(4501,1177,1561,4491,4493,1187,21263.78,'','\'Ф. 2818/03.11.2017 ДСК\'','2017-11-23 00:00:00','2018-01-15 09:51:14','2018-01-15 07:57:23',0),(4509,1177,1561,4503,4505,1187,10808.23,'','\'Ф. 0100005505/22.11.2017 ДСК\'','2017-11-23 00:00:00','2018-01-15 10:11:57','2018-01-15 08:18:06',0),(4517,1177,1561,4511,4513,1187,3359.84,'','\'АВАНСОВО ДСК\'','2017-11-23 00:00:00','2018-01-15 10:23:43','2018-01-15 08:29:53',0),(4525,1177,1561,4519,4521,1187,1881.00,'','\'Ф. 61/16.11.2017 ДСК\'','2017-11-23 00:00:00','2018-01-15 10:26:20','2018-01-15 08:32:29',0),(4539,1177,1561,4533,4535,1187,653.09,'','\'Ф. 0003001221/15.11.2017 ДСК\'','2017-11-23 00:00:00','2018-01-15 10:30:39','2018-01-15 08:36:48',0),(4547,1177,1561,4541,4543,1187,10678.08,'','\'ф-ра 5000001244/21.11.2017 ДСК\'','2017-11-23 00:00:00','2018-01-15 10:33:20','2018-01-15 08:39:29',0),(4555,1177,1561,4549,4551,1187,16323.36,'','\'Ф. 1807/24.11.2017 ДСК\'','2017-11-28 00:00:00','2018-01-15 10:36:09','2018-01-15 08:42:18',0),(4565,1177,1561,4559,4561,1187,4200.00,'','\'Ф. 403/01,09,2017 ДСК\'','2017-11-23 00:00:00','2018-01-15 10:38:45','2018-01-15 08:44:55',0),(4573,1177,1561,4567,4569,1187,2160.00,'','\'АВАНСОВО ДСК\'','2017-11-23 00:00:00','2018-01-15 10:42:08','2018-01-15 08:48:17',0),(4581,1177,1561,4575,4577,1187,8919.36,'','\'Ф. 9082/15.11.2017 ДСК\'','2017-11-23 00:00:00','2018-01-15 10:54:17','2018-01-15 09:00:27',0),(4589,1177,1561,4583,4585,1187,2323.50,'','\'Ф.372/23.10.2017 ДСК\'','2017-11-23 00:00:00','2018-01-15 10:56:59','2018-01-15 09:03:08',0),(4597,1177,1561,4591,4593,1187,2886.00,'','\'Ф. 831/16.11.2017 ДСК\'','2017-11-23 00:00:00','2018-01-15 10:58:56','2018-01-15 09:05:05',0),(4613,1177,1573,4601,4603,1187,596.70,'','\'ф.22476 и КИ 22479 ДСК\'','2017-12-14 00:00:00','2018-01-15 11:12:17','2018-01-15 09:18:26',0),(4615,1177,1573,4601,4603,1187,0.00,'','\'ф.22476 и КИ 22479 ДСК\'','2017-12-14 00:00:00','2018-01-15 11:12:37','2018-01-15 09:18:46',0),(4617,1177,1573,4601,4603,1187,1388.06,'','\'Ф. 22480 и КИ 22481 ДСК\'','2017-12-14 00:00:00','2018-01-15 11:14:08','2018-01-15 09:20:17',0),(4619,1177,1573,4601,4603,1187,0.00,'','\'Ф. 22480 и КИ 22481 ДСК\'','2017-12-14 00:00:00','2018-01-15 11:14:25','2018-01-15 09:20:34',0),(4637,1177,1579,4631,4633,1187,16517.12,'','\'Ф.363/20.10.2017 - частично плащане ДСК\'','2017-11-15 00:00:00','2018-01-15 11:29:36','2018-01-15 09:35:46',0),(4645,1177,1585,4639,4641,1187,1200.00,'','\'Ф. 2907/04.12.2017 \'','2017-12-22 00:00:00','2018-01-15 11:33:02','2018-01-15 09:39:11',0),(4659,1177,1591,4647,4649,1187,863.65,'','\'ф. 22467 и КИ 22488 дск\'','2017-12-21 00:00:00','2018-01-15 11:39:22','2018-01-15 09:45:32',0),(4661,1177,1591,4647,4649,1187,0.00,'','\'ф. 22467 и КИ 22488 дск\'','2017-12-21 00:00:00','2018-01-15 11:39:44','2018-01-15 09:45:53',0),(4663,1177,1591,4647,4649,1187,1363.27,'','\'ф. 22475 и КИ 22478 ДСК\'','2017-12-21 00:00:00','2018-01-15 11:40:26','2018-01-15 09:46:35',0),(4665,1177,1591,4647,4649,1187,0.00,'','\'ф. 22475 и КИ 22478 ДСК\'','2017-12-21 00:00:00','2018-01-15 11:41:04','2018-01-15 09:47:13',0),(4701,1177,1609,4693,4695,1187,3801.12,'','\'Ф. 22350 И КИ 22355 ДСК\'','2017-11-24 00:00:00','2018-01-15 11:58:52','2018-01-15 10:05:01',0),(4703,1177,1609,4693,4695,1187,0.00,'','\'Ф. 22350 И КИ 22355 ДСК\'','2017-11-24 00:00:00','2018-01-15 11:59:11','2018-01-15 10:05:20',0),(4711,1177,1609,4705,4707,1187,1925.69,'','\'Ф. ПРОФОРМА 5 / 23.11.2017 ДСК\'','2017-11-24 00:00:00','2018-01-15 12:03:13','2018-01-15 10:09:22',0),(4727,1177,1609,4721,4723,1187,1074.19,'','\'Ф.4283/22.11.2017 ДСК\'','2017-11-24 00:00:00','2018-01-15 12:08:22','2018-01-15 10:14:31',0),(4735,1177,1609,4729,4731,1187,800.13,'','\'Ф. 37 / 21.11.2017 ДСК\'','2017-11-27 00:00:00','2018-01-15 12:11:04','2018-01-15 10:17:13',0),(4743,1177,1609,4737,4739,1187,3819.66,'','\'Ф. 9093 / 22.11.2017 ДСК\'','2017-11-24 00:00:00','2018-01-15 12:12:36','2018-01-15 10:18:45',0),(4755,1177,1621,4749,4751,1187,1595.95,'','\'Ф. 1755/22.11.2017 ДСК\'','2017-12-12 00:00:00','2018-01-15 12:16:48','2018-01-15 10:22:57',0),(4767,1177,1627,4759,4761,1187,1800.00,'','\'Ф. 1169/08,12,2017 ДСК\'','2017-12-22 00:00:00','2018-01-15 12:25:03','2018-01-15 10:31:12',0),(4789,1177,1639,4783,4785,1187,4664.14,'','\'Ф.3100348216/04.12.2017 \'','2017-12-20 00:00:00','2018-01-15 12:37:59','2018-01-15 10:44:08',0),(4805,1177,1645,4791,4793,1187,405.00,'','\'Ф.22468/11.12.2017 ДСК\'','2017-12-13 00:00:00','2018-01-15 12:59:06','2018-01-15 11:05:16',0),(4837,1177,1669,4831,4833,1187,4800.00,'','\'ПРОФОРМА SORD015567/20.12.2017 ДСК\'','2017-12-20 00:00:00','2018-01-15 15:38:42','2018-01-15 13:44:51',0),(4845,1177,1675,4839,4841,1187,4800.00,'','\'Ф. 1000000005/ 06.12.2017 ДСК\'','2017-12-20 00:00:00','2018-01-15 15:42:32','2018-01-15 13:48:41',0),(4849,1177,1597,4679,4681,1187,439.30,'','\'Ф. 3001198/08.11.2017 дск\'','2018-01-03 00:00:00','2018-01-15 16:21:21','2018-01-15 14:27:31',0),(4851,1177,1609,4715,4717,1187,240.23,'','\'Ф. 14615/29.12.2017 дск\'','2018-01-03 00:00:00','2018-01-15 16:22:18','2018-01-15 14:28:27',0),(4853,1177,1445,3999,4001,1187,203.52,'','\'Ф. 14614/29.12.2017 дск\'','2018-01-03 00:00:00','2018-01-15 16:23:23','2018-01-15 14:29:33',0),(4855,1177,1561,4527,4529,1187,389.24,'','\'Ф. 14616/29.12.2017 дск\'','2018-01-03 00:00:00','2018-01-15 16:24:14','2018-01-15 14:30:23',0),(4857,1177,1633,4769,4771,1187,1343.03,'','\'ф.22469 и ки 22470 дск\'','2018-01-03 00:00:00','2018-01-15 16:29:54','2018-01-15 13:30:26',0),(4859,1177,1633,4769,4771,1187,0.00,'','\'ф.22469 и ки 22470 дск\'','2018-01-03 00:00:00','2018-01-15 16:30:15','2018-01-15 14:36:24',0),(4861,1177,1633,4769,4771,1187,804.42,'','\'ф. 22461 и ки 22462 дск\'','2018-01-03 00:00:00','2018-01-15 16:31:19','2018-01-15 14:37:28',0),(4863,1177,1633,4769,4771,1187,0.00,'','\'ф. 22461 и ки 22462 дск\'','2018-01-03 00:00:00','2018-01-15 16:31:37','2018-01-15 14:37:46',0),(4865,1177,1597,4667,4669,1187,1000.19,'','\'ф. 22466 и ки 22487 дск\'','2018-01-02 00:00:00','2018-01-15 16:34:49','2018-01-15 14:40:59',0),(4867,1177,1597,4667,4669,1187,0.00,'','\'ф. 22466 и ки 22487 дск\'','2018-01-02 00:00:00','2018-01-15 16:35:05','2018-01-15 14:41:15',0),(4869,1177,1597,4667,4669,1187,1099.98,'','\'ф. 22474 и ки 22477 дск\'','2018-01-03 00:00:00','2018-01-15 16:36:00','2018-01-15 14:42:09',0),(4871,1177,1597,4667,4669,1187,0.00,'','\'ф. 22474 и ки 22477 дск\'','2018-01-03 00:00:00','2018-01-15 16:36:13','2018-01-15 14:42:23',0),(4885,1177,4875,4877,4879,1187,13352.40,'','\'РЕКЛАМА ТЕХНОМАРКЕТ \'','2017-05-23 00:00:00','2018-01-16 11:17:06','2018-01-16 09:23:16',0),(4887,1177,4875,4877,4879,1187,0.00,'','\'РЕКЛАМА ТЕХНОМАРКЕТ \'','2017-05-23 00:00:00','2018-01-16 11:17:27','2018-01-16 09:23:37',0),(4943,1177,4919,4927,4929,1187,49307.59,'','\'РЕКЛАМА ТЕХНОМАРКЕТ Самсунг\'','2017-06-27 00:00:00','2018-01-16 13:15:33','2018-01-16 11:21:43',0),(4945,1177,4919,4921,4923,1187,31762.57,'','\'реклама техномаркет самсунг\'','2017-06-27 00:00:00','2018-01-16 13:17:17','2018-01-16 11:23:27',0),(4959,1177,4947,4949,4951,1187,41306.35,'','\'РЕКЛАМА ТЕХНОМАРКЕТ Service Point\'','2017-07-31 00:00:00','2018-01-16 13:23:55','2018-01-16 11:30:05',0),(4969,1177,4961,4963,4965,1187,9280.37,'','\'АВАНСОВО - ТЕХНОМАРКЕТ ТРЕСКА ЗА ТЕХНИКА\'','2017-09-05 00:00:00','2018-01-16 13:33:23','2018-01-16 11:39:33',0),(4989,1177,4981,4983,4985,1187,9380.96,'','\'АВАНСОВО - ТЕХНОМАРКЕТ Lenovo 310\'','2017-09-05 00:00:00','2018-01-16 13:49:01','2018-01-16 11:55:11',0),(5007,1177,4999,5001,5003,1187,9300.53,'','\'АВАНСОВО - ТЕХНОМАРКЕТ Е4\'','2017-09-05 00:00:00','2018-01-16 14:19:06','2018-01-16 12:25:17',0),(5015,1177,4999,5009,5011,1187,7182.19,'','\'АВАНСОВО -  ТЕХНОМАРКЕТ Е4\'','2017-09-05 00:00:00','2018-01-16 14:21:29','2018-01-16 12:27:39',0),(5025,1177,5017,5019,5021,1187,9380.96,'','\'авансово Техномаркет - HP\'','2017-09-14 00:00:00','2018-01-16 14:25:28','2018-01-16 12:31:38',0),(5037,1177,5017,5027,5029,1187,13905.79,'','\'авансово Техномаркет - НР\'','2017-09-14 00:00:00','2018-01-16 14:29:54','2018-01-16 12:36:05',0),(5047,1177,5039,5041,5043,1187,9128.06,'','\'авансово Техномаркет - Akatel\'','2017-09-14 00:00:00','2018-01-16 17:05:03','2018-01-16 15:11:13',0),(5057,1177,5039,5049,5051,1187,14390.87,'','\'авансово Техномаркет- Alkatel\'','2017-09-14 00:00:00','2018-01-16 17:07:14','2018-01-16 15:13:24',0),(5067,1177,5059,5061,5063,1187,20235.38,'','\'РЕКЛАМА М. СЕПТЕМВРИ ТЕХНОМАРКЕТ-SAMSUNG\'','2017-09-19 00:00:00','2018-01-16 17:10:42','2018-01-16 15:16:53',0),(5081,1177,5059,5069,5071,1187,24913.08,'','\'РЕКЛАМА ТЕХНОМАРКЕТ SAMSUNG - М.СЕПТЕМВРИ\'','2017-09-19 00:00:00','2018-01-16 17:15:43','2018-01-16 15:21:54',0),(5083,1177,5059,5069,5071,1187,41384.69,'','\'РЕКЛАМА ТЕХНОМАРКЕТ SAMSUNG - М. ОКТОМВРИ\'','2017-09-19 00:00:00','2018-01-16 17:16:36','2018-01-16 15:22:46',0),(5093,1177,5085,5087,5089,1187,13317.80,'','\'реклама Техномаркет Whirlpool\'','2017-09-27 00:00:00','2018-01-17 11:13:55','2018-01-17 08:16:31',0),(5117,1177,5107,5109,5111,1187,13464.85,'','\'РЕКЛАМА ТЕХНОМАРКЕТ ТРЕСКА ЗА ТЕХНИКА\'','2017-10-06 00:00:00','2018-01-17 15:38:11','2018-01-17 13:44:22',0),(5127,1177,5107,5119,5121,1187,9423.38,'','\'РЕКЛАМА ТЕХНОМАРКЕТ ТРЕСКА ЗА ТЕХНИКА\'','2017-10-06 00:00:00','2018-01-17 15:46:31','2018-01-17 13:52:42',0),(5139,1177,5129,5131,5133,1187,15896.44,'','\'ТЕХНОМАРКЕТ САМСУНГ\'','2017-10-16 00:00:00','2018-01-17 15:55:23','2018-01-17 14:01:34',0),(5141,1177,5129,5131,5133,1187,5246.87,'','\'РЕКЛАМА ТЕХНОМАРКЕТ Samsung MDA ноември\'','2017-10-31 00:00:00','2018-01-17 15:56:35','2018-01-17 14:02:47',0),(5159,1177,5129,5143,5145,1187,21128.93,'','\'РЕКЛАМА ТЕХНОМАРКЕТ ФИЛИПС\'','2017-10-23 00:00:00','2018-01-17 16:05:08','2018-01-17 14:11:19',0),(5161,1177,5129,5143,5145,1187,9738.05,'','\'РЕКЛАМА ТЕХНОМАРКЕТ Samsung MDA ноември\'','2016-10-31 00:00:00','2018-01-17 16:11:47','2018-01-17 14:17:58',0),(5163,1177,5129,5143,5145,1187,21358.50,'','\'РЕКЛАМА ТЕХНОМАРКЕТ САМСУНГ\'','2017-10-16 00:00:00','2018-01-17 16:20:10','2018-01-17 14:26:21',0),(5177,1177,5165,5167,5169,1187,44021.54,'','\'РЕКЛАМА ТЕХНОМАРКЕТ PHILIPS SDA\'','2017-11-09 00:00:00','2018-01-18 10:10:33','2018-01-18 08:14:09',0),(5187,1177,5165,5179,5181,1187,29096.25,'','\'ТЕХНОМАРКЕТ PHILIPS SDA\'','2017-11-09 00:00:00','2018-01-18 10:18:10','2018-01-18 08:24:22',0),(5189,1177,5165,5179,5181,1187,12445.21,'','\'РЕКЛАМА ТЕХНОМАРКЕТ Pilips SDA ноември\'','2017-10-31 00:00:00','2018-01-18 10:20:15','2018-01-18 08:26:27',0),(5191,1177,5165,5167,5169,1187,20162.80,'','\'РЕКЛАМА ТЕХНОМАРКЕТ Pilips SDA ноември\'','2017-10-31 00:00:00','2018-01-18 10:21:26','2018-01-18 08:27:38',0),(5201,1177,5193,5195,5197,1187,10535.25,'','\'РЕКЛАМА ТЕХНОМАРКЕТ 20 ПРОЦЕНТА OFF\'','2017-10-30 00:00:00','2018-01-18 10:28:28','2018-01-18 08:34:40',0),(5211,1177,5203,5205,5207,1187,13612.44,'','\'РЕКЛАМА ТЕХНОМАРКЕТ НОКИА 3\'','2017-11-07 00:00:00','2018-01-18 10:44:04','2018-01-18 08:50:16',0),(5219,1177,5203,5213,5215,1187,21403.14,'','\'РЕКЛАМА ТЕХНОМАРКЕТ НОКИА 3\'','2017-11-07 00:00:00','2018-01-18 10:48:33','2018-01-18 08:22:18',0),(5229,1177,5221,5223,5225,1187,20899.37,'','\'ТЕХНОМАРКЕТ HOTPOINT\'','2017-11-09 00:00:00','2018-01-18 10:58:43','2018-01-18 09:04:55',0),(5245,1177,5221,5231,5233,1187,31600.73,'','\'РЕКЛАМА ТЕХНОМАРКЕТ HOTPOINT\'','2017-11-09 00:00:00','2018-01-18 11:02:48','2018-01-18 09:09:00',0),(5269,1177,5261,5263,5265,1187,14155.68,'','\'ТЕХНОМАРКЕТ TEFAL\'','2017-11-09 00:00:00','2018-01-18 11:53:14','2018-01-18 09:59:26',0),(5279,1177,5261,5271,5273,1187,18537.68,'','\'РЕКЛАМА ТЕХНОМАРКЕТ TEFAL\'','2017-11-09 00:00:00','2018-01-18 11:55:48','2018-01-18 10:02:00',0),(5287,1177,5281,5283,0,1187,20884.71,'','РЕКЛАМА ТЕХНОМАРКЕТ 30 ПРОЦЕНТА  OFF\'','2017-11-09 00:00:00','2018-01-18 12:01:01','2018-01-18 10:07:13',0),(5303,1177,5289,5293,5295,1187,34042.63,'','\'РЕКЛАМА ТЕХНОМАРКЕТ HUAWEI P9 LITE MINI\'','2017-11-15 00:00:00','2018-01-18 15:21:38','2018-01-18 13:27:50',0),(5309,1177,5289,5291,5305,1187,35665.55,'','\'ТЕХНОМАРКЕТ UAWEI P9 LITE MINI\'','2017-11-15 00:00:00','2018-01-18 15:24:28','2018-01-18 13:30:41',0),(5319,1177,5311,5313,5315,1187,22766.28,'','\'ТЕХНОМАРКЕТ BLACK OUT\'','2017-11-17 00:00:00','2018-01-19 09:52:29','2018-01-19 07:58:42',0),(5331,1177,5311,5321,5323,1187,35325.95,'','\'РЕКЛАМА ТЕХНОМАРКЕТ BLACK OUT\'','2017-11-17 00:00:00','2018-01-19 09:56:04','2018-01-19 08:02:17',0),(5343,1177,5333,5335,5337,1187,14013.72,'','\'Техномаркет Philips TV\'','2017-11-27 00:00:00','2018-01-19 10:06:29','2018-01-19 08:12:41',0),(5353,1177,5333,5345,5347,1187,20622.75,'','\'РЕКЛАМА ТЕХНОМАРКЕТ Philips TV\'','2017-11-27 00:00:00','2018-01-19 10:10:53','2018-01-19 08:17:06',0),(5363,1177,5355,5357,5359,1187,17352.84,'','\'РЕКЛАМА ТЕХНОМАРКЕТ ACER\'','2017-11-28 00:00:00','2018-01-19 10:21:24','2018-01-19 08:27:37',0),(5373,1177,5355,5365,5367,1187,26693.34,'','\'РЕКЛАМА ТЕХНОМАРКЕТ ACER\'','2017-11-28 00:00:00','2018-01-19 10:26:40','2018-01-19 08:32:53',0),(5383,1177,5375,5377,5379,1187,18684.64,'','18684.64','2017-12-04 00:00:00','2018-01-19 12:52:12','2018-01-19 10:58:25',0),(5391,1177,5375,5385,5387,1187,29131.96,'','\'РЕКЛАМА ТЕХНОМАРКЕТ HP\'','2017-12-04 00:00:00','2018-01-19 12:54:53','2018-01-19 11:01:06',0),(5401,1177,5393,5395,5397,1187,36790.60,'','\'ТЕХНОМАРКЕТ SAMSUNG\'','2017-12-11 00:00:00','2018-01-19 13:01:34','2018-01-19 11:07:47',0),(5411,1177,5393,5403,5405,1187,56077.44,'','\'РЕКЛАМА ТЕХНОМАРКЕТ SAMSUNG\'','2017-12-08 00:00:00','2018-01-19 13:04:08','2018-01-19 11:10:21',0),(5421,1177,5413,5415,5417,1187,14050.42,'','\'ТЕХНОМАРКЕТ LENOVO\'','2017-12-12 00:00:00','2018-01-19 13:12:10','2018-01-19 11:18:23',0),(5431,1177,5413,5423,5425,1187,21322.98,'','\'РЕКЛАМА ТЕХНОМАРКЕТ LENOVO\'','2017-12-12 00:00:00','2018-01-19 13:14:42','2018-01-19 11:20:55',0),(5441,1177,5433,5435,5437,1187,13325.37,'','\'ТЕХНОМАРКЕТ ROWENTA\'','2017-12-12 00:00:00','2018-01-19 13:19:57','2018-01-19 11:26:10',0),(5451,1177,5433,5443,5445,1187,20210.95,'','\'РЕКЛАМА ТЕХНОМАРКЕТ ROWENTA\'','2017-12-12 00:00:00','2018-01-19 13:22:22','2018-01-19 11:28:35',0),(5461,1177,5453,5455,5457,1187,27113.84,'','\'ТЕХНОМАРКЕТ PHILIPS\'','2017-12-13 00:00:00','2018-01-19 13:30:40','2018-01-19 11:36:53',0),(5475,1177,5453,5463,5465,1187,40345.21,'','\'РЕКЛАМА ТЕХНОМАРКЕТ PHILIPS\'','2017-12-13 00:00:00','2018-01-19 13:35:37','2018-01-19 11:41:50',0),(5485,1177,5477,5479,5481,1187,18152.66,'','\'РЕКЛАМА ТЕХНОМАРКЕТ КОЛЕДА\'','2017-12-18 00:00:00','2018-01-19 13:52:04','2018-01-19 11:58:17',0),(5501,1177,5477,5487,5489,1187,28269.45,'','\'РЕКЛАМА ТЕХНОМАРКЕТ КОЛЕДА\'','2017-12-18 00:00:00','2018-01-19 13:56:01','2018-01-19 12:02:14',0),(5507,1177,5085,5097,5099,1187,21806.42,'','\'РЕКЛАМА ТЕХНОМАРКЕТ Whirlpool\'','2017-09-27 00:00:00','2018-01-22 10:33:05','2018-01-22 08:39:20',0),(5509,1177,5059,5061,5063,1187,29619.29,'','\'РЕКЛАМА ТЕХНОМАРКЕТ САМСУНГ\'','2017-09-27 00:00:00','2018-01-22 10:38:39','2018-01-22 08:44:54',0),(5511,1177,5165,5179,5181,1187,15837.76,'','\'ТЕХНОМАРКЕТ ФИИЛИПС\'','2017-10-23 00:00:00','2018-01-22 10:43:45','2018-01-22 08:50:00',0),(5513,1177,4905,4907,4911,1187,2974.29,'','\'РЕКЛАМА ТЕХНОМАРКЕТ ЛЕНОВО С ДОПЛАЩАНЕ\'','2017-06-23 00:00:00','2018-01-22 10:57:14','2018-01-22 09:03:30',0),(5515,1177,4905,4907,4911,1187,14233.98,'','\'РЕКЛАМА ТЕХНОМАРКЕТ ЛЕНОВО\'','2017-06-20 00:00:00','2018-01-22 10:58:05','2018-01-22 09:04:21',0),(5517,1177,4905,4907,4911,1187,13274.40,'','\'РЕКЛАМА ТЕХНОМАРКЕТ Леново\'','2017-06-02 00:00:00','2018-01-22 11:01:36','2018-01-22 08:01:50',0),(5765,1177,4875,5505,5763,1187,13352.40,'','\' PO D-R 24.03.2017  .\'','2017-05-23 00:00:00','2018-01-23 14:30:41','2018-01-23 14:50:34',0),(5771,1177,5193,5633,5635,1187,10532.10,'','\' ZAEM PO TEHNOMARKET-FILIPS, 20 OFF .\' 47501.94','2017-10-23 00:00:00','2018-01-23 17:18:56','2018-01-25 09:48:21',0),(5775,1177,4919,5535,5537,1187,81070.16,'','\' PO D-R 24.03.2017  .\'','2017-06-27 00:00:00','2018-01-24 10:16:21','2018-01-25 13:29:10',0),(5779,1177,4905,5525,5527,1187,14233.98,'','\' PO D-R 24.03.2017  .\'','2017-06-20 00:00:00','2018-01-24 10:34:07','2018-01-24 08:40:24',0),(5781,1177,4905,5525,5527,1187,2974.29,'','\' PO D-R 24.03.2017  .\'','2017-06-23 00:00:00','2018-01-24 10:34:59','2018-01-24 08:41:16',0),(5783,1177,4889,5519,5521,1187,13274.40,'','\' PO D-R 24.03.2017  .\'','2017-06-01 00:00:00','2018-01-24 10:38:19','2018-01-25 13:29:21',0),(5785,1177,4947,5543,5545,1187,6470.46,'','\' PO D-R 24.03.2017  .\' 6470.46 - za Service point 13981.54 - za Treska za tehnika 14784.06 - Lenovo 310 6070.29 - MotoE4   - 41306.35','2017-07-31 00:00:00','2018-01-24 10:39:39','2018-01-25 06:47:47',0),(5787,1177,5059,5591,5593,1187,66297.77,'','\' PO DOGOWOR  .\'','2017-09-19 00:00:00','2018-01-24 10:41:51','2018-01-25 13:29:00',0),(5789,1177,5129,5615,5617,1187,14984.91,'','\' ZAEM PO TEHNOMARKET  .\' 47592.93 лв.','2017-10-31 00:00:00','2018-01-24 16:23:37','2018-01-24 14:29:55',0),(5791,1177,4999,5567,5569,1187,17183.74,'',' MOTO E4.17183.74LW., BTW.9380,96LW.TRESKA ZA TEHNIKA.BTW.9280,37LW.\' - 35845,07лв.','2017-09-14 00:00:00','2018-01-25 09:26:35','2018-01-26 09:50:01',0),(5793,1177,4961,5551,5553,1187,9280.37,'',' MOTO E4.17183.74LW., BTW.9380,96LW.TRESKA ZA TEHNIKA.BTW.9280,37LW.\' - 35845,07лв.','2017-09-14 00:00:00','2018-01-25 09:31:54','2018-01-25 07:38:13',0),(5795,1177,5017,5575,5577,1187,23286.75,'','\' ZA HP\'','2017-09-15 00:00:00','2018-01-25 09:36:57','2018-01-25 07:43:15',0),(5797,1177,5039,5583,5585,1187,23518.93,'','\' TECHNOMARKET ALCATEL /BTW NOWA TW/\'','2017-09-15 00:00:00','2018-01-25 09:41:05','2018-01-25 07:47:23',0),(5799,1177,4961,5551,5553,1187,13981.54,'','\' PO D-R 24.03.2017 .\' 6470.46 - za Service point 13981.54 - za Treska za tehnika 14784.06 - Lenovo 310 6070.29 - MotoE4 - 41306.35','2017-07-31 00:00:00','2018-01-25 09:48:51','2018-01-25 06:50:56',0),(5801,1177,4981,5559,5561,1187,14784.06,'','\' PO D-R 24.03.2017 .\' 6470.46 - za Service point 13981.54 - za Treska za tehnika 14784.06 - Lenovo 310 6070.29 - MotoE4 - 41306.35','2017-07-31 00:00:00','2018-01-25 09:50:29','2018-01-25 07:56:48',0),(5803,1177,4999,5567,5569,1187,6070.29,'','\' PO D-R 24.03.2017 .\' 6470.46 - za Service point 13981.54 - za Treska za tehnika 14784.06 - Lenovo 310 6070.29 - MotoE4 - 41306.35','2017-07-31 00:00:00','2018-01-25 09:52:22','2018-01-25 06:53:21',0),(5805,1177,5453,5747,5749,1187,67459.05,'','\' TEHNOMARKET FILIPS\'','2017-12-14 00:00:00','2018-01-25 10:29:56','2018-01-25 08:36:15',0),(5807,1177,5433,5739,5741,1187,33536.32,'','\' TEHNOMARKET ROVENTA\'','2017-12-14 00:00:00','2018-01-25 10:31:13','2018-01-25 08:37:31',0),(5809,1177,5413,5731,5733,1187,17473.10,'','\' ZAEM PO TEHNOMARKET LENOVO .\'','2017-12-14 00:00:00','2018-01-25 10:32:15','2018-01-25 08:38:33',0),(5811,1177,5413,5731,5733,1187,17900.30,'','\' ZAEM PO TEHNOMARKET LENOVO .\'','2017-12-14 00:00:00','2018-01-25 10:32:56','2018-01-25 08:39:15',0),(5813,1177,5477,5755,5757,1187,27852.66,'','\' ZAEM TEHNOMARKET KOLEDA\'','2017-12-18 00:00:00','2018-01-25 10:33:40','2018-01-25 08:39:59',0),(5815,1177,5477,5755,5757,1187,11569.45,'','\' ZAEM PO TEHNOMARKET KOLEDA .\'','2017-12-18 00:00:00','2018-01-25 10:34:14','2018-01-25 08:40:33',0),(5817,1177,5477,5755,5757,1187,7000.00,'','\' ZAEM PO TEHNOMARKET KOLEDA\'','2017-12-18 00:00:00','2018-01-25 10:34:42','2018-01-25 08:41:01',0),(5827,1177,5311,5691,5693,1187,58092.23,'','\' ZAEM PO TEHNOMARKET  .\'','2017-11-17 00:00:00','2018-01-25 12:10:14','2018-01-25 10:16:33',0),(5829,1177,5289,5683,5685,1187,69708.18,'','\' ZAEM PO TEHNOMARKET  .\'','2017-11-17 00:00:00','2018-01-25 12:11:08','2018-01-25 10:17:26',0),(5831,1177,5221,5649,5651,1187,52500.09,'','\' ZAEM PO TEHNOMARKET\' + \' ZAEM PO DOGOWOR ZA TEHNOMARKET\' 125617,89','2017-11-09 00:00:00','2018-01-25 12:27:04','2018-01-25 09:27:40',0),(5833,1177,5251,5657,5659,1187,73117.79,'','\' ZAEM PO TEHNOMARKET\' + \' ZAEM PO DOGOWOR ZA TEHNOMARKET\' 125617,89','2017-11-09 00:00:00','2018-01-25 12:28:15','2018-01-25 10:34:34',0),(5835,1177,5165,5625,5627,1187,32608.01,'','\' ZAEM PO TEHNOMARKET .\' 47592.93 лв.','2017-10-31 00:00:00','2018-01-25 12:41:49','2018-01-25 10:48:07',0),(5837,1177,5165,5625,5627,1187,36969.84,'','\' ZAEM PO TEHNOMARKET-FILIPS, 20 OFF .\' 47501.94','2017-10-23 00:00:00','2018-01-25 12:47:09','2018-01-25 10:53:27',0),(5839,1177,5129,5615,5617,1187,37254.94,'','\' ZAEM PO TEHNOMARKET\' + \' ZAEM PO DOGOWOR ZA TEHNOMARKET\'','2017-10-16 00:00:00','2018-01-25 13:02:57','2018-01-25 11:09:15',0),(5841,1177,5107,5607,5609,1187,22888.23,'','\' ZAEM PO DOGOWOR ZA TEHNOMARKET\'','2017-10-06 00:00:00','2018-01-25 13:04:51','2018-01-25 11:11:09',0),(5843,1177,5085,5599,5601,1187,6100.00,'','\' ZAEM  .\'','2017-09-27 00:00:00','2018-01-25 13:06:31','2018-01-25 11:12:49',0),(5845,1177,5085,5599,5601,1187,58643.51,'','\' ZAEM PO DOGOWOR  ZAEMPO DOGOWOR\'','2017-09-27 00:00:00','2018-01-25 13:07:30','2018-01-25 11:13:48',0),(5847,1177,5333,5699,5701,1187,34636.47,'','\' ZAEM PO TEHNOMARKET .\' -78682.65 лв.','2017-12-01 00:00:00','2018-01-25 13:18:21','2018-01-25 13:28:39',0),(5849,1177,5355,5707,5709,1187,44046.19,'','\' ZAEM PO TEHNOMARKET .\' -78682.65 лв.','2017-12-01 00:00:00','2018-01-25 13:23:16','2018-01-25 11:29:34',0),(5851,1177,5393,5723,5725,1187,92467.32,'','\' ZAEM PO TEHNOMARKET\'','2017-12-07 00:00:00','2018-01-25 16:24:25','2018-01-25 14:30:44',0),(5853,1177,5393,5723,5725,1187,400.00,'','\' ZAEM PO TEHNOMARKET .\'','2017-12-07 00:00:00','2018-01-25 16:25:46','2018-01-25 14:32:05',0),(5855,1177,5375,5715,5717,1187,21716.60,'','\' PO ZAEM\'','2017-12-05 00:00:00','2018-01-25 16:27:43','2018-01-25 14:34:01',0),(5857,1177,5375,5715,5717,1187,26100.00,'','\' PO ZAEM .\'','2017-12-05 00:00:00','2018-01-25 16:28:04','2018-01-25 14:34:22',0),(5859,1177,5281,5675,5677,1187,20884.71,'','\' ZAEM PO TEHNOMARKET\' - 53578.07 лв','2017-11-10 00:00:00','2018-01-25 16:32:11','2018-01-25 14:38:29',0),(5861,1177,5261,5667,5669,1187,32693.36,'','\' ZAEM PO TEHNOMARKET\' - 53578.07 лв','2017-11-10 00:00:00','2018-01-25 16:34:26','2018-01-25 14:40:45',0),(5863,1177,5203,5641,5643,1187,35015.58,'','\' ZAEM PO TEHNOMARKET  .\'','2017-11-08 00:00:00','2018-01-25 16:39:27','2018-01-25 14:45:46',0),(5865,1177,5059,5591,5593,1187,20235.38,'','\' PO DOGOWOR\'','2017-09-20 00:00:00','2018-01-25 16:40:58','2018-01-25 14:47:17',0),(5867,1177,4981,5559,5561,1187,9380.96,'',' MOTO E4.17183.74LW., BTW.9380,96LW.TRESKA ZA TEHNIKA.BTW.9280,37LW.\' - 35845,07лв.','2017-09-14 00:00:00','2018-01-26 12:48:41','2018-01-26 09:50:19',0),(5927,1177,5883,5885,5887,1189,454.55,'','Ф1825/16012017 АК ПО РП73','2018-01-19 00:00:00','2018-01-31 12:35:02','2018-01-31 10:41:26',0),(5931,1177,5883,5885,5887,1189,9090.91,'','Ф1824/16012018 РП 73 ОНЛАЙН ЗАЯВКИ ЗА КРЕДИТИ','2018-01-19 00:00:00','2018-01-31 12:35:52','2018-01-31 10:42:16',0),(5957,1177,1531,1533,1535,1187,33.76,'','Ф1741/281117 ОКОНЧ.ПЛАЩАНЕ АК ПО РП 48/2017','2018-02-12 00:00:00','2018-01-31 12:51:44','2018-01-31 10:58:08',0),(5959,1177,1555,1557,1559,1189,113.65,'','КАФЕ КОМЮНИКЕЙШЪНС СОФИЯ Ф-РА 1690/05,10,2017 РП 52/04,10,2017-ОБЯВА ЗА ТЪРГ','2018-01-25 00:00:00','2018-01-31 12:54:40','2018-01-31 11:01:04',0),(5961,1177,1555,1557,1559,1189,1.42,'','КАФЕ КОМЮНИКЕЙШЪНС СОФИЯ Ф-РА 1691/05,10,2017 АК ПО РП 52/04,10,2017','2018-01-25 00:00:00','2018-01-31 12:55:18','2018-01-31 11:01:42',0),(5963,1177,1555,1557,1559,1187,1.42,'','КАФЕ КОМЮНИКЕЙШЪНС СОФИЯ Ф-РА 1743/28,11,2017 АК ПО РП 52/04102017-ОКОНЧ.ПЛ.','2018-01-25 00:00:00','2018-01-31 12:55:57','2018-01-31 11:02:21',0),(5965,1177,1555,1557,1559,1189,11.40,'','КАФЕ КОМЮНИКЕЙШЪНС СОФИЯ Ф-РА 1692/05,10,2017 РП 52/04,10,2017-КОРЕКЦИЯ КАРЕ','2018-01-25 00:00:00','2018-01-31 12:56:29','2018-01-31 11:02:53',0),(5971,1177,5913,5915,5917,1189,200456.16,'','Ф1830/26012018 РП5,РК СВЕТОВНОПЪРВЕНСТВО ПО ФУТБОЛ 2018','2018-01-29 00:00:00','2018-01-31 13:32:26','2018-01-31 11:38:50',0),(5973,1177,5913,5915,5917,1189,2505.71,'','Ф1831/26012018 АК ПО РП5','2018-01-29 00:00:00','2018-01-31 13:32:55','2018-01-31 11:39:19',0),(5991,1177,1675,1677,1679,1189,60.00,'','Ф1827/22012018 ОКОНЧ.ПЛАЩАНЕ РП 71','2018-01-24 00:00:00','2018-02-07 12:09:42','2018-02-07 10:16:12',0),(5995,1177,1669,1671,1673,1189,60.00,'','Ф1821/11012018 АК ПО РП70 ОКОНЧАТЕЛНО ПЛАЩАНЕ','2018-01-17 00:00:00','2018-02-07 12:11:13','2018-02-07 10:17:44',0),(5999,1177,1651,1653,1655,1187,3.12,'','КАФЕ КОМЮНИКЕЙШЪНС СОФИЯ Ф-РА 1819/11,01,2018 АК ПО РП 67/21112017-ОКОНЧ.ПЛ.','2018-02-26 00:00:00','2018-02-07 12:13:45','2018-02-07 10:20:16',0),(6001,1177,1651,1653,1655,1189,249.44,'','КАФЕ КОМЮНИКЕЙШЪНС СОФИЯ Ф-РА 1795/31,12,2017 РП 67/21112017-ОБЯВА ЗА ТЪРГ','2018-02-06 00:00:00','2018-02-07 12:14:51','2018-02-07 10:21:22',0),(6003,1177,1651,1653,1655,1189,3.12,'','КАФЕ КОМЮНИКЕЙШЪНС СОФИЯ Ф-РА 1796/31,12,2017 АК ПО РП 67/21112017','2018-02-06 00:00:00','2018-02-07 12:15:44','2018-02-07 10:22:14',0),(6007,1177,1639,1641,1643,1189,58.30,'','Ф1818/11012018 АК ПО РП65 ОКОНЧАТЕЛНО ПЛАЩАНЕ','2018-01-17 00:00:00','2018-02-07 12:18:34','2018-02-07 10:25:04',0),(6011,1177,1627,1629,1631,1189,22.50,'','Ф1817/11012018 АК ПО РП 63 ОКОНЧАТЕЛНО ПЛАЩАНЕ','2018-01-17 00:00:00','2018-02-07 12:20:07','2018-02-07 10:26:38',0),(6015,1177,1621,1623,1625,1189,19.94,'','Ф1816/11012018 АК ПО РП62 ОКОНЧАТЕЛНО ПЛАЩАНЕ','2018-01-17 00:00:00','2018-02-07 12:21:27','2018-02-07 10:27:58',0),(6019,1177,1603,1605,1607,1189,1.86,'','КАФЕ КОМЮНИКЕЙШЪНС СОФИЯ Ф-РА 1822/11,01,2018 АК ПО РП 59/13112017-ОКОНЧ.ПЛ.','2018-02-06 00:00:00','2018-02-07 12:24:31','2018-02-07 10:31:01',0),(6021,1177,1603,1605,1607,1189,1.86,'','КАФЕ КОМЮНИКЕЙШЪНС СОФИЯ Ф-РА 1787/18,12,2017 АК ПО РП 59/13112017','2018-02-06 00:00:00','2018-02-07 12:25:19','2018-02-07 10:31:49',0),(6023,1177,1603,1605,1607,1189,148.56,'','КАФЕ КОМЮНИКЕЙШЪНС СОФИЯ Ф-РА 1786/18,12,2017 РК 59/13112017-ОБЯВА ЗА ТЪРГ','2018-02-06 00:00:00','2018-02-07 12:26:02','2018-02-07 10:32:33',0),(6025,1177,1603,1605,1607,1189,36.00,'','КАФЕ КОМЮНИКЕЙШЪНС СОФИЯ Ф-РА 1788/18,12,2017 РП 59/13112017-КОРЕКЦИЯ КАРЕ','2018-02-06 00:00:00','2018-02-07 12:26:42','2018-02-07 10:33:12',0),(6029,1177,1597,1599,1601,1189,33.98,'','КАФЕ КОМЮНИКЕЙШЪНС СОФИЯ Ф-РА 1815/11,01,2018 АК ПО РП 58/26102017-ОКОНЧ.ПЛ.','2018-01-23 00:00:00','2018-02-07 12:28:15','2018-02-07 10:34:45',0),(6033,1177,1591,1593,1595,1189,29.93,'','КАФЕ КОМЮНИКЕЙШЪНС СОФИЯ Ф-РА 1814/11,01,2018 АК ПО РП 57/31102017-ОКОНЧ.ПЛ.','2018-01-23 00:00:00','2018-02-07 12:29:44','2018-02-07 10:36:14',0),(6037,1177,1579,1581,1583,1189,206.24,'','Ф1813/11012018 АК ПО РП55 ОКОНЧАТЕЛНО ПЛАЩАНЕ','2018-01-17 00:00:00','2018-02-07 12:35:50','2018-02-07 10:42:21',0),(6041,1177,1573,1575,1577,1189,26.42,'','КАФЕ КОМЮНИКЕЙШЪНС СОФИЯ Ф-РА 1812/11,01,2018 АК ПО РП 54/10102017-ОКОНЧ.ПЛ.','2018-01-23 00:00:00','2018-02-07 12:38:19','2018-02-07 10:44:49',0),(6045,1177,1347,1349,1351,1189,621.47,'','Ф1828/22012018 ОКОНЧ.ПЛАЩАНЕ АК ПО РП 19','2018-01-24 00:00:00','2018-02-07 12:40:57','2018-02-07 10:47:28',0),(6049,1177,1275,1277,1279,1189,135.54,'','Ф1810/11012018 АК ПО РП7 ОКОНЧАТЕЛНО ПЛАЩАНЕ','2018-01-17 00:00:00','2018-02-07 12:42:32','2018-02-07 10:49:02',0),(6061,1177,6053,6055,6057,1189,6529.50,'','Ф 1823/16.01.2018','2018-01-19 00:00:00','2018-02-07 12:55:50','2018-02-07 11:02:20',0),(6077,1177,5913,5945,6073,1187,70409.88,'','F.407/30.01.2018DSK -INTERNET REKLAMA World Cup','2018-01-30 12:22:00','2018-02-08 12:23:52','2018-02-08 10:30:23',0),(6227,1177,5895,5897,5899,1189,72.00,'','КАФЕ КОМЮНИКЕЙШ.СОФИЯ Ф-РА 1834/29,01,2018 РП 2/17012018-ИЗРАБОТКА КАРЕ','2018-02-09 16:17:00','2018-02-21 16:17:06','2018-02-21 14:23:45',0),(6229,1177,5895,5897,5899,1189,2.33,'','КАФЕ КОМЮНИКЕЙШ.СОФИЯ Ф-РА 1833/29,01,2018 АК ПО РП 2/17012018','2018-02-09 16:17:00','2018-02-21 16:19:44','2018-02-21 14:26:23',0),(6231,1177,1651,1653,1655,1189,36.00,'','КАФЕ КОМЮНИКЕЙШ.СОФИЯ Ф-РА 1797/31,12,2017 РП 67/21112017-КОРЕКЦИЯ КАРЕ','2018-02-09 16:21:00','2018-02-21 16:21:01','2018-02-21 14:27:40',0),(6233,1177,5895,5897,5899,1189,178.18,'','КАФЕ КОМЮНИКЕЙШ.СОФИЯ Ф-РА 1832/29,01,2018 РП 2/17012018-ОБЯВА ЗА ТЪРГ','2018-02-09 16:21:00','2018-02-21 16:21:42','2018-02-21 14:28:21',0),(6235,1177,5889,5891,5893,1189,53581.92,'','Ф1835/070218 РП1,РК ВЪНШНА РЕКЛАМА СОФИЯ','2018-02-13 16:23:00','2018-02-21 16:23:33','2018-02-21 14:30:12',0),(6237,1177,5889,5891,5893,1189,669.77,'','Ф1836/070218 АК ПО РП1','2018-02-13 16:23:00','2018-02-21 16:24:01','2018-02-21 14:30:41',0),(6239,1177,5901,5903,5905,1189,288.00,'','КАФЕ КОМЮНИКЕЙШЪНС СОФИЯ Ф-РА 1839/07,02,2018 РП 3/17012018-ИЗРАБОТКА КАРЕ','2018-02-15 16:26:00','2018-02-21 16:26:40','2018-02-21 14:33:19',0),(6241,1177,5901,5903,5905,1189,1667.41,'','КАФЕ КОМЮНИКЕЙШЪНС СОФИЯ Ф-РА 1837/07,02,2018 РП 3/17012018-ОБЯВА ЗА ТЪРГ','2018-02-15 16:29:00','2018-02-21 16:28:50','2018-02-21 14:35:29',0),(6243,1177,5901,5903,5905,1189,20.84,'','КАФЕ КОМЮНИКЕЙШЪНС СОФИЯ Ф-РА 1838/07,02,2018 АК ПО РП 3/17012018','2018-02-15 16:29:00','2018-02-21 16:29:22','2018-02-21 14:36:01',0),(6245,1177,6103,6105,6107,1189,877.50,'','Ф1852/130218 АП ПО РП6А','2018-02-19 16:30:00','2018-02-21 16:30:15','2018-02-21 14:36:54',0),(6247,1177,6103,6105,6107,1189,17550.00,'','Ф1851/130218 РП6А,РК ОНЛАЙН ЗАЯВКИ ЗА ПОТРЕБ.КРЕДИТИ 02/18','2018-02-19 16:30:00','2018-02-21 16:30:45','2018-02-21 14:37:24',0),(6249,1177,6097,6099,6101,1189,3423.02,'','Ф1850/130218 АК ПО РП6','2018-02-19 16:31:00','2018-02-21 16:31:23','2018-02-21 14:38:02',0),(6251,1177,6097,6099,6101,1189,273842.00,'','Ф1849/130218 РП6,РК ПОТРЕБИТЕЛСКИ КРЕДИТИ 0902-11032018','2018-02-19 16:31:00','2018-02-21 16:31:50','2018-02-21 14:38:29',0),(6253,1177,6117,6119,6121,1189,681.82,'','Ф1856/140218 АК ПО РП7','2018-02-19 16:32:00','2018-02-21 16:32:21','2018-02-21 14:39:00',0),(6255,1177,6117,6119,6121,1189,13636.37,'','Ф1855/140218 РП7,РК ОНЛАЙН ЗАЯВКИ КР.КАРТИ 02/2018','2018-02-19 16:32:00','2018-02-21 16:32:50','2018-02-21 14:39:29',0),(6257,1177,5907,5909,5911,1189,300.00,'','Ф1854/140218 АК ПО РП4','2018-02-19 16:33:00','2018-02-21 16:33:25','2018-02-21 14:40:04',0),(6259,1177,5907,5909,5911,1187,24000.00,'','Ф1853/140218 РП4,ГОД.НАГРАДИ ИМОТИ.НЕТ 01-1222018','2018-02-19 16:33:00','2018-02-21 16:33:53','2018-02-21 14:40:32',0),(6261,1177,1603,4685,4687,1187,144.10,'','\' F. 22472 I KI 22473DSK-OBYAVA SLIVEN\'','2018-02-07 16:45:00','2018-02-21 16:45:23','2018-02-21 14:52:02',0),(6263,1177,1651,4803,4807,1187,241.95,'','\' F. 22463 I KI 22484DSK-OBYAVA VIDIN\'','2018-02-07 16:46:00','2018-02-21 16:46:27','2018-02-21 14:53:06',0),(6265,1177,5895,6133,6135,1187,167.49,'','\' f. 22599 i KI 22761DSK - TARG LOVECH\'','2018-02-15 16:51:00','2018-02-21 16:51:15','2018-02-21 14:57:55',0),(6285,1177,5907,5941,6287,1187,24000.00,'','ПРОФ.3102-18/21.02.2018 ПАРТНЬОРСТВО НА ИМОТИ.НЕТ','2018-02-22 11:36:00','2018-02-22 11:36:09','2018-02-26 12:04:37',0),(6295,1177,5889,5935,5975,1187,16323.12,'','Ф. 22600 И КИ 22720 ДСК - ВЪНШНА РЕКЛАМА','2018-02-23 13:29:00','2018-02-23 13:29:31','2018-02-23 11:06:29',0),(6297,1177,5901,5939,5979,1187,1064.78,'','Ф. 22625 И КИ 22722 ДСК-ТЪРГ- В. СТАНДАРТ','2018-02-23 13:32:00','2018-02-23 13:31:59','2018-02-23 11:16:19',0),(6299,1177,5901,5939,5979,1187,497.99,'','ф. 22778 и ки 22779дск - ДСК - ИНТЕРНЕТ РЕКЛАМА ТЪРГ СОФИЯ','2018-02-23 13:32:00','2018-02-23 13:33:22','2018-02-23 11:40:02',0),(6301,1177,5889,6127,6129,1187,22531.16,'','ф. 1000002869/09.02.2018 наем рекламна площ','2018-02-23 13:34:00','2018-02-23 13:34:23','2018-02-23 11:41:03',0),(6309,1177,5889,5935,5975,1187,13796.12,'','Ф. 22785 И КИ 22786 ДСК-ВЪНШНА РЕКЛАМА ПОТР. КРЕДИТИ','2018-02-23 14:14:00','2018-02-23 14:13:46','2018-02-23 12:20:26',0),(6377,1177,1293,1295,1297,1189,49.50,'',' Ф1829/250118 АК ПО РП 10 ОКОНЧАТЕЛНО ПЛАЩАНЕ ','2018-02-13 10:43:00','2018-02-26 10:43:08','2018-02-26 08:49:48',0),(6379,1177,1511,1513,1515,1189,900.00,'','Ф1842/080218 АК ПО РП45А ОКОНЧАТЕЛНО ПЛАЩАНЕ','2018-02-13 10:44:00','2018-02-26 10:43:58','2018-02-26 08:50:39',0),(6381,1177,1645,1647,1649,1189,438.65,'','Ф1840/080218 АК ПО РП 66 ОКОНЧАТЕЛНО ПЛАЩАНЕ','2018-02-13 10:44:00','2018-02-26 10:44:42','2018-02-26 08:51:23',0),(6383,1177,1567,1569,1571,1189,900.00,'','Ф1843/080218 АК ПО РП 53А ОКОНЧАТЕЛНО ПЛАЩАНЕ','2018-02-13 10:45:00','2018-02-26 10:45:29','2018-02-26 08:52:10',0),(6385,1177,1543,1545,1547,1189,3614.44,'','Ф1848/120218 АК ПО РП50 ОКОНЧАТЕЛНО ПЛАЩАНЕ','2018-02-14 10:46:00','2018-02-26 10:46:05','2018-02-26 08:52:46',0),(6387,1177,1633,1635,1637,1189,26.99,'','КАФЕ КОМЮНИКЕЙШЪНС СОФИЯ Ф-РА 1841/08,02,2018 АК ПО РП 64/20112018-ОКОНЧ.ПЛ.','2018-02-15 10:47:00','2018-02-26 10:46:50','2018-02-26 08:53:31',0),(6389,1177,6097,6313,6315,1187,11862.89,'','\'ф. 22790 и ки 22793 ДСК- потреб. кредити\'','2018-02-26 10:59:00','2018-02-26 10:59:34','2018-02-26 09:06:15',0),(6391,1177,6097,6313,6315,1187,1297.65,'','\'Ф. 22794 И КИ 22795 ДСК-ПОТРЕБ. КРЕДИТИ\'','2018-02-26 10:59:00','2018-02-26 11:00:19','2018-02-26 09:07:00',0),(6393,1177,6097,6313,6315,1187,163707.33,'','\'Ф. 22791 И КИ 22792 ДСК-ПОТРЕБ. КРЕДИТИ\'','2018-02-26 10:59:00','2018-02-26 11:01:06','2018-02-26 09:07:47',0),(6395,1177,6097,6313,6315,1187,13783.48,'','\'Ф. 22723 И КИ 22801 ДСК-ПОТРЕБ. КРЕДИТИ\'','2018-02-26 10:59:00','2018-02-26 11:01:54','2018-02-26 09:08:35',0),(6405,1177,6097,6347,6349,1187,4576.64,'','\'Ф-ра 4000010204/20.02.2018 ДСК -THE MALL\'','2018-02-26 11:05:00','2018-02-26 11:05:15','2018-02-26 09:11:56',0),(6407,1177,6097,6173,6175,1187,1924.61,'','\'ф-ра 3325/15.02.2018 ДСК\'','2018-02-26 11:06:00','2018-02-26 11:05:53','2018-02-26 09:12:34',0),(6409,1177,6097,6179,6181,1187,1809.00,'','\'Ф. 107/19.02.2018 ДСК\'','2018-02-26 11:06:00','2018-02-26 11:06:21','2018-02-26 09:13:02',0),(6411,1177,6097,6185,6187,1187,3096.00,'','\'Ф. 939/16.02.2018 ДСК\'','2018-02-26 11:07:00','2018-02-26 11:07:01','2018-02-26 09:13:42',0),(6413,1177,6097,6191,6193,1187,2400.00,'','\'Ф. 1378/16.02.2018 ДСК\'','2018-02-26 11:07:00','2018-02-26 11:07:30','2018-02-26 09:14:11',0),(6415,1177,6097,6197,6199,1187,2268.00,'','\'Ф.4368/16.02.2018 ДСК\'','2018-02-26 11:08:00','2018-02-26 11:08:00','2018-02-26 09:14:40',0),(6417,1177,6097,6333,6335,1187,20841.32,'','\'Ф. 1899/21.02.2018 ДСК\'','2018-02-26 11:08:00','2018-02-26 11:08:25','2018-02-26 09:15:06',0),(6419,1177,6097,6341,6343,1187,7500.00,'','\'Ф. 38/16.02.2018 ДСК\'','2018-02-26 11:09:00','2018-02-26 11:08:54','2018-02-26 09:15:35',0),(6421,1177,6097,6203,6205,1187,6508.51,'','\'Ф. 9446/15.02.2018 ДСК\'','2018-02-26 11:09:00','2018-02-26 11:09:21','2018-02-26 09:16:02',0),(6423,1177,6097,6209,6211,1187,1111.32,'','\'Ф. 0100000654/01.02.2017 ДСК\'','2018-02-26 11:10:00','2018-02-26 11:10:16','2018-02-26 09:16:57',0),(6425,1177,6097,6359,6361,1187,1016.06,'','\'Ф. 3373/16.02.2018 ДСК\'','2018-02-26 11:11:00','2018-02-26 11:10:51','2018-02-26 09:17:32',0),(6427,1177,6097,6353,6355,1187,2217.90,'','\'Ф. 4771/16.02.2018 ДСК\'','2018-02-26 11:11:00','2018-02-26 11:11:20','2018-02-26 09:18:01',0),(6431,1177,1615,1617,1619,1189,909.06,'','Ф1859/220218 АК ПО РП61 ОКОНЧАТЕЛНО ПЛАЩАНЕ ','2018-02-26 15:16:00','2018-02-26 15:16:25','2018-02-28 14:17:50',0),(6439,1177,6079,6433,6435,1187,18698.90,'','\' TEHNOMARKETWhirlpool\'','2018-02-08 12:35:00','2018-02-27 12:35:42','2018-02-27 10:42:23',0),(6447,1177,6085,6441,6443,1187,13623.18,'','\' TEHNOMARKETNOKIA 6\'','2018-02-08 12:38:00','2018-02-27 12:38:41','2018-02-27 10:45:22',0),(6453,1177,6091,6449,6451,1187,20258.40,'',' TEHNOMARKETHUAWEI\'','2018-02-16 12:44:00','2018-02-27 12:44:07','2018-02-28 14:21:22',0),(6455,1177,1555,4447,4449,1187,110.24,'',' F.22236 i KI 22471DSK - PECHATNA REKLAMA SMOLYAN\'','2018-01-29 12:46:00','2018-02-27 12:46:53','2018-02-27 10:53:35',0),(6457,1177,6053,6161,6163,1187,5922.00,'',' f. 22629 i ki 22661DSK- REKLAMA TRUD I 24 CHASA\'','2018-01-23 12:48:00','2018-02-27 12:48:15','2018-02-27 10:54:56',0),(6479,1177,5889,5935,5975,1187,3971.12,'',' F. 22618 I KI 22620DSK\'','2018-01-11 15:37:00','2018-02-28 15:37:06','2018-02-28 13:43:48',0),(6481,1177,5889,5935,5975,1187,138790.72,'',' F. 22597 I KI 22619\'','2018-01-11 15:37:00','2018-02-28 15:37:45','2018-02-28 13:44:27',0),(6483,1177,1657,1659,1661,1189,4.08,'','КАФЕ КОМЮНИКЕЙШЪНС СОФИЯ Ф-РА 1799/31,12,2017 АК ПО РП 68/30112017','2018-02-28 17:07:00','2018-02-28 17:07:53','2018-02-28 15:14:35',0),(6485,1177,1657,1659,1661,1189,36.00,'','КАФЕ КОМЮНИКЕЙШЪНС СОФИЯ Ф-РА 1800/31,12,2017 РП 68/30112017-КОРЕКЦИЯ КАРЕ','2018-02-28 17:10:00','2018-02-28 17:10:25','2018-02-28 15:17:07',0),(6489,1177,1657,1659,1661,1189,4.08,'','КАФЕ КОМЮНИКЕЙШЪНС СОФИЯ Ф-РА 1820/11,01,2018 АК ПО РП 68/30112017-ОКОНЧ.ПЛ.','2018-02-28 17:10:00','2018-02-28 17:11:41','2018-02-28 14:12:54',0),(6493,1177,1633,1635,1637,1189,26.99,'','КАФЕ КОМЮНИКЕЙШЪНС СОФИЯ Ф-РА 1790/18,12,2017 АК ПО РП 64/20,11,2017','2018-02-28 17:13:00','2018-02-28 17:13:41','2018-02-28 15:20:23',0),(6495,1177,1657,1659,1661,1189,326.59,'','КАФЕ КОМЮНИКЕЙШЪНС СОФИЯ Ф-РА 1798/31,12,2017 РП 68/30112017-ОБЯВА ЗА ТЪРГ','2018-02-28 17:14:00','2018-02-28 17:14:29','2018-02-28 15:21:11',0),(6509,1177,6289,6503,6505,1187,19723.34,'','\' TEHNOMARKETFILIPS\'','2018-02-27 17:26:00','2018-02-28 17:26:15','2018-02-28 15:32:56',0),(6519,1177,6511,6513,6515,1187,14869.98,'','\' TEHNOMARKETROWENTA\'','2018-02-28 17:43:00','2018-02-28 17:43:05','2018-02-28 15:49:47',0),(6521,1177,6079,6459,6461,1187,28877.51,'',' REKLAMA TEHNOMARKETF. 1000050459/23.02.2018\'','2018-03-01 16:49:00','2018-03-01 16:49:48','2018-03-06 10:31:51',0),(6523,1177,6085,6465,6467,1187,20373.79,'',' REKLAMA TEHNOMARKETF. 1000050445/22.02.2018\'','2018-03-02 00:00:00','2018-03-01 16:50:41','2018-03-06 10:31:10',0),(6525,1177,1657,4813,4815,1187,316.80,'','\' F. 22464 I KI 22485 OT 2017G.DSK - OBYAVI DOBRICH\'','2018-03-01 16:52:00','2018-03-01 16:51:58','2018-03-06 10:32:46',0),(6547,1177,6097,6541,6543,1187,616.70,'','\' F. 15022/28.02.2018dsk\'','2018-03-06 13:40:00','2018-03-06 13:41:02','2018-03-07 09:40:52',0),(6555,1177,6267,6549,6553,1187,29102.40,'','Ф-ра 1000001694/06.03.2018','2018-03-07 12:35:00','2018-03-07 12:34:38','2018-03-07 10:41:22',0),(6563,1177,6267,6557,6559,1187,15930.00,'','Ф. 1000000009/06.03.2018','2018-03-07 12:37:00','2018-03-07 12:37:13','2018-03-07 10:43:57',0),(6571,1177,6097,6565,6567,1187,3840.46,'',' F. 978/15.02.2018DSK\'','2018-02-28 12:48:00','2018-03-07 12:48:29','2018-03-07 10:55:14',0),(6573,1177,6279,6281,6283,1189,3960.00,'','Ф1868/020318 РП10,РК В СП UNIQUE ESTATES 03-112018','2018-03-07 10:04:00','2018-03-08 10:04:56','2018-03-08 07:16:36',0),(6579,1177,6279,6281,6283,1189,49.50,'','Ф1869/020318 АК ПО РП10','2018-03-07 10:04:00','2018-03-08 10:17:34','2018-03-08 08:24:19',0),(6585,1177,6273,6275,6277,1189,29337.46,'','Ф1866/020318 РП9,РК В СП. ПРЕМИУМ ЛАЙФСТАЙЛ 02-122018','2018-03-07 10:19:00','2018-03-08 10:19:07','2018-03-08 08:25:52',0),(6587,1177,6273,6275,6277,1189,366.72,'','Ф1867/020318/ АК ПО РП9','2018-03-07 10:19:00','2018-03-08 10:19:35','2018-03-08 08:26:20',0),(6593,1177,6267,6269,6271,1189,45032.40,'','Ф1864/020318 РП8 РК В.БАНКЕР И БАНКЕР СПЕШЪЛ 02-122018','2018-03-07 10:21:00','2018-03-08 10:21:13','2018-03-08 08:27:58',0),(6595,1177,6267,6269,6271,1189,562.91,'','Ф1865/020318 АК ПО РП8','2018-03-07 10:21:00','2018-03-08 10:21:37','2018-03-08 08:28:22',0),(6605,1177,6273,6597,6599,1187,18071.87,'','Ф-ра 3333/02.03.2018','2018-03-09 11:04:00','2018-03-09 11:04:45','2018-03-09 09:11:30',0),(6607,1177,6273,6597,6599,1187,11265.58,'','Ф-ра 3341/07.03.2018','2018-03-09 11:04:00','2018-03-09 11:05:32','2018-03-09 09:12:17',0),(6645,1177,1663,1665,1667,1189,20.86,'','КАФЕ КОМЮНИКЕЙШЪНС СОФИЯ Ф-РА 1802/31,12,2017 АК ПО РП 69/06122017','2018-03-09 13:25:00','2018-03-13 13:25:31','2018-03-13 11:32:18',0),(6647,1177,1663,1665,1667,1189,20.86,'','КАФЕ КОМЮНИКЕЙШЪНС СОФИЯ Ф-РА 1860/22,02,2018 АК ПО РП 69/06122017-ОКОНЧ.ПЛ.','2018-03-09 13:25:00','2018-03-13 13:26:05','2018-03-13 11:32:51',0),(6649,1177,1663,1665,1667,1189,1668.49,'','КАФЕ КОМЮНИКЕЙШЪНС СОФИЯ Ф-РА 1801/31,12,2017 РП 69/06,12,2017-ОБЯВА ЗА ТЪРГ','2018-03-09 13:25:00','2018-03-13 13:27:09','2018-03-13 11:33:55',0),(6651,1177,1663,1665,1667,1189,288.00,'','КАФЕ КОМЮНИКЕЙШЪНС СОФИЯ Ф-РА 1803/31,12,2017 РП 69/06122017-ИЗРАБОТКА КАРЕ','2018-03-09 13:25:00','2018-03-13 13:27:37','2018-03-13 11:34:24',0),(6653,1177,1427,1429,1431,1189,2438.42,'','Ф1872/080318 АК ПО РП32 ОКОНЧАТЕЛНО ПЛАЩАНЕ','2018-03-12 13:28:00','2018-03-13 13:29:23','2018-03-13 11:36:10',0),(6655,1177,1681,1683,1685,1189,660.01,'','Ф1873/080318 АК ПО РП72 ОКОНЧАТЕЛНО ПЛАЩАНЕ','2018-03-12 13:30:00','2018-03-13 13:30:48','2018-03-13 11:37:35',0),(6657,1177,1311,1313,1315,1189,117.36,'','Ф1870/080318 АК ПО РП13 ОКОНЧАТЕЛНО ПЛАЩАНЕ','2018-03-12 13:32:00','2018-03-13 13:32:41','2018-03-13 11:39:28',0),(6659,1177,1403,1405,1407,1189,2439.01,'','Ф1871/080318 АК ПО РП28 ОКОНЧАТЕЛНО ПЛАЩАНЕ','2018-03-12 13:33:00','2018-03-13 13:33:41','2018-03-13 11:40:28',0),(6661,1177,6279,6639,6641,1187,3960.00,'','Ф. 1717/09.03.2018','2018-03-14 09:50:00','2018-03-14 09:50:37','2018-03-14 07:57:24',0),(6663,1177,1663,4821,4823,1187,1100.10,'','ф.22482 и ки 22486','2018-03-15 09:43:00','2018-03-15 09:43:14','2018-03-15 07:50:01',0),(6717,1177,6615,6617,6619,1189,4767.49,'','Ф1875/130318 АК ПО РП11','2018-03-19 12:10:00','2018-03-20 12:09:50','2018-03-20 10:16:39',0),(6719,1177,6615,6617,6619,1189,381399.78,'','Ф1874/130318 РП 11,РК ЖИЛИЩНИ И ИПОТЕЧНИ КРЕДИТИ 0603-220418','2018-03-19 12:10:00','2018-03-20 12:10:20','2018-03-20 10:17:09',0),(6725,1177,6621,6623,6625,1189,45.00,'','Ф1877/130318 АК ПО РП12','2018-03-19 12:17:00','2018-03-20 12:18:04','2018-03-20 10:24:53',0),(6727,1177,6621,6623,6625,1189,3600.00,'','Ф1876/130318 РП12 03/2018 СП.INTELI AGROBOOK','2018-03-19 12:17:00','2018-03-20 12:18:29','2018-03-20 10:25:18',0),(6733,1177,6627,6629,6631,1189,12215.28,'','Ф1878/130318 РП 13,РК ВГРАЖДАНЛОГО В САЙТ 090218-09022020','2018-03-19 12:20:00','2018-03-20 12:20:08','2018-03-20 10:26:57',0),(6735,1177,6627,6629,6631,1189,152.69,'','Ф1879/130318 АК ПО РП13','2018-03-19 12:20:00','2018-03-20 12:20:43','2018-03-20 10:27:32',0),(6745,1177,6621,6739,6741,1187,3600.00,'','\' F. 18/22.03.2018DSK\'','2018-03-23 13:45:00','2018-03-23 13:45:34','2018-03-23 11:52:24',0),(6755,1177,6615,6747,6749,1187,22353.65,'','\' F. 22944 I KI 22945DSK\'','2018-03-23 13:51:00','2018-03-23 13:51:35','2018-03-23 11:58:25',0),(6765,1177,6683,6759,6761,1187,14116.78,'','\' TEHNOMARKETALCATEL\'','2018-03-21 14:24:00','2018-03-23 14:23:41','2018-03-23 12:30:31',0),(6767,1177,6677,6757,6763,1187,19609.00,'','\' TEHNOMARKETSONY\'','2018-03-21 14:24:00','2018-03-23 14:24:07','2018-03-23 12:30:57',0),(6773,1177,6671,6769,6771,1187,17118.82,'','\' TEHNOMARKETHP\'','2018-03-20 14:28:00','2018-03-23 14:28:23','2018-03-23 12:35:13',0),(6779,1177,6665,6775,6777,1187,18872.06,'','\' TEHNOMARKETLENOVO 320\'','2018-03-15 14:30:00','2018-03-23 14:29:48','2018-03-27 10:41:41',0),(6781,1177,6091,6609,6611,1187,30480.52,'','\' REKLAMA TEHNOMARKETF. 1000050835/28.02.2018\'','2018-03-12 14:31:00','2018-03-23 14:30:44','2018-03-23 12:37:34',0),(6789,1177,6615,6783,6785,1187,4647.05,'','\' F.455/01.03.2018DSK\'','2018-03-23 15:36:00','2018-03-23 15:37:10','2018-03-23 13:44:00',0),(6797,1177,6615,6791,6793,1187,9432.43,'','\' F. 9569/12.03.2018DSK\'','2018-03-23 15:39:00','2018-03-23 15:39:15','2018-03-23 13:46:05',0),(6805,1177,6615,6799,6801,1187,1633.50,'','\' F.4418/20.03.2018DSK\'','2018-03-23 15:41:00','2018-03-23 15:41:09','2018-03-23 13:48:00',0),(6813,1177,6615,6807,6809,1187,12878.11,'',' f-ra 5000001396/13.03.2018DSK\'','2018-03-23 15:43:00','2018-03-23 15:43:02','2018-03-23 13:49:52',0),(6821,1177,6615,6815,6817,1187,2133.07,'','\' F. 118/22.03.2018DSK\'','2018-03-23 15:45:00','2018-03-23 15:45:28','2018-03-23 13:52:19',0),(6829,1177,6615,6823,6825,1187,2883.14,'','\' F. 984/19.03.2018DSK\'','2018-03-23 15:47:00','2018-03-23 15:46:59','2018-03-23 13:53:49',0),(6837,1177,6615,6831,6833,1187,2535.55,'','\' F.1000002898/21.03.2018DSK\'','2018-03-23 15:48:00','2018-03-23 15:48:39','2018-03-23 13:55:29',0),(6851,1177,6615,6747,6749,1187,228129.23,'','\' F. 22927 I KI 22932DSK\'','2018-03-23 15:55:00','2018-03-23 15:54:58','2018-03-23 14:01:48',0),(6853,1177,6615,6747,6749,1187,11030.06,'','\' F.22929 I KI22931DSK\'','2018-03-23 15:55:00','2018-03-23 15:55:37','2018-03-23 14:02:27',0),(6855,1177,6615,6747,6749,1187,11852.85,'','\' F.22928 I KI 22933DSK\'','2018-03-23 15:55:00','2018-03-23 15:56:05','2018-03-23 14:02:56',0),(6863,1177,6615,6857,6859,1187,12091.67,'','Ф. 0100005835/23.03.2018 ДСК','2018-03-26 13:16:00','2018-03-26 13:16:41','2018-03-26 10:23:32',0),(6879,1177,6869,6871,6873,1189,1642.90,'','Ф.1892/21032018 РП16 РКВ СП.БЪЛГАРСКИ ЦИФРИ М.','2018-03-27 13:48:00','2018-03-27 13:47:50','2018-03-27 10:54:41',0),(6881,1177,6869,6871,6873,1189,20.54,'','Ф.1893/21032018 АГ.КОМИС.ПО РП 16','2018-03-27 13:48:00','2018-03-27 13:48:13','2018-03-27 10:55:04',0),(6885,1177,5901,5903,5905,1189,146.69,'','Ф.1909/22032018 АК ПО РП3-ОКОНЧАТЕЛНО ПЛАЩАНЕ','2018-03-27 13:50:00','2018-03-27 13:51:39','2018-03-27 10:58:30',0),(6895,1177,6869,6889,6891,1187,1642.90,'','Ф.6448/09,03,2018 РЕКЛАМНА СТРАНИЦА','2018-03-28 10:09:00','2018-03-28 10:09:10','2018-03-28 07:16:02',0),(6901,1177,6897,6899,0,1187,26477.81,'','ТЕХНОМАРКЕТ SAMSUNG J320','2018-03-28 11:04:00','2018-03-28 11:04:03','2018-03-28 08:10:55',0),(6903,1177,1609,1611,1613,1189,365.86,'','Ф.1917/23032018 АК ПО РП 60 ОКОНЧ.ПЛАЩАНЕ','2018-03-28 09:42:00','2018-03-29 09:42:07','2018-03-29 06:43:45',0),(6909,1177,1365,1367,1369,1189,4768.28,'','Ф.1916/23032018 КАФЕ КОМЮНИК. СОФИЯ ООД АК ПО РП 22','2018-03-28 09:45:00','2018-03-29 09:45:16','2018-03-29 06:52:08',0),(6933,1177,1579,1581,1583,1189,1224.29,'','Ф.1712/02112017 РП55-ПЕЧАТ И ИЗРАБ.НА ХАРТ.ВИНИЛИ','2018-04-02 13:26:00','2018-04-03 13:26:06','2018-04-03 10:33:00',0),(6937,1177,1445,1447,1449,1189,2168.47,'','Ф.1919/28032018 АК ПО РП 35 ОКОНЧ.ПЛАЩАНЕ	БАНКА ДСК-АВТ.ВЪТРЕШНОБ.РАЗЧ.','2018-04-02 13:29:00','2018-04-03 13:28:57','2018-04-03 10:35:51',0),(6945,1177,6511,6939,6941,1187,25620.38,'','Ф.1000051386/26.03.2018','2018-04-03 13:35:00','2018-04-03 13:35:52','2018-04-03 10:42:46',0),(6953,1177,6289,6947,6949,1187,27640.27,'','Ф.1000051385/26.03.2018','2018-04-03 13:38:00','2018-04-03 13:38:17','2018-04-03 10:45:11',0),(6957,1177,5889,5891,5893,1189,1019.27,'','КАФЕ КОМЮНИКЕЙШЪНС Ф РА 1926/03042018 АК ПО РП 1 П Д 2603-3006/2018','2018-04-04 12:11:00','2018-04-16 12:11:45','2018-04-16 09:18:43',0),(6961,1177,5889,5891,5893,1189,81541.00,'','КАФЕ КОМЮНИКЕЙШЪНС Ф РА 1925/03042018 РП 1 П Д 2603-3006/2018','2018-04-04 12:11:00','2018-04-16 12:13:15','2018-04-16 09:20:13',0),(6967,1177,6633,6635,6637,1189,240623.05,'','КАФЕ КОМЮНИКЕЙШЪНС Ф РА 1927/03042018 РП 14 П Д 0503-2106/2018','2018-04-04 12:15:00','2018-04-16 12:15:40','2018-04-16 09:22:38',0),(6969,1177,6633,6635,6637,1189,3007.79,'','КАФЕ КОМЮНИКЕЙШЪНС Ф РА 1928/03042018 АК ПО РП 14 П Д 0503-2106/2018','2018-04-04 12:15:00','2018-04-16 12:16:10','2018-04-16 09:23:09',0),(6975,1177,6867,6911,6913,1189,381298.57,'','КАФЕ КОМЮНИКЕЙШЪНС Ф РА 1933/03042018 РП 15 П Д 1604-3006/2018','2018-04-04 12:17:00','2018-04-16 12:17:43','2018-04-16 09:24:41',0),(6979,1177,6867,6911,6913,1189,4766.23,'','КАФЕ КОМЮНИКЕЙШЪНС Ф РА 1934/03042018 АК ПО РП 15 П Д 1604-3006/2018','2018-04-04 12:17:00','2018-04-16 12:18:34','2018-04-16 09:25:33',0),(7007,1177,6981,6999,7001,1189,13636.37,'','Ф.1929/03042018 РП 17/РК ОНЛАЙН ЗАЯВКИ ЗА КР. КАРТИ 01/31032018','2018-04-05 12:44:00','2018-04-16 12:44:49','2018-04-16 09:51:48',0),(7009,1177,6981,6999,7001,1189,681.82,'','Ф.1930/03042018 АК ПО РП 17','2018-04-05 12:44:00','2018-04-16 12:45:19','2018-04-16 09:52:18',0),(7019,1177,6983,7011,7013,1189,13636.37,'','Ф.1931/03042018 РП 18 РК ОНЛАЙН ЗАЯВКИ ЗА ПОТРКРЕДИТИ 01/31032018','2018-04-05 12:48:00','2018-04-16 12:48:16','2018-04-16 09:55:15',0),(7021,1177,6983,7011,7013,1189,681.82,'','Ф.1932/03042018 АК ПО РП 18','2018-04-05 12:48:00','2018-04-16 12:48:43','2018-04-16 09:55:41',0),(7041,1177,6991,7029,7031,1189,305.96,'','КАФЕ КОМЮНИКЕЙШЪНС СОФИЯ ООД Ф-РА 1897/21,03,2018 РП 22/14032018-ОБЯВА ЗА ТЪРГ','2018-04-04 12:54:00','2018-04-16 12:54:19','2018-04-16 10:01:18',0),(7043,1177,6991,7029,7031,1189,3.83,'','КАФЕ КОМЮНИКЕЙШЪНС СОФИЯ ООД Ф-РА 1898/21,03,2018 АК ПО РП 22/14032018','2018-04-04 12:54:00','2018-04-16 12:55:04','2018-04-16 10:02:03',0),(7045,1177,6991,7029,7031,1189,36.00,'','КАФЕ КОМЮНИКЕЙШЪНС СОФИЯ Ф-РА 1899/21,03,2018 РП 22/14032018-КОРЕКЦИЯ КАРЕ','2018-04-04 12:54:00','2018-04-16 12:55:54','2018-04-16 10:02:53',0),(7047,1177,6991,7029,7031,1189,3.83,'','КАФЕ КОМЮНИКЕЙШЪНС СОФИЯ Ф-РА 1921/29,03,2018 АК ПО РП 22/14032018-ОКОНЧ.ПЛ.','2018-04-04 12:54:00','2018-04-16 12:56:37','2018-04-16 10:03:36',0),(7069,1177,6993,7049,7059,1189,178.18,'','КАФЕ КОМЮНИКЕЙШЪНС СОФИЯ Ф-РА 1900/21,03,2018 РП 23/14032018-ОБЯВА ЗА ТЪРГ','2018-04-04 13:47:00','2018-04-16 13:47:33','2018-04-16 10:54:32',0),(7071,1177,6993,7049,7059,1189,2.22,'','КАФЕ КОМЮНИКЕЙШЪНС СОФИЯ Ф-РА 1901/21,03,2018 АК ПО РП 23/14032018','2018-04-04 13:47:00','2018-04-16 13:48:11','2018-04-16 10:55:10',0),(7073,1177,6993,7049,7059,1189,36.00,'','КАФЕ КОМЮНИКЕЙШЪНС СОФИЯ Ф-РА 1902/21,03,2018 РП 23/14032018-КОРЕКЦИЯ КАРЕ','2018-04-04 13:47:00','2018-04-16 13:48:37','2018-04-16 10:55:35',0),(7075,1177,6993,7049,7059,1189,2.22,'','КАФЕ КОМЮНИКЕЙШЪНС СОФИЯ Ф-РА 1922/29,03,2018 АК ПО РП 23/14032018-ОКОНЧ.ПЛ.','2018-04-04 13:47:00','2018-04-16 13:49:14','2018-04-16 10:56:13',0),(7087,1177,6995,7051,7077,1189,148.56,'','КАФЕ КОМЮНИКЕЙШЪНС СОФИЯ Ф-РА 1903/21,03,2018 РП 24/14032018-ОБЯВА ЗА ТЪРГ','2018-04-04 13:52:00','2018-04-16 13:52:37','2018-04-16 10:59:36',0),(7089,1177,6995,7051,7077,1189,1.85,'','КАФЕ КОМЮНИКЕЙШЪНС СОФИЯ Ф-РА 1923/29,03,2018 АК ПО РП 24/14032018-ОКОНЧ.ПЛ.','2018-04-04 13:52:00','2018-04-16 13:53:16','2018-04-16 11:00:15',0),(7091,1177,6995,7051,7077,1189,36.00,'','КАФЕ КОМЮНИКЕЙШЪНС СОФИЯ Ф-РА 1905/21,03,2018 РП 24/14032018-КОРЕКЦИЯ КАРЕ','2018-04-04 13:52:00','2018-04-16 13:53:44','2018-04-16 11:00:43',0),(7093,1177,6995,7051,7077,1189,1.85,'','КАФЕ КОМЮНИКЕЙШЪНС СОФИЯ Ф-РА 1904/21,03,2018 АК ПО РП 24/14032018-','2018-04-04 13:52:00','2018-04-16 13:54:11','2018-04-16 11:01:10',0),(7105,1177,7055,7057,7095,1189,3.12,'','КАФЕ КОМЮНИКЕЙШЪНС СОФИЯ ООД Ф-РА 1907/21,03,2018 АК ПО РП 26/14032018','2018-04-04 14:01:00','2018-04-16 14:01:34','2018-04-16 11:08:33',0),(7107,1177,7055,7057,7095,1189,249.44,'','КАФЕ КОМЮНИКЕЙШЪНС СОФИЯ ООД Ф-РА 1906/21,03,2018 РП 26/14032018-ОБЯВА ЗА ТЪРГ','2018-04-04 14:01:00','2018-04-16 14:02:07','2018-04-16 11:09:06',0),(7109,1177,7055,7057,7095,1189,36.00,'','КАФЕ КОМЮНИКЕЙШЪНС СОФИЯ ООД Ф-РА 1908/21,03,2018 РП 26/14032018-КОРЕКЦИЯ КАРЕ','2018-04-04 14:01:00','2018-04-16 14:02:30','2018-04-16 11:09:29',0),(7111,1177,7055,7057,7095,1189,3.12,'','КАФЕ КОМЮНИКЕЙШЪНС СОФИЯ ООД Ф-РА 1924/29,03,2018 АК ПО РП 26/14032018-ОКОНЧ.ПЛ.','2018-04-04 14:01:00','2018-04-16 14:02:59','2018-04-16 11:09:58',0),(7187,1177,6985,7023,7177,1189,36.00,'','КАФЕ КОМЮНИКЕЙШЪНС СОФИЯ Ф-РА 1896/21,03,2018 РП 19/12,03,2018-КОРЕКЦИЯ КАРЕ','2018-04-13 15:31:00','2018-04-16 15:30:49','2018-04-16 12:37:48',0),(7189,1177,6985,7023,7177,1189,4.08,'','КАФЕ КОМЮНИКЕЙШЪНС СОФИЯ Ф-РА 1920/29,03,2018 АК ПО РП 19/12032018-ОКОНЧ.ПЛ','2018-04-13 15:31:00','2018-04-16 15:31:18','2018-04-16 12:38:17',0),(7191,1177,6985,7023,7177,1189,4.08,'','КАФЕ КОМЮНИКЕЙШЪНС СОФИЯ Ф-РА 1895/21,03,2018 АК ПО РП 19/12,03,2018-','2018-04-13 15:31:00','2018-04-16 15:31:48','2018-04-16 12:38:47',0),(7193,1177,6985,7023,7177,1189,326.59,'','КАФЕ КОМЮНИКЕЙШЪНС СОФИЯ Ф-РА 1894/21,03,2018 РП 19/12,03,2018-ОБЯВА ЗА ТЪРГ','2018-04-13 15:31:00','2018-04-16 15:32:12','2018-04-16 12:39:11',0),(7203,1177,6987,7025,7195,1189,1805.18,'','КАФЕ КОМЮНИКЕЙШЪНС СОФИЯ Ф-РА 1935/03,04,2018 РП 20/13,03,2018-ОБЯВА ЗА ТЪРГ','2018-04-12 15:35:00','2018-04-16 15:35:40','2018-04-16 12:42:39',0),(7205,1177,6987,7025,7195,1189,22.56,'','КАФЕ КОМЮНИКЕЙШЪНС СОФИЯ Ф-РА 1936/03,04,2018 АК ПО РП 20/13,03,2018','2018-04-12 15:35:00','2018-04-16 15:36:04','2018-04-16 12:43:02',0),(7207,1177,6987,7025,7195,1189,144.00,'','КАФЕ КОМЮНИКЕЙШЪНС СОФИЯ Ф-РА 1937/03,04,2018 РП 20/13,03,2018-КОРЕКЦИЯ КАРЕ','2018-04-12 15:35:00','2018-04-16 15:36:25','2018-04-16 12:43:24',0),(7211,1177,1481,1483,1485,1189,2.58,'','КАФЕ КОМЮНИКЕЙШЪНС СОФИЯ Ф-РА 1811/11,01,2018 АК ПО РП 41/28072018-ОКОНЧ.ПЛ.','2018-04-13 15:38:00','2018-04-16 15:37:59','2018-04-16 12:44:58',0);

--
-- Table structure for table `crm_payment_invoices`
--

CREATE TABLE `crm_payment_invoices` (
  `payment_id` bigint(20) unsigned NOT NULL DEFAULT '0',
  `invoice_id` bigint(20) unsigned NOT NULL DEFAULT '0',
  UNIQUE KEY `i_p_i` (`payment_id`,`invoice_id`),
  KEY `invoice_id` (`invoice_id`)
) ENGINE=InnoDB DEFAULT CHARSET=utf8;

--
-- Dumping data for table `crm_payment_invoices`
--

INSERT INTO `crm_payment_invoices` (`payment_id`, `invoice_id`) VALUES (2133,1693),(2135,1695),(2137,1697),(2131,1699),(2129,1701),(2139,1703),(2141,1705),(2147,1707),(2145,1709),(2143,1711),(2149,1713),(2153,1715),(2155,1717),(2151,1719),(2163,1721),(2161,1723),(2159,1725),(2157,1727),(2165,1729),(2167,1731),(2171,1733),(2169,1735),(2177,1737),(2175,1739),(2173,1741),(2179,1743),(2181,1745),(2185,1747),(2183,1749),(2189,1751),(2187,1753),(2193,1755),(2191,1757),(2197,1759),(2195,1761),(2199,1763),(2201,1765),(2219,1767),(2203,1769),(2205,1771),(2209,1773),(2207,1775),(2211,1777),(2217,1779),(2213,1781),(2215,1783),(2227,1785),(2225,1787),(2221,1789),(2223,1791),(2229,1793),(2235,1795),(2231,1797),(2233,1799),(2239,1801),(2237,1803),(2243,1805),(2245,1807),(2247,1809),(2241,1811),(2249,1813),(2255,1815),(2253,1817),(2251,1819),(2257,1821),(2259,1823),(2265,1825),(2267,1827),(2263,1829),(2261,1831),(2275,1833),(2269,1835),(2271,1837),(2273,1839),(2283,1841),(2277,1843),(2281,1845),(2279,1847),(2289,1849),(2285,1851),(2287,1853),(2291,1855),(2293,1857),(2295,1861),(2297,1863),(2299,1869),(2301,1871),(2307,1873),(2305,1875),(2303,1877),(2313,1879),(2315,1881),(2311,1883),(2309,1885),(2319,1887),(2317,1889),(2323,1891),(2321,1893),(2329,1895),(2327,1897),(2325,1899),(2331,1901),(2333,1903),(2339,1907),(2337,1909),(2341,1911),(2335,1913),(2345,1915),(2347,1917),(2343,1919),(2349,1921),(2355,1923),(2357,1925),(2353,1927),(2351,1929),(2365,1931),(2363,1933),(2359,1935),(2361,1937),(2369,1939),(2371,1941),(2367,1943),(2377,1945),(2375,1947),(2373,1949),(2381,1951),(2379,1953),(2383,1955),(2385,1957),(2389,1959),(2391,1961),(2387,1963),(2395,1965),(2393,1967),(2397,1969),(2399,1971),(2403,1973),(2401,1975),(2407,1977),(2405,1979),(2411,1981),(2409,1983),(2417,1985),(2419,1987),(2415,1989),(2413,1991),(2421,1993),(2423,1995),(5957,1997),(2427,1999),(2425,2001),(2429,2003),(2431,2005),(2433,2007),(2435,2009),(2439,2011),(2437,2013),(5961,2015),(5959,2017),(5965,2019),(5963,2021),(2443,2023),(2441,2025),(2447,2027),(2445,2029),(2449,2031),(2451,2033),(2453,2035),(2455,2037),(2457,2039),(6933,2041),(2461,2043),(2459,2045),(2463,2047),(2467,2049),(2465,2051),(2473,2053),(2471,2055),(2469,2057),(6021,2059),(6025,2061),(6023,2063),(2475,2065),(2477,2067),(2481,2069),(2479,2071),(2485,2073),(2483,2075),(2487,2077),(2489,2079),(2491,2081),(6493,2083),(2493,2085),(2497,2087),(2495,2089),(2499,2091),(2501,2093),(6003,2095),(6231,2097),(6001,2099),(6483,2101),(6485,2103),(6495,2105),(6645,2107),(6651,2109),(6649,2111),(2503,2113),(2505,2115),(2509,2117),(2507,2119),(2511,2121),(2513,2123),(2517,2125),(2515,2127),(2645,2643),(2655,2653),(2663,2661),(2673,2671),(2685,2681),(2695,2693),(2705,2701),(2707,2703),(2717,2715),(2725,2723),(2733,2731),(2741,2739),(2749,2747),(2759,2755),(2761,2757),(2771,2769),(2791,2789),(2799,2797),(2807,2805),(2815,2813),(2823,2821),(2831,2829),(2841,2837),(2843,2839),(2853,2851),(2861,2859),(2875,2873),(2905,2903),(2913,2911),(2921,2919),(2929,2927),(2937,2935),(2945,2943),(2961,2959),(2969,2967),(2977,2975),(2985,2983),(3001,2993),(2999,2995),(3009,3007),(3019,3017),(3029,3027),(3039,3037),(3047,3045),(3055,3053),(3067,3061),(3065,3063),(3075,3073),(3107,3081),(3105,3083),(3103,3085),(3101,3087),(3099,3089),(3097,3091),(3095,3093),(3115,3113),(3125,3123),(3133,3131),(3141,3139),(3155,3149),(3153,3151),(3163,3161),(3173,3171),(3181,3179),(3189,3187),(3199,3197),(3209,3207),(3217,3215),(3227,3225),(3237,3233),(3239,3235),(3247,3245),(3255,3253),(3271,3261),(3269,3263),(3267,3265),(3279,3277),(3287,3285),(3295,3293),(3303,3301),(3311,3309),(3319,3317),(3327,3325),(3335,3333),(3343,3341),(3351,3349),(3393,3391),(3397,3395),(3401,3399),(3405,3403),(3409,3407),(3413,3411),(3417,3415),(3423,3419),(3427,3425),(3431,3429),(3435,3433),(3439,3437),(3461,3445),(3459,3453),(3457,3455),(3469,3467),(3477,3475),(3485,3483),(3493,3491),(3509,3507),(3517,3515),(3525,3523),(3549,3531),(3551,3533),(3553,3535),(3555,3537),(3557,3539),(3559,3541),(3561,3543),(3563,3545),(3565,3547),(3575,3573),(3579,3577),(3587,3585),(3595,3593),(3603,3601),(3611,3609),(3619,3617),(3627,3625),(3635,3633),(3643,3641),(3679,3677),(3687,3685),(3695,3693),(3703,3701),(3711,3709),(3719,3717),(3735,3725),(3733,3727),(3731,3729),(3743,3741),(3773,3771),(3781,3779),(3791,3787),(3793,3789),(3801,3799),(3809,3807),(3819,3817),(3827,3825),(3835,3833),(3843,3841),(3851,3849),(3859,3857),(3891,3889),(3899,3897),(3907,3905),(3915,3913),(3923,3921),(3933,3931),(3941,3939),(3951,3949),(3959,3957),(3967,3965),(3977,3975),(3991,3983),(3995,3985),(3993,3987),(3997,3989),(4853,4003),(4017,4009),(4015,4011),(4029,4023),(4039,4035),(4049,4045),(4061,4057),(4075,4069),(4079,4071),(4077,4073),(4087,4085),(4103,4095),(4105,4097),(4115,4113),(4149,4121),(4145,4123),(4137,4125),(4141,4127),(4151,4129),(4143,4131),(4147,4133),(4139,4135),(4159,4157),(4163,4161),(4171,4169),(4179,4177),(4187,4185),(4197,4195),(4205,4203),(4213,4211),(4221,4219),(4229,4227),(4237,4235),(4245,4243),(4255,4253),(4263,4261),(4285,4271),(4287,4273),(4291,4275),(4295,4277),(4293,4279),(4297,4281),(4289,4283),(4307,4303),(4309,4305),(4317,4315),(4325,4323),(4333,4331),(4341,4339),(4349,4347),(4357,4355),(4365,4363),(4375,4373),(4385,4383),(4393,4391),(4401,4399),(4405,4403),(4413,4411),(4423,4419),(4425,4421),(4435,4431),(4437,4433),(4445,4443),(6455,4451),(6455,4453),(4461,4459),(4479,4467),(4483,4469),(4487,4471),(4481,4473),(4485,4475),(4489,4477),(4497,4495),(4501,4499),(4509,4507),(4517,4515),(4525,4523),(4855,4531),(4539,4537),(4547,4545),(4555,4553),(4565,4563),(4573,4571),(4581,4579),(4589,4587),(4597,4595),(4613,4605),(4617,4607),(4619,4609),(4615,4611),(4637,4635),(4645,4643),(4659,4651),(4663,4653),(4665,4655),(4661,4657),(4865,4671),(4869,4673),(4867,4675),(4871,4677),(4849,4683),(6261,4689),(6261,4691),(4701,4697),(4703,4699),(4711,4709),(4851,4719),(4727,4725),(4735,4733),(4743,4741),(4755,4753),(4767,4763),(4857,4775),(4861,4777),(4859,4779),(4863,4781),(4789,4787),(4805,4797),(6263,4809),(6263,4811),(6525,4817),(6525,4819),(6663,4825),(6663,4827),(4837,4835),(4845,4843),(4885,4881),(4887,4883),(5515,4909),(5513,4913),(5517,4915),(5517,4917),(4945,4925),(4943,4935),(4959,4953),(4969,4967),(4989,4987),(5007,5005),(5015,5013),(5025,5023),(5037,5035),(5047,5045),(5057,5053),(5067,5065),(5081,5073),(5083,5075),(5093,5091),(5507,5101),(5507,5103),(5117,5113),(5127,5123),(5139,5135),(5141,5137),(5161,5147),(5163,5149),(5159,5151),(5191,5175),(5189,5183),(5187,5185),(5201,5199),(5211,5209),(5229,5227),(5245,5241),(5177,5247),(5219,5249),(5269,5267),(5279,5275),(5303,5299),(5309,5307),(5319,5317),(5331,5325),(5343,5341),(5353,5349),(5363,5361),(5373,5371),(5383,5381),(5391,5389),(5401,5399),(5411,5409),(5421,5419),(5431,5429),(5441,5439),(5451,5449),(5461,5459),(5475,5467),(5485,5483),(5501,5493),(5783,5523),(5783,5529),(5781,5531),(5779,5533),(5775,5539),(5775,5541),(5785,5547),(5785,5549),(5793,5555),(5799,5555),(5793,5557),(5799,5557),(5801,5563),(5867,5563),(5801,5565),(5867,5565),(5791,5571),(5803,5571),(5791,5573),(5803,5573),(5795,5579),(5795,5581),(5797,5587),(5797,5589),(5787,5595),(5865,5595),(5787,5597),(5865,5597),(5843,5603),(5845,5603),(5843,5605),(5845,5605),(5841,5611),(5841,5613),(5789,5619),(5839,5619),(5789,5623),(5839,5623),(5835,5629),(5837,5629),(5835,5631),(5837,5631),(5771,5637),(5771,5639),(5863,5645),(5863,5647),(5831,5653),(5831,5655),(5833,5661),(5833,5665),(5861,5671),(5861,5673),(5859,5679),(5859,5681),(5829,5687),(5829,5689),(5827,5695),(5827,5697),(5847,5703),(5847,5705),(5849,5711),(5849,5713),(5855,5719),(5857,5719),(5855,5721),(5857,5721),(5851,5727),(5853,5727),(5851,5729),(5853,5729),(5809,5735),(5811,5735),(5809,5737),(5811,5737),(5807,5743),(5807,5745),(5805,5751),(5805,5753),(5813,5759),(5815,5759),(5817,5759),(5813,5761),(5815,5761),(5817,5761),(5765,5767),(5765,5769),(5877,5875),(5931,5919),(5927,5921),(6233,5923),(6229,5925),(6227,5929),(5971,5967),(5973,5969),(6295,5977),(6297,5981),(5991,5989),(5995,5993),(5999,5997),(6007,6005),(6011,6009),(6015,6013),(6019,6017),(6029,6027),(6033,6031),(6037,6035),(6041,6039),(6045,6043),(6049,6047),(6061,6059),(6071,6069),(6077,6075),(6235,6123),(6237,6125),(6301,6131),(6265,6137),(6265,6139),(6239,6147),(6241,6149),(6243,6151),(6299,6153),(6299,6155),(6259,6157),(6257,6159),(6457,6165),(6457,6167),(6249,6169),(6251,6171),(6407,6177),(6409,6183),(6411,6189),(6413,6195),(6415,6201),(6421,6207),(6423,6213),(6247,6215),(6245,6217),(6255,6219),(6253,6221),(6295,6303),(6309,6305),(6309,6307),(6297,6311),(6395,6317),(6391,6319),(6389,6321),(6395,6323),(6393,6325),(6391,6327),(6389,6329),(6393,6331),(6417,6337),(6419,6345),(6405,6351),(6427,6357),(6425,6363),(6381,6365),(6387,6367),(6383,6369),(6385,6371),(6379,6373),(6377,6375),(6285,6429),(6439,6437),(6447,6445),(6521,6463),(6523,6469),(6481,6471),(6481,6473),(6479,6475),(6479,6477),(6489,6491),(6431,6499),(6453,6501),(6509,6507),(6519,6517),(6547,6545),(6555,6551),(6563,6561),(6571,6569),(6573,6575),(6579,6577),(6585,6581),(6587,6583),(6593,6589),(6595,6591),(6605,6601),(6607,6603),(6781,6613),(6661,6643),(6717,6713),(6719,6715),(6725,6721),(6727,6723),(6735,6729),(6733,6731),(6745,6743),(6755,6751),(6755,6753),(6789,6787),(6797,6795),(6805,6803),(6813,6811),(6821,6819),(6829,6827),(6837,6835),(6853,6839),(6855,6841),(6853,6843),(6851,6845),(6855,6847),(6851,6849),(6863,6861),(6779,6865),(6879,6875),(6881,6877),(6885,6883),(6895,6893),(6903,6905),(6909,6907),(6937,6935),(6945,6943),(6953,6951),(6957,6955),(6961,6959),(6969,6963),(6967,6965),(6979,6971),(6975,6973),(7009,7003),(7007,7005),(7021,7015),(7019,7017),(7043,7033),(7047,7035),(7045,7037),(7041,7039),(7075,7061),(7071,7063),(7073,7065),(7069,7067),(7093,7079),(7091,7081),(7089,7083),(7087,7085),(7111,7097),(7107,7099),(7109,7101),(7105,7103),(7191,7179),(7193,7181),(7189,7183),(7187,7185),(7207,7197),(7205,7199),(7203,7201),(7211,7209);

--
-- Table structure for table `crm_project`
--

CREATE TABLE `crm_project` (
  `id` bigint(20) unsigned NOT NULL DEFAULT '0',
  `user_id` bigint(20) unsigned NOT NULL DEFAULT '0',
  `customer_id` bigint(20) unsigned NOT NULL DEFAULT '0',
  `code` varchar(32) NOT NULL DEFAULT '',
  `title` varchar(255) NOT NULL DEFAULT '',
  `project_date` datetime NOT NULL DEFAULT '0000-00-00 00:00:00',
  `create_at` datetime NOT NULL,
  `update_at` timestamp NOT NULL DEFAULT CURRENT_TIMESTAMP,
  `status` int(10) unsigned NOT NULL DEFAULT '0',
  `incomes_amount` decimal(14,2) NOT NULL DEFAULT '0.00',
  `expenses_amount` decimal(14,2) NOT NULL DEFAULT '0.00',
  `margin_amount` decimal(14,2) NOT NULL DEFAULT '0.00',
  `margin_percent` decimal(5,2) NOT NULL DEFAULT '0.00',
  PRIMARY KEY (`id`),
  KEY `customer_id` (`customer_id`),
  KEY `create_at` (`create_at`),
  KEY `i_uid_date` (`user_id`,`project_date`) USING BTREE
) ENGINE=InnoDB DEFAULT CHARSET=utf8;

--
-- Dumping data for table `crm_project`
--

INSERT INTO `crm_project` (`id`, `user_id`, `customer_id`, `code`, `title`, `project_date`, `create_at`, `update_at`, `status`, `incomes_amount`, `expenses_amount`, `margin_amount`, `margin_percent`) VALUES (1047,1,1049,'','test project','0000-00-00 00:00:00','2017-12-26 13:24:23','2018-01-26 07:39:30',1,0.00,0.00,0.00,0.00),(1197,1177,1181,'51/16','МЛАДЕЖИ И СТУДЕНТИ ','2016-12-01 00:00:00','2018-01-02 16:29:50','2018-02-07 09:59:38',1,0.00,0.00,0.00,0.00),(1215,1177,1181,'54/16','ПОТРЕБ.КРЕДИТИ','2016-12-01 00:00:00','2018-01-02 16:51:09','2018-02-07 09:59:19',1,0.00,0.00,0.00,0.00),(1239,1177,1181,'01/17','Малки и средни предприятия','2017-02-03 00:00:00','2018-01-03 11:23:18','2018-01-26 13:23:58',1,6002.40,0.00,6002.40,100.00),(1245,1177,1181,'02/17','Годишни награди на имоти.нет','2017-02-03 00:00:00','2018-01-03 11:30:43','2018-01-26 13:23:45',1,24300.00,24000.00,300.00,1.23),(1251,1177,1181,'03/17','Computer World','2017-02-03 00:00:00','2018-01-03 11:38:04','2018-01-26 13:23:32',1,11881.67,11734.98,146.69,1.23),(1257,1177,1181,'04/17','Частно банкиране','2017-02-03 00:00:00','2018-01-03 11:41:47','2018-01-26 13:23:20',1,8443.89,8237.95,205.94,2.44),(1263,1177,1181,'05/17','Обява за търг','2017-01-01 00:00:00','2018-01-03 11:43:44','2018-01-26 12:57:27',1,308.16,199.68,108.48,35.20),(1269,1177,1181,'06/17','Обява за търг','2017-02-03 00:00:00','2018-01-03 11:45:51','2018-01-26 13:22:29',1,6886.90,6442.38,444.52,6.45),(1275,1177,1181,'07/17','Потребителски кредити, Кредитни карти и Частно банкиране','2017-02-01 00:00:00','2018-01-03 11:48:02','2018-02-07 09:42:32',1,11114.21,10843.12,271.09,2.44),(1281,1177,1181,'08/17','в-к Банкер и сп. Банкер Спешъл','2017-02-01 00:00:00','2018-01-03 11:50:39','2018-01-26 13:21:56',1,38892.14,36052.00,2840.14,7.30),(1287,1177,1181,'09/17','Младежи и студенти във в-к Стандарт','2017-02-01 00:00:00','2018-01-03 11:53:43','2018-01-26 13:21:45',1,1476.00,1440.00,36.00,2.44),(1293,1177,1181,'10/17','Частно банкиране в сп. Unique Estates','2017-02-01 00:00:00','2018-01-03 11:56:03','2018-02-26 07:43:08',1,4059.00,3960.00,99.00,2.44),(1299,1177,1181,'11/17','Обява за търг във в.  24 часа, Труд и Посоки','2017-02-01 00:00:00','2018-01-03 12:00:32','2018-01-26 13:21:20',1,1022.23,899.25,122.98,12.03),(1305,1177,1181,'12/17','Обява за търг във в 24 часа, Труд и Ало, Сливен','2017-02-01 00:00:00','2018-01-03 12:03:41','2018-01-26 13:21:05',1,1046.11,921.83,124.28,11.88),(1311,1177,1181,'13/17','Premium Essentials Guide','2017-02-01 00:00:00','2018-01-03 12:06:37','2018-03-13 10:32:41',1,9623.69,9388.97,234.72,2.44),(1317,1177,1181,'14/17','Потребителски кредити','2017-03-01 00:00:00','2018-01-03 12:08:46','2018-01-26 13:20:40',1,390999.18,94205.04,296794.14,75.91),(1323,1177,1181,'15/17','Онлайн потребителски кредити','2017-03-01 00:00:00','2018-01-03 12:11:13','2018-01-26 13:20:25',1,40000.00,12625.07,27374.93,68.44),(1329,1177,1181,'16/17','Ипотечни кредити','2017-03-01 00:00:00','2018-01-03 12:13:50','2018-01-26 13:20:13',1,390999.70,50189.00,340810.70,87.16),(1335,1177,1181,'17/17','Обява за търг във в 24 часа, Труд и Хасковска Марица','2017-03-01 00:00:00','2018-01-03 12:17:01','2018-01-26 13:20:02',1,965.74,871.94,93.80,9.71),(1341,1177,1181,'18/17','Обява за търг във в 24 часа, Труд и Стандарт','2017-03-01 00:00:00','2018-01-03 12:19:50','2018-01-26 13:19:40',1,7198.80,6669.79,529.01,7.35),(1347,1177,1181,'19/17','Нови офиси','2017-04-24 00:00:00','2018-01-03 12:21:57','2018-02-07 09:40:57',1,50960.96,49872.66,1088.30,2.14),(1353,1177,1181,'20/17','Обява за търг във в Капитал Дейли и Утро Русе','2017-04-01 00:00:00','2018-01-03 12:24:24','2018-01-26 13:18:50',1,2639.58,2181.44,458.14,17.36),(1359,1177,1181,'21/17','Обява за тър във в 24 часа, Труд - Видин и Ние Видин','2017-04-01 00:00:00','2018-01-03 12:27:01','2018-01-26 13:18:38',1,892.70,776.66,116.04,13.00),(1365,1177,1181,'22/17','Младежки и студентски кредити','2017-04-01 00:00:00','2018-01-03 12:30:03','2018-03-29 07:55:51',1,390999.95,343151.12,47848.83,12.24),(1371,1177,1181,'23/17','Обява за търг във в Капитал Дейли и Черно море','2017-04-01 00:00:00','2018-01-03 12:32:26','2018-01-26 13:18:13',1,2685.48,2176.55,508.93,18.95),(1379,1177,1181,'24/17','Обява за търг във в. Отзвук - Смолян ','2017-04-01 00:00:00','2018-01-03 13:03:22','2018-01-26 13:18:01',1,283.80,200.44,83.36,29.37),(1385,1177,1181,'25/17','Обява за търг във в.Конкурент','2017-04-01 00:00:00','2018-01-03 13:05:23','2018-01-26 13:17:45',1,349.60,296.78,52.82,15.11),(1391,1177,1181,'26/17','Потребителски кредити','2017-04-01 00:00:00','2018-01-03 13:07:08','2018-01-26 13:17:27',1,229999.64,183726.20,46273.44,20.12),(1397,1177,1181,'27/17','Ипотечни кредити','2017-05-22 00:00:00','2018-01-03 13:09:19','2018-01-26 13:17:13',1,197560.89,168442.17,29118.72,14.74),(1403,1177,1181,'28/17','Бизнес кредити','2017-05-01 00:00:00','2018-01-03 13:13:39','2018-03-13 10:33:41',1,199999.15,159876.22,40122.93,20.06),(1409,1177,1181,'29/17','Жилищни и ипотечни кредити','2017-06-01 00:00:00','2018-01-03 13:23:23','2018-01-26 13:16:48',1,385749.39,18311.55,367437.84,95.25),(1415,1177,1181,'30/17','Младежи и студенти за издание на сп. «Примиум лайфстайл» ','2017-05-01 00:00:00','2018-01-03 13:25:23','2018-01-26 13:16:36',1,3367.91,3285.79,82.12,2.44),(1421,1177,1181,'31/17','Обява за търг във в Капитал Дейли и Марица Пловдив','2017-06-01 00:00:00','2018-01-03 13:28:07','2018-01-26 13:16:25',1,2991.84,2469.21,522.63,17.47),(1427,1177,1181,'32/17','Младежи и студенти','2017-06-01 00:00:00','2018-01-03 13:29:43','2018-03-13 10:29:23',1,199950.66,40942.65,159008.01,79.52),(1433,1177,1181,'33/17','Потребителски кредити','2017-06-01 00:00:00','2018-01-03 13:31:41','2018-01-26 13:16:00',1,295666.90,60500.34,235166.56,79.54),(1439,1177,1181,'34/17','ENTERPRISE','2017-05-01 00:00:00','2018-01-03 13:33:32','2018-01-26 13:15:46',1,1476.00,1440.00,36.00,2.44),(1445,1177,1181,'35/17','Х Фактор по Нова ТВ','2017-07-30 00:00:00','2018-01-03 13:35:40','2018-04-03 10:28:57',1,177814.47,161756.05,16058.42,9.03),(1451,1177,1181,'36/17','Обява за търг във в. Капитал Дейли и Утро, гр. Русе','2017-07-01 00:00:00','2018-01-03 13:37:56','2018-01-26 13:15:17',1,2678.94,2215.12,463.82,17.31),(1457,1177,1181,'37/17','Обява за търг във в. Конкурент Враца','2017-07-01 00:00:00','2018-01-03 15:05:00','2018-01-26 13:15:04',1,349.62,305.96,43.66,12.49),(1463,1177,1181,'38/17','Обява за търг във в. Ало! Сливен','2017-07-01 00:00:00','2018-01-03 15:07:19','2018-01-26 13:14:54',1,188.28,148.55,39.73,21.10),(1469,1177,1181,'39/17','Обява за търг във в. 24 часа, Труд - Видин и Ние Видин','2017-07-01 00:00:00','2018-01-03 15:09:24','2018-01-26 13:14:39',1,892.70,0.44,892.26,99.95),(1475,1177,1181,'40/17','SEM Onboarding','2017-07-01 00:00:00','2018-01-03 15:11:04','2018-01-26 13:14:27',1,3983.48,0.00,3983.48,100.00),(1481,1177,1181,'41/17','Обява за търг във в. Отзвук Смолян','2017-07-01 00:00:00','2018-01-03 15:12:46','2018-04-16 12:37:59',1,247.80,206.64,41.16,16.61),(1487,1177,1181,'42/17','Обява за търг във в. Капитал Дейли и Марица Пловдив','2017-07-01 00:00:00','2018-01-03 15:14:44','2018-01-26 13:13:56',1,2930.60,2539.47,391.13,13.35),(1493,1177,1181,'43/17','Онлайн заявки за Потребителски кредит','2017-07-01 00:00:00','2018-01-03 15:16:24','2018-01-26 13:13:45',1,19983.22,0.00,19983.22,100.00),(1499,1177,1181,'44/17','Обява за търг във в. Капитал Дейли и Черно море','2017-09-18 00:00:00','2018-01-03 15:18:06','2018-01-26 13:13:29',1,2401.73,1971.43,430.30,17.92),(1505,1177,1181,'45/17','Потребителски кредити','2017-09-18 00:00:00','2018-01-03 15:21:45','2018-01-26 13:13:07',1,276780.22,252826.06,23954.16,8.65),(1511,1177,1181,'45А/17','Онлайн заявки за Потребителски кредит','2017-09-18 00:00:00','2018-01-03 15:23:26','2018-02-26 07:43:58',1,19800.00,0.00,19800.00,100.00),(1517,1177,1181,'46/17','Младежи и студенти','2017-09-27 00:00:00','2018-01-03 15:26:13','2018-01-26 13:12:30',1,227195.11,198451.42,28743.69,12.65),(1525,1177,1181,'47/17','Обява за търг във в. Добруджанска трибуна','2017-09-01 00:00:00','2018-01-03 15:29:14','2018-01-26 13:12:15',1,406.75,316.80,89.95,22.11),(1531,1177,1181,'48/17','Капитал – Земеделие','2017-09-01 00:00:00','2018-01-03 15:30:45','2018-01-31 09:51:44',1,2767.52,2700.00,67.52,2.44),(1537,1177,1181,'49/17','Обява за търг във в.Конкурент','2017-09-18 00:00:00','2018-01-03 15:32:33','2018-01-26 13:11:48',1,349.62,296.78,52.84,15.11),(1543,1177,1181,'50/17','Директ и Смарт','2017-11-09 00:00:00','2018-01-03 15:35:14','2018-02-26 07:46:05',1,296383.57,265331.69,31051.88,10.48),(1549,1177,1181,'51/17','ДСК Директ и Смарт','2017-10-01 00:00:00','2018-01-03 15:37:47','2018-01-26 13:11:22',1,14580.00,14400.00,180.00,1.23),(1555,1177,1181,'52/17','Обява за търг във в. Отзвук Смолян','2017-10-01 00:00:00','2018-01-03 15:39:56','2018-02-27 09:46:53',1,127.89,110.24,17.65,13.80),(1561,1177,1181,'53/17','Кредитни карти','2017-10-31 00:00:00','2018-01-03 15:42:12','2018-01-26 13:10:52',1,316253.75,284316.45,31937.30,10.10),(1567,1177,1181,'53А/17','Кредитни карти','2017-11-01 00:00:00','2018-01-03 15:43:39','2018-02-26 07:45:29',1,19800.00,0.00,19800.00,100.00),(1573,1177,1181,'54/17','Обява за търг във в. Капитал Дейли, в. Черноморски фар','2017-10-10 00:00:00','2018-01-03 15:51:53','2018-02-07 09:38:19',1,2454.65,1984.76,469.89,19.14),(1579,1177,1181,'55/17','Нов Офис Варна','2017-10-01 00:00:00','2018-01-03 15:54:15','2018-04-03 10:26:06',1,18136.15,16517.12,1619.03,8.93),(1585,1177,1181,'56/17','Справочник със Списък за растителна защита, 2018г.','2017-10-25 00:00:00','2018-01-03 15:56:06','2018-01-26 13:09:36',1,1215.00,1200.00,15.00,1.23),(1591,1177,1181,'57/17','Обява за търг във в Капитал Дейли и Утро','2017-10-24 00:00:00','2018-01-03 16:05:14','2018-02-07 09:29:44',1,2634.29,2226.92,407.37,15.46),(1597,1177,1181,'58/17','Обява за търг във в. Капитал Дейли и Марица Пловдив','2017-10-26 00:00:00','2018-01-03 16:07:05','2018-02-07 09:28:15',1,2930.60,2539.47,391.13,13.35),(1603,1177,1181,'59/17','Обява за търг във в. Ало! Сливен','2017-11-02 00:00:00','2018-01-03 16:08:46','2018-02-21 13:45:23',1,188.28,144.10,44.18,23.47),(1609,1177,1181,'60/17','Младежи и студенти – Британски музикални награди 2018','2017-11-01 00:00:00','2018-01-03 16:10:24','2018-03-29 07:56:26',1,29999.80,11661.02,18338.78,61.13),(1615,1177,1181,'61/17','Онлайн заявки за Потребителски кредит','2017-11-03 00:00:00','2018-01-03 16:11:50','2018-02-28 14:17:50',1,19999.32,0.00,19999.32,100.00),(1621,1177,1181,'62/17','сп. Наш дом – Юбилеен брой','2017-11-03 00:00:00','2018-01-03 16:13:27','2018-02-07 09:21:27',1,1635.83,1595.95,39.88,2.44),(1627,1177,1181,'63/17','Твоят бизнес','2017-11-03 00:00:00','2018-01-03 16:15:02','2018-02-07 09:20:07',1,1845.00,1800.00,45.00,2.44),(1633,1177,1181,'64/17','Обява за търг във в. Капитал Дейли и Черно море','2017-11-07 00:00:00','2018-01-03 16:16:25','2018-02-28 14:13:41',1,2400.64,2147.45,253.19,10.55),(1639,1177,1181,'65/17','в. Български фермер и в. Хоби фермер','2017-11-14 00:00:00','2018-01-03 16:20:37','2018-02-07 09:18:34',1,4780.75,4664.14,116.61,2.44),(1645,1177,1181,'66/17','Pepper','2017-11-14 00:00:00','2018-01-03 16:22:16','2018-02-26 07:44:42',1,35969.46,405.00,35564.46,98.87),(1651,1177,1181,'67/17','Обява за търг във в. Ние Видин','2017-11-21 00:00:00','2018-01-03 16:24:24','2018-02-21 13:46:27',1,291.68,241.95,49.73,17.05),(1657,1177,1181,'68/17','Обява за търг във в. Добруджанска трибуна','2017-11-30 00:00:00','2018-01-03 16:33:38','2018-03-06 10:32:46',1,370.75,316.80,53.95,14.55),(1663,1177,1181,'69/17','Обява за търг във в. Капитал Дейли','2017-12-06 00:00:00','2018-01-03 16:35:24','2018-03-15 06:49:06',1,1998.21,1100.10,898.11,44.95),(1669,1177,1181,'70/17','списание «Мениджър»','2017-12-07 00:00:00','2018-01-03 16:36:48','2018-02-07 09:11:13',1,4920.00,4800.00,120.00,2.44),(1675,1177,1181,'71/17','списание «Банкер Спешъл»','2017-12-07 00:00:00','2018-01-03 16:39:15','2018-02-07 09:09:42',1,4920.00,4800.00,120.00,2.44),(1681,1177,1181,'72/17','Потребителски кредити','2017-12-21 00:00:00','2018-01-03 16:42:46','2018-03-13 10:30:48',1,164112.02,0.00,164112.02,100.00),(1687,1177,1181,'72А/17','Онлайн заявки за Потребителски кредити','2017-12-21 00:00:00','2018-01-03 16:47:01','2018-01-26 13:02:03',1,13860.31,0.00,13860.31,100.00),(4875,1177,2523,'03/17','РП3 Техномаркет','2017-05-01 00:00:00','2018-01-16 11:12:37','2018-01-26 12:41:33',1,13352.40,13352.40,0.00,0.00),(4889,1177,2523,'04/17','РП4 ТМ-LenovoIdeaPad Техномаркет','2017-05-01 00:00:00','2018-01-16 11:23:39','2018-01-26 12:42:00',1,13274.40,0.00,13274.40,100.00),(4905,1177,2523,'05/17','РП5 Lenovo A2020 Техномаркет','2017-06-23 00:00:00','2018-01-16 11:54:27','2018-01-26 12:40:59',1,17208.27,30482.67,-13274.40,-77.14),(4919,1177,2523,'06/17','РП6 Samsung5 Техномаркет','2017-06-26 00:00:00','2018-01-16 12:53:08','2018-01-26 12:42:29',1,81070.16,81070.16,0.00,0.00),(4947,1177,2523,'07/17','РП7 Service Point Техномаркет','2017-07-27 00:00:00','2018-01-16 13:20:19','2018-01-26 12:42:55',1,6470.46,41306.35,-34835.89,-538.38),(4961,1177,2523,'08/17','РП8 Треска за техника Техномаркет','2017-09-04 00:00:00','2018-01-16 13:30:58','2018-01-26 12:43:34',1,23261.91,9280.37,13981.54,60.10),(4981,1177,2523,'09/17','РП9 Lenovo310 Техномаркет','2017-09-04 00:00:00','2018-01-16 13:41:07','2018-01-26 12:44:01',1,24165.02,9380.96,14784.06,61.18),(4999,1177,2523,'10/17','РП10 MottoE4 Техномаркет','2017-09-07 00:00:00','2018-01-16 13:55:35','2018-01-26 12:44:22',1,23254.03,16482.72,6771.31,29.12),(5017,1177,2523,'11/17','РП11 HP Техномаркет','2017-09-08 00:00:00','2018-01-16 14:23:38','2018-01-26 12:44:45',1,23286.75,23286.75,0.00,0.00),(5039,1177,2523,'12/17','РП12 Alcatel Техномаркет','2017-09-08 00:00:00','2018-01-16 17:02:28','2018-01-26 12:45:08',1,23518.93,23518.93,0.00,0.00),(5059,1177,2523,'13/17','РП13 Samsung Техномаркет','2017-09-28 00:00:00','2018-01-16 17:08:32','2018-01-26 12:45:36',1,86533.15,116152.44,-29619.29,-34.23),(5085,1177,2523,'14/17','РП14 Whirlpool Техномаркет','2017-09-26 00:00:00','2018-01-17 11:11:03','2018-01-26 12:46:07',1,64743.51,35124.22,29619.29,45.75),(5107,1177,2523,'15/17','РП15 Треска за техника Техномаркет','2017-10-06 00:00:00','2018-01-17 15:31:51','2018-01-26 12:46:36',1,22888.23,22888.23,0.00,0.00),(5129,1177,2523,'16/17','РП16 Whirlpool,Samsung Техномаркет','2017-10-27 00:00:00','2018-01-17 15:50:16','2018-01-26 12:47:27',1,52239.85,73368.79,-21128.94,-40.45),(5165,1177,2523,'17/17','РП17 Philips_SDA Техномаркет','2017-01-27 00:00:00','2018-01-18 10:00:26','2018-01-26 12:47:05',1,69577.85,121563.56,-51985.71,-74.72),(5193,1177,2523,'18/17','РП18 20% off Техномаркет','2017-10-27 00:00:00','2018-01-18 10:24:12','2018-01-26 12:47:57',1,10532.10,10535.25,-3.15,-0.03),(5203,1177,2523,'19/17','РП19 Nokia 3 Техномаркет','2017-11-10 00:00:00','2018-01-18 10:30:57','2018-01-26 12:48:24',1,35015.58,35015.58,0.00,0.00),(5221,1177,2523,'20/17','РП20 Hotpoint Техномаркет','2017-11-10 00:00:00','2018-01-18 10:50:30','2018-01-26 12:48:51',1,52500.09,52500.10,-0.01,0.00),(5251,1177,2523,'21/17','РП21 Philips IPL Техномаркет','2017-11-10 00:00:00','2018-01-18 11:27:25','2018-01-26 12:49:20',1,73117.79,0.00,73117.79,100.00),(5261,1177,2523,'22/17','РП22 Tefal Техномаркет','2017-11-10 00:00:00','2018-01-18 11:51:25','2018-01-26 12:49:50',1,32693.36,32693.36,0.00,0.00),(5281,1177,2523,'23/17','РП23 30% off Техномаркет','2017-11-10 00:00:00','2018-01-18 11:58:52','2018-01-26 12:50:11',1,20884.71,20884.71,0.00,0.00),(5289,1177,2523,'24/17','РП24 Huawei Техномаркет','2017-11-16 00:00:00','2018-01-18 14:47:10','2018-01-26 12:50:37',1,69708.18,69708.18,0.00,0.00),(5311,1177,2523,'25/17','РП25 Black out Техномаркет','2017-11-16 00:00:00','2018-01-19 09:47:15','2018-01-26 12:50:57',1,58092.23,58092.23,0.00,0.00),(5333,1177,2523,'26/17','РП26 Philips TV Техномаркет','2017-11-24 00:00:00','2018-01-19 09:58:11','2018-01-26 12:51:23',1,34636.47,34636.47,0.00,0.00),(5355,1177,2523,'27/17','РП27 Acer Техномаркет','2017-11-24 00:00:00','2018-01-19 10:15:07','2018-01-26 12:51:42',1,44046.19,44046.18,0.01,0.00),(5375,1177,2523,'28/17','РП28 HP Техномаркет','2017-12-01 00:00:00','2018-01-19 12:50:16','2018-01-26 12:52:03',1,47816.60,47816.60,0.00,0.00),(5393,1177,2523,'29/17','РП29 Samsung_December Техномаркет','2017-12-07 00:00:00','2018-01-19 12:57:25','2018-01-26 12:52:30',1,92867.32,92868.04,-0.72,0.00),(5413,1177,2523,'30/17','РП30 Lenovo Техномаркет','2017-12-11 00:00:00','2018-01-19 13:07:14','2018-01-26 12:52:59',1,35373.40,35373.40,0.00,0.00),(5433,1177,2523,'31/17','РП31 Rowenta Техномаркет','2017-12-11 00:00:00','2018-01-19 13:16:13','2018-01-26 12:53:21',1,33536.32,33536.32,0.00,0.00),(5453,1177,2523,'32/17','РП32 Philips_December Техномаркет','2017-12-13 00:00:00','2018-01-19 13:25:12','2018-01-26 12:53:40',1,67459.05,67459.05,0.00,0.00),(5477,1177,2523,'33/17','РП33 Koleda Техномаркет','2017-12-20 00:00:00','2018-01-19 13:50:17','2018-02-01 06:15:15',1,46422.11,46422.11,0.00,0.00),(5883,1177,1181,'73/17','Онлайн заявки за Кредитни карти ','2017-12-29 00:00:00','2018-01-29 11:34:12','2018-02-28 12:39:25',1,9545.46,0.00,9545.46,100.00),(5889,1177,1181,'01/18','DSK OOH 2018 ','2018-01-17 00:00:00','2018-01-30 15:32:19','2018-04-16 09:13:15',1,136811.96,195412.24,-58600.28,-42.83),(5895,1177,1181,'02/18','Обява за търг гр. Ловеч ','2018-01-17 00:00:00','2018-01-30 15:41:21','2018-02-21 13:51:15',1,252.51,167.49,85.02,33.67),(5901,1177,1181,'03/18','Обява за търг гр. София','2018-01-17 00:00:00','2018-01-30 15:47:51','2018-03-27 10:51:39',1,2122.94,1562.77,560.17,26.39),(5907,1177,1181,'04/18','Годишни награди имоти.нет 2018','2018-01-26 00:00:00','2018-01-30 15:58:52','2018-02-26 12:04:37',1,24300.00,24000.00,300.00,1.23),(5913,1177,1181,'05/18','Световно първенство по футбол 2018','2018-01-23 00:00:00','2018-01-30 16:00:38','2018-02-21 12:52:04',1,202961.87,70409.88,132551.99,65.31),(6053,1177,6051,'01/18','OTP Factoring ','2018-01-15 00:00:00','2018-02-07 12:53:30','2018-02-27 09:48:15',1,6529.50,5922.00,607.50,9.30),(6079,1177,2523,'01/18','РП1 Whirlpool Техномаркет ','2018-02-06 00:00:00','2018-02-12 11:26:27','2018-04-16 11:53:38',1,0.00,47576.41,-47576.41,0.00),(6085,1177,2523,'02/18','РП2 Nokia 6 Техномаркет','2018-02-08 00:00:00','2018-02-12 11:29:40','2018-03-06 10:31:10',1,0.00,33996.97,-33996.97,0.00),(6091,1177,2523,'03/18','РП3 Huawei Техномаркет ','2018-02-12 00:00:00','2018-02-12 11:34:22','2018-03-23 11:30:44',1,0.00,50738.92,-50738.92,0.00),(6097,1177,1181,'06/18','Потребителски кредити ','2018-02-06 00:00:00','2018-02-12 15:48:46','2018-03-07 09:48:29',1,277265.02,250377.87,26887.15,9.70),(6103,1177,1181,'06А/18','Онлайн заявки за потребителски кредити ','2018-02-01 00:00:00','2018-02-12 15:52:31','2018-02-21 13:30:45',1,18427.50,0.00,18427.50,100.00),(6117,1177,1181,'07/18','Онлайн заявки за Кредитни карти ','2018-02-01 00:00:00','2018-02-13 17:15:55','2018-02-21 13:32:50',1,14318.19,0.00,14318.19,100.00),(6267,1177,1181,'08/18','в-к «Банкер» и сп. «Банкер Спешъл»','2018-02-12 00:00:00','2018-02-22 10:17:56','2018-03-08 07:21:37',1,45595.31,45032.40,562.91,1.23),(6273,1177,1181,'09/18','сп. «Примиум лайфстайл» и premium.bg','2018-02-12 00:00:00','2018-02-22 10:20:31','2018-03-09 08:05:32',1,29704.18,29337.45,366.73,1.23),(6279,1177,1181,'10/18','сп. «Unique Estates»','2018-02-12 00:00:00','2018-02-22 10:22:19','2018-03-14 06:50:37',1,4009.50,3960.00,49.50,1.23),(6289,1177,2523,'04/18','РП 4 Philips Техномаркет ','2018-02-23 00:00:00','2018-02-23 10:56:59','2018-04-03 10:38:17',1,0.00,47363.61,-47363.61,0.00),(6511,1177,2523,'05/18','РП 5 Rowenta Техномаркет ','2018-03-01 00:00:00','2018-02-28 17:30:00','2018-04-03 10:35:52',1,0.00,40490.36,-40490.36,0.00),(6615,1177,1181,'11/18','Ипотечни кредити ','2018-02-28 00:00:00','2018-03-12 16:39:27','2018-03-26 10:16:41',1,386167.27,321600.31,64566.96,16.72),(6621,1177,1181,'12/18','сп. Inteli AgroBook','2018-03-20 00:00:00','2018-03-12 16:43:02','2018-03-23 10:45:34',1,3645.00,3600.00,45.00,1.23),(6627,1177,1181,'13/18','Bgmaps.com','2018-02-26 00:00:00','2018-03-12 16:44:48','2018-03-20 09:20:43',1,12367.97,0.00,12367.97,100.00),(6633,1177,1181,'14/18','\"Като 2 капки вода по Нова ТВ\" ','2018-03-02 00:00:00','2018-03-12 16:46:25','2018-04-16 12:23:14',1,243630.84,0.00,243630.84,100.00),(6665,1177,2523,'6/18','РП 6 Lenovo 320 Техномаркет ','2018-03-08 00:00:00','2018-03-16 16:55:45','2018-03-27 10:41:41',1,0.00,18872.06,-18872.06,0.00),(6671,1177,2523,'7/18','РП 7 HP Техномаркет ','2018-03-16 00:00:00','2018-03-16 16:58:26','2018-03-23 11:28:23',1,0.00,17118.82,-17118.82,0.00),(6677,1177,2523,'8/18','РП 8 Sony Техномаркет ','2018-03-16 00:00:00','2018-03-16 17:23:22','2018-03-23 11:24:20',1,0.00,19609.00,-19609.00,0.00),(6683,1177,2523,'9/18','РП 9 Alcatel Техномаркет','2018-03-16 00:00:00','2018-03-16 17:25:58','2018-03-23 11:24:27',1,0.00,14116.78,-14116.78,0.00),(6867,1177,1181,'15/18','Пакет за Младежи и студенти','2018-03-27 00:00:00','2018-03-27 13:44:59','2018-04-16 09:18:39',1,386064.80,0.00,386064.80,100.00),(6869,1177,1181,'16/18','ICAP България, сп. „България в цифри“','2018-03-27 00:00:00','2018-03-27 13:45:19','2018-03-29 08:27:13',1,1663.44,1642.90,20.54,1.23),(6897,1177,2523,'11/18','РП 11 SAMSUNG J320 ТЕХНОМАРКЕТ','2018-03-28 00:00:00','2018-03-28 11:03:04','2018-03-29 08:33:05',1,0.00,26477.81,-26477.81,0.00),(6915,1177,2523,'10/18','РП 10 Increase in sales ТЕХНОМАРКЕТ','2018-03-29 00:00:00','2018-03-29 11:29:19','2018-03-29 08:31:17',1,0.00,0.00,0.00,0.00),(6981,1177,1181,'17/18','Онлайн заявки за кредитни карти','2018-01-17 00:00:00','2018-04-16 12:31:41','2018-04-16 09:45:19',1,14318.19,0.00,14318.19,100.00),(6983,1177,1181,'18/18','Онлайн заявки за Потребителски кредити','2018-01-17 00:00:00','2018-04-16 12:33:26','2018-04-16 09:48:43',1,14318.19,0.00,14318.19,100.00),(6985,1177,1181,'19/18','Обява за търг във в. Добруджанска трибуна','2018-04-16 00:00:00','2018-04-16 12:36:55','2018-04-16 12:32:12',1,370.75,0.00,370.75,100.00),(6987,1177,1181,'20/28','Обява за търг във в. Стандарт','2018-04-16 00:00:00','2018-04-16 12:37:10','2018-04-16 12:36:25',1,1971.74,0.00,1971.74,100.00),(6989,1177,1181,'21/18','21/18','2018-04-16 00:00:00','2018-04-16 12:37:26','2018-04-16 09:44:25',1,0.00,0.00,0.00,0.00),(6991,1177,1181,'22/18','Обява за търг във в.Конкурент','2018-01-17 00:00:00','2018-04-16 12:37:41','2018-04-16 12:24:09',1,349.62,0.00,349.62,100.00),(6993,1177,1181,'23/18','Обява за търг във в. Ловеч Прес','2018-01-17 00:00:00','2018-04-16 12:39:47','2018-04-16 12:24:47',1,218.62,0.00,218.62,100.00),(6995,1177,1181,'24/18','Обява за търг във в. Ало! Сливен','2018-01-17 00:00:00','2018-04-16 12:40:24','2018-04-16 12:25:30',1,188.26,0.00,188.26,100.00),(6997,1177,1181,'25/18','25/18','2018-01-17 00:00:00','2018-04-16 12:40:53','2018-04-16 09:47:52',1,0.00,0.00,0.00,0.00),(7055,1177,1181,'26/18','Обява за търг във в. Ние Видин','2018-01-17 00:00:00','2018-04-16 12:59:11','2018-04-16 12:26:13',1,291.68,0.00,291.68,100.00);

--
-- Table structure for table `crm_subcontractor`
--

CREATE TABLE `crm_subcontractor` (
  `id` bigint(20) unsigned NOT NULL DEFAULT '0',
  `user_id` bigint(20) unsigned NOT NULL DEFAULT '0',
  `title` varchar(255) NOT NULL DEFAULT '',
  `description` text,
  `contact_name` varchar(120) NOT NULL DEFAULT '',
  `contact_phone` varchar(32) NOT NULL DEFAULT '',
  `contact_fax` varchar(32) NOT NULL DEFAULT '',
  `contact_email` varchar(255) NOT NULL DEFAULT '',
  `postal_code` varchar(10) NOT NULL DEFAULT '',
  `city` varchar(255) NOT NULL DEFAULT '',
  `address` varchar(255) NOT NULL DEFAULT '',
  `create_at` datetime NOT NULL,
  `update_at` timestamp NOT NULL DEFAULT CURRENT_TIMESTAMP,
  `status` int(11) NOT NULL DEFAULT '0',
  PRIMARY KEY (`id`),
  KEY `user_id` (`user_id`),
  KEY `create_at` (`create_at`)
) ENGINE=InnoDB DEFAULT CHARSET=utf8;

--
-- Dumping data for table `crm_subcontractor`
--

INSERT INTO `crm_subcontractor` (`id`, `user_id`, `title`, `description`, `contact_name`, `contact_phone`, `contact_fax`, `contact_email`, `postal_code`, `city`, `address`, `create_at`, `update_at`, `status`) VALUES (1043,1,'test subcontractor','','','','','','','','','2017-12-26 12:57:28','2017-12-26 09:57:28',1),(1185,1177,'АРГЕНТ','','','','','','','','','2018-01-01 15:18:32','2018-01-11 13:21:03',1),(2533,1177,'Дир.бг','','','','','','','','','2018-01-05 16:06:59','2018-01-05 13:26:51',1),(2537,1177,'Инвестор','','','','','','','','','2018-01-05 16:07:56','2018-01-05 13:26:31',1),(2561,1177,'Нобъл','','','','','','','','','2018-01-05 16:16:24','2018-01-05 13:26:04',1),(2567,1177,'бТВ','','','','','','','','','2018-01-05 16:27:07','2018-01-05 14:33:07',1),(2569,1177,'Нова ТВ','','','','','','','','','2018-01-05 16:27:30','2018-01-05 14:33:30',1),(2571,1177,'ГЕМИУС','','','','','','','','','2018-01-05 16:27:59','2018-01-12 07:47:24',1),(2573,1177,'МОЛ АДВЪРТАЙЗИНГ','','','','','','','','','2018-01-05 16:28:56','2018-01-15 07:34:52',1),(2575,1177,'АВВ','','','','','','','','','2018-01-05 16:29:13','2018-01-05 14:35:13',1),(2577,1177,'ВАРНА БИЛБОРДС','','','','','','','','','2018-01-05 16:29:44','2018-01-12 07:56:34',1),(2579,1177,'Банкер','','','','','','','','','2018-01-05 16:30:02','2018-01-05 14:36:02',1),(2581,1177,'Премиум Лайфстайл','','','','','','','','','2018-01-05 16:30:28','2018-01-05 14:36:29',1),(2583,1177,'СПОРТАЛ','','','','','','','','','2018-01-05 16:30:48','2018-01-12 08:08:11',1),(2585,1177,'МЕЙЛ.БГ','','','','','','','','','2018-01-05 16:31:25','2018-01-15 09:07:48',1),(2587,1177,'Ай Си Ти','','','','','','','','','2018-01-05 16:32:10','2018-01-05 14:38:10',1),(2589,1177,'Юник Естейтс','','','','','','','','','2018-01-05 16:32:39','2018-01-05 14:38:40',1),(2591,1177,'КРИМТАН','','','','','','','','','2018-01-05 16:33:23','2018-01-11 12:10:18',1),(2593,1177,'УЕБ КАФЕ','','','','','','','','','2018-01-05 16:33:38','2018-01-12 08:15:29',1),(2595,1177,'Уеб Медиа Груп','','','','','','','','','2018-01-05 16:34:43','2018-01-05 14:40:43',1),(2597,1177,'Уебграунд','','','','','','','','','2018-01-05 16:35:17','2018-01-05 14:41:18',1),(2599,1177,'Спотлайт','','','','','','','','','2018-01-05 16:35:50','2018-01-05 14:41:51',1),(2601,1177,'СИНЕМА СИТИ','','','','','','','','','2018-01-05 16:36:15','2018-01-12 07:36:32',1),(2603,1177,'Александра груп','','','','','','','','','2018-01-05 16:37:21','2018-01-05 14:43:22',1),(2605,1177,'ОЛХ','','','','','','','','','2018-01-05 16:38:09','2018-01-05 14:44:09',1),(2607,1177,'ИКОНОМЕДИЯ','','','','','','','','','2018-01-05 16:38:34','2018-01-12 11:25:10',1),(2609,1177,'джобс.бг','','','','','','','','','2018-01-05 16:39:07','2018-01-05 14:45:08',1),(2611,1177,'Ентърпрайс (сп)','','','','','','','','','2018-01-05 16:44:45','2018-01-05 14:50:45',1),(2613,1177,'Справочник некъв','','','','','','','','','2018-01-05 16:45:21','2018-01-05 14:51:22',1),(2615,1177,'Наш дом','','','','','','','','','2018-01-05 16:45:48','2018-01-05 14:51:48',1),(2617,1177,'Твоят бизнес','','','','','','','','','2018-01-05 16:46:02','2018-01-05 14:52:03',1),(2619,1177,'Медийна група Б-я (24 часа)','','','','','','','','','2018-01-05 16:46:42','2018-01-05 14:52:42',1),(2621,1177,'Мениджър (МИТ прес)','','','','','','','','','2018-01-05 16:47:08','2018-01-05 14:53:09',1),(2623,1177,'Б.Н.К.','','','','','','','','','2018-01-05 16:54:38','2018-01-11 12:09:27',1),(2665,1177,'ХЕРМЕС МЕДИА','','','','','','','','','2018-01-08 10:46:17','2018-01-09 14:05:25',1),(2687,1177,'КРИЕЙТИВ СОЛЮШЪНС','','','','','','','','','2018-01-08 11:14:48','2018-01-10 13:11:15',1),(2709,1177,'СТАНДАРТ НЮЗ АД','','','','','','','','','2018-01-08 11:41:18','2018-01-08 09:47:21',1),(2763,1177,'АП Ритейл','','','','','','','','','2018-01-08 13:14:46','2018-01-08 11:20:49',1),(2845,1177,'ВсичкиОферти БГ','','','','','','','','','2018-01-08 14:43:40','2018-01-08 12:49:43',1),(2897,1177,'ИНВЕСТОР','','','','','','','','','2018-01-08 16:27:14','2018-01-31 09:42:53',1),(2953,1177,'КИНО АРЕНА ВТ','','','','','','','','','2018-01-08 16:52:06','2018-01-08 14:58:09',1),(3011,1177,'Дот Колор','','','','','','','','','2018-01-09 11:08:49','2018-01-09 09:14:53',1),(3021,1177,'Инджи 95','','','','','','','','','2018-01-09 11:12:22','2018-01-09 09:18:25',1),(3031,1177,'ЕЦЕ ПРОЕКТМЕНИДЖМЪНТ','','','','','','','','','2018-01-09 11:17:57','2018-01-09 14:05:35',1),(3143,1177,'ЕКЗИТ МЕДИА','','','','','','','','','2018-01-09 14:21:53','2018-01-09 12:27:57',1),(3165,1177,'ХАЙ ЕНД ПЪБЛИШИНГ','','','','','','','','','2018-01-09 14:32:03','2018-01-09 12:38:07',1),(3191,1177,'Медиа Днес','','','','','','','','','2018-01-09 14:40:13','2018-01-09 12:46:17',1),(3201,1177,'ОФФ МЕДИЯ','','','','','','','','','2018-01-09 14:43:23','2018-01-09 12:49:27',1),(3219,1177,'Стилист Капанов','','','','','','','','','2018-01-09 14:49:55','2018-01-09 12:55:59',1),(3811,1177,'КАКАФОНИЯ СОФИЯ','','','','','','','','','2018-01-11 14:40:30','2018-01-11 12:46:36',1),(3925,1177,'Майстер Плюс','','','','','','','','','2018-01-11 15:21:35','2018-01-11 13:27:41',1),(3969,1177,'ЕН ДИ ИНТЕРНЕШЪНЪЛ СЪРВИСИЗ','','','','','','','','','2018-01-11 15:37:06','2018-01-11 13:43:11',1),(4107,1177,'Ауто Прес','','','','','','','','','2018-01-12 09:59:01','2018-01-12 08:05:08',1),(4189,1177,'ДИР КОМЮНИКЕЙШЪНС','','','','','','','','','2018-01-12 10:42:43','2018-01-12 08:48:50',1),(4247,1177,'Вестникарска Група България','','','','','','','','','2018-01-12 11:12:13','2018-01-12 09:18:19',1),(4367,1177,'НЕТ ФМ','','','','','','','','','2018-01-12 12:57:27','2018-01-12 11:03:34',1),(4377,1177,'СОФИЯ САУТ РИНГ МОЛ','','','','','','','','','2018-01-12 12:59:37','2018-01-12 11:05:44',1),(4557,1177,'НОВИНИТЕ ЕАД','','','','','','','','','2018-01-15 10:36:54','2018-01-15 08:43:03',1),(4629,1177,'ВИДЕНОВ - ЕООД','','','','','','','','','2018-01-15 11:27:01','2018-01-15 09:33:10',1),(4747,1177,'РИС  ООД','','','','','','','','','2018-01-15 12:14:58','2018-01-15 09:15:14',1),(4757,1177,'БИЗНЕС ПРЕСС','','','','','','','','','2018-01-15 12:17:33','2018-01-15 10:23:42',1),(4829,1177,'МИТ ПРЕС','','','','','','','','','2018-01-15 15:37:20','2018-01-15 13:43:29',1),(4847,1177,'БАНКЕР БГ','','','','','','','','','2018-01-15 15:44:21','2018-01-15 13:50:30',1),(4873,1177,'НОВА БРОУДКАСТИНГ','','','','','','','','','2018-01-16 11:09:45','2018-01-22 14:02:41',1),(5987,1177,'Гугъл','','','','','','','','','2018-02-07 10:54:48','2018-02-07 09:01:18',1),(6339,1177,'СЕЙЛС ХАУС','','','','','','','','','2018-02-26 10:09:51','2018-02-26 08:16:32',1),(6737,1177,'ИнтелиАгро','','','','','','','','','2018-03-23 13:36:00','2018-03-23 11:42:50',1),(6887,1177,'Икап','','','','','','','','','2018-03-27 14:06:30','2018-03-27 11:13:21',1);

--
-- Table structure for table `file_to_content`
--

CREATE TABLE `file_to_content` (
  `file_id` bigint(20) unsigned DEFAULT '0',
  `content_id` bigint(20) unsigned DEFAULT '0',
  `order_index` int(11) DEFAULT '0',
  KEY `i_file_id` (`file_id`),
  KEY `i_content_id` (`content_id`)
) ENGINE=MyISAM DEFAULT CHARSET=utf8;

--
-- Dumping data for table `file_to_content`
--


--
-- Table structure for table `files_category`
--

CREATE TABLE `files_category` (
  `id` bigint(20) unsigned NOT NULL,
  `pid` bigint(20) unsigned NOT NULL DEFAULT '0',
  `name` varchar(255) NOT NULL DEFAULT '',
  PRIMARY KEY (`id`)
) ENGINE=MyISAM DEFAULT CHARSET=utf8;

--
-- Dumping data for table `files_category`
--


--
-- Table structure for table `files_data`
--

CREATE TABLE `files_data` (
  `id` bigint(20) unsigned NOT NULL,
  `pid` bigint(20) unsigned NOT NULL DEFAULT '0',
  `name` varchar(255) NOT NULL DEFAULT '',
  `ext` varchar(10) NOT NULL DEFAULT '',
  `create_at` timestamp NOT NULL DEFAULT CURRENT_TIMESTAMP ON UPDATE CURRENT_TIMESTAMP,
  `revision` tinyint(1) NOT NULL DEFAULT '0',
  PRIMARY KEY (`id`),
  KEY `i_pid` (`pid`)
) ENGINE=MyISAM DEFAULT CHARSET=utf8;

--
-- Dumping data for table `files_data`
--


--
-- Table structure for table `media_files`
--

CREATE TABLE `media_files` (
  `id` int(11) unsigned NOT NULL,
  `pid` int(11) unsigned NOT NULL DEFAULT '0',
  `name` varchar(255) NOT NULL DEFAULT '',
  `description` text NOT NULL,
  `filename` varchar(128) NOT NULL DEFAULT '',
  `filesize` bigint(18) NOT NULL DEFAULT '0',
  `original_url` varchar(100) DEFAULT '',
  `image_url` varchar(100) NOT NULL DEFAULT '',
  `thumb_url` varchar(100) NOT NULL DEFAULT '',
  `preview_url` varchar(100) NOT NULL DEFAULT '',
  `type` tinyint(1) NOT NULL DEFAULT '0',
  `big_text` text NOT NULL,
  `my_order` int(11) DEFAULT '0',
  `is_default` int(11) DEFAULT '0',
  `author` varchar(64) NOT NULL DEFAULT '',
  `copyright` varchar(64) NOT NULL DEFAULT '',
  `create_at` datetime DEFAULT '0000-00-00 00:00:00',
  PRIMARY KEY (`id`),
  KEY `i_pid` (`pid`)
) ENGINE=MyISAM DEFAULT CHARSET=utf8;

--
-- Dumping data for table `media_files`
--


--
-- Table structure for table `message_queue`
--

CREATE TABLE `message_queue` (
  `id` bigint(20) unsigned NOT NULL AUTO_INCREMENT,
  `queue_name` varchar(16) NOT NULL DEFAULT 'main',
  `queue_data` mediumtext NOT NULL,
  `status` tinyint(3) unsigned NOT NULL DEFAULT '0',
  `dt` datetime NOT NULL DEFAULT '0000-00-00 00:00:00',
  PRIMARY KEY (`id`),
  KEY `i_qn_st` (`queue_name`,`status`),
  KEY `i_status` (`status`)
) ENGINE=InnoDB AUTO_INCREMENT=1053 DEFAULT CHARSET=utf8;

--
-- Dumping data for table `message_queue`
--


--
-- Table structure for table `sec_group_permiss`
--

CREATE TABLE `sec_group_permiss` (
  `cid` bigint(20) unsigned NOT NULL DEFAULT '0',
  `gid` bigint(20) unsigned NOT NULL DEFAULT '0',
  `for_admin` tinyint(2) NOT NULL DEFAULT '0',
  `permiss` varchar(5) NOT NULL DEFAULT '',
  KEY `i_gid` (`gid`)
) ENGINE=MyISAM DEFAULT CHARSET=utf8;

--
-- Dumping data for table `sec_group_permiss`
--

INSERT INTO `sec_group_permiss` (`cid`, `gid`, `for_admin`, `permiss`) VALUES (1055,1,0,'1'),(1053,1,0,'1'),(1051,1,0,'1'),(1009,1,0,'1'),(1007,1,0,'1'),(1005,1,0,'1'),(1003,1,0,'1'),(1057,1,0,'1'),(1003,1179,0,'1'),(1005,1179,0,'1'),(1007,1179,0,'1'),(1009,1179,0,'1'),(1051,1179,0,'1'),(1053,1179,0,'1'),(1055,1179,0,'1'),(1057,1179,0,'1');

--
-- Table structure for table `sec_groups`
--

CREATE TABLE `sec_groups` (
  `id` bigint(20) unsigned NOT NULL,
  `pid` bigint(20) unsigned NOT NULL DEFAULT '0',
  `name` varchar(100) NOT NULL DEFAULT '',
  `is_deletable` smallint(2) NOT NULL DEFAULT '1',
  `blocked` tinyint(1) NOT NULL DEFAULT '0',
  `comment` varchar(255) NOT NULL DEFAULT '',
  PRIMARY KEY (`id`)
) ENGINE=MyISAM DEFAULT CHARSET=utf8;

--
-- Dumping data for table `sec_groups`
--

INSERT INTO `sec_groups` (`id`, `pid`, `name`, `is_deletable`, `blocked`, `comment`) VALUES (4,0,'root',0,0,'супервизор'),(1,6,'usual user',1,0,'обыкновенный'),(6,5,'content',1,0,'контент-манагер'),(5,4,'admin',1,0,'admin'),(1179,6,'sub-user',1,0,'sub-user for user to own one account');

--
-- Table structure for table `sec_groups_user`
--

CREATE TABLE `sec_groups_user` (
  `uid` bigint(20) unsigned NOT NULL DEFAULT '0',
  `gid` bigint(20) unsigned NOT NULL DEFAULT '0',
  KEY `i_uid` (`uid`)
) ENGINE=MyISAM DEFAULT CHARSET=utf8;

--
-- Dumping data for table `sec_groups_user`
--

INSERT INTO `sec_groups_user` (`uid`, `gid`) VALUES (1,5),(1,6),(1,1);

--
-- Table structure for table `sequence`
--

CREATE TABLE `sequence` (
  `name` varchar(16) NOT NULL,
  `current_value` bigint(11) unsigned NOT NULL DEFAULT '1',
  `increment` int(11) NOT NULL DEFAULT '1'
) ENGINE=MyISAM DEFAULT CHARSET=utf8;

--
-- Dumping data for table `sequence`
--

INSERT INTO `sequence` (`name`, `current_value`, `increment`) VALUES ('default',7211,2);

--
-- Table structure for table `tags`
--

CREATE TABLE `tags` (
  `id` bigint(20) unsigned NOT NULL,
  `tag_hash` char(32) NOT NULL DEFAULT '',
  `name` varchar(100) NOT NULL DEFAULT '',
  PRIMARY KEY (`id`),
  UNIQUE KEY `i_hash` (`tag_hash`)
) ENGINE=MyISAM DEFAULT CHARSET=utf8;

--
-- Dumping data for table `tags`
--


--
-- Table structure for table `users_ext`
--

CREATE TABLE `users_ext` (
  `uid` bigint(20) unsigned NOT NULL DEFAULT '0',
  `first_name` varchar(100) NOT NULL DEFAULT '',
  `last_name` varchar(100) NOT NULL DEFAULT '',
  `phone` varchar(100) NOT NULL DEFAULT '',
  `org` varchar(100) NOT NULL DEFAULT '',
  `address` varchar(100) NOT NULL DEFAULT '',
  `city` varchar(100) NOT NULL DEFAULT '',
  `is_physic` tinyint(3) unsigned NOT NULL DEFAULT '0',
  PRIMARY KEY (`uid`)
) ENGINE=MyISAM DEFAULT CHARSET=utf8;

--
-- Dumping data for table `users_ext`
--


--
-- Table structure for table `users_online`
--

CREATE TABLE `users_online` (
  `uid` bigint(20) unsigned NOT NULL DEFAULT '0',
  `start_time` int(11) unsigned NOT NULL DEFAULT '0',
  PRIMARY KEY (`uid`),
  KEY `i_time` (`start_time`)
) ENGINE=MyISAM DEFAULT CHARSET=utf8;

--
-- Dumping data for table `users_online`
--

INSERT INTO `users_online` (`uid`, `start_time`) VALUES (1,1514902592),(1177,1523887400);

--
-- Dumping routines for database 'espresso_crm'
--
/*!50003 DROP FUNCTION IF EXISTS `currval` */;
DELIMITER ;;
CREATE DEFINER=`breeze`@`10.0.20.%` FUNCTION `currval`(`seq_name` VARCHAR(16)) RETURNS bigint(20)
    READS SQL DATA
    SQL SECURITY INVOKER
BEGIN
		DECLARE value INTEGER;
		SET value = 0;
		SELECT current_value INTO value
		FROM sequence
		WHERE name = seq_name;
		RETURN value;
	END ;;
DELIMITER ;
/*!50003 DROP FUNCTION IF EXISTS `nextval` */;
DELIMITER ;;
CREATE DEFINER=`breeze`@`10.0.20.%` FUNCTION `nextval`(`seq_name` VARCHAR(16)) RETURNS bigint(20)
    READS SQL DATA
    SQL SECURITY INVOKER
BEGIN
		UPDATE sequence
		SET current_value = current_value + increment
		WHERE name = seq_name;
		RETURN currval(seq_name);
	END ;;
DELIMITER ;
/*!50003 DROP FUNCTION IF EXISTS `setval` */;
DELIMITER ;;
CREATE DEFINER=`breeze`@`10.0.20.%` FUNCTION `setval`(`seq_name` VARCHAR(16), `value` INT) RETURNS bigint(20)
    READS SQL DATA
    SQL SECURITY INVOKER
BEGIN
		UPDATE sequence
		SET current_value = value
		WHERE name = seq_name;
		RETURN currval(seq_name);
	END ;;
DELIMITER ;


